Northwest Meridian, Idaho

43° 38.92' N | 116° 25.01' W | 2569 feet | Show on map

Climate Summary for March 2018

Last Updated 04/07/2018

Station:LaCrosse WS-2316
Software:WeeWX
Weewx uptime:NA
Server uptime:NA

                   MONTHLY CLIMATOLOGICAL SUMMARY FOR Mar 2018


NAME: Northwest Meridian, Idaho                  
ELEV: 2569 feet    LAT: 43-38.92 N    LONG: 116-25.01 W


                   TEMPERATURE (°F), RAIN (in), WIND SPEED (mph)

                                         HEAT   COOL         AVG
      MEAN                               DEG    DEG          WIND                   DOM
DAY   TEMP   HIGH   TIME    LOW   TIME   DAYS   DAYS   RAIN  SPEED   HIGH   TIME    DIR
---------------------------------------------------------------------------------------
 01   40.9   51.1  16:00   44.2  23:45   24.1    0.0   0.06    7.9   22.8  22:19    133
 02   41.3   47.3  15:14   32.2  23:56   23.7    0.0   0.00    4.0   21.3  01:26    166
 03   34.4   45.0  13:09   27.1  23:57   30.6    0.0   0.00    1.2   12.8  16:19     37
 04   32.5   43.7  16:20   22.3  05:10   32.5    0.0   0.02    1.4   13.9  14:16    352
 05   36.4   49.1  16:22   26.2  07:20   28.6    0.0   0.00    0.8   10.7  12:20    329
 06   37.7   54.9  15:44   22.8  07:20   27.3    0.0   0.00    2.3   15.9  14:29    131
 07   40.1   58.6  15:47   25.3  07:40   24.9    0.0   0.00    2.5   12.8  22:21    140
 08   46.2   60.6  15:43   35.4  02:48   18.8    0.0   0.00    1.2   15.0  12:37    112
 09   47.9   58.8  15:00   38.8  23:59   17.1    0.0   0.00    0.9    9.6  15:21    125
 10   44.0   61.9  15:16   28.6  07:20   21.0    0.0   0.00    1.2   12.1  15:50    136
 11   49.7   61.9  15:48   41.4  03:23   15.3    0.0   0.00    0.5    9.4  15:51    126
 12   48.2   64.9  17:02   31.8  08:13   16.8    0.0   0.00    1.4   10.5  17:51    133
 13   53.8   69.6  16:15   39.2  08:18   11.2    0.0   0.00    6.1   21.7  14:54    140
 14   48.6   55.0  00:10   -3.3  17:05   16.4    0.0   0.43    2.4   31.7  17:05    114
 15   44.4   53.8  16:58   39.0  02:30   20.6    0.0   0.00    1.6    9.2  16:37    293
 16   44.0   52.0  15:12   38.5  00:25   21.0    0.0   0.00    4.2   16.6  15:16    133
 17   40.8   49.8  17:00   36.3  08:43   24.2    0.0   0.08    1.5   10.5  17:02    159
 18   42.3   52.7  16:10   35.8  08:10   22.7    0.0   0.00    1.1   10.7  17:08    328
 19   43.6   59.5  16:53   30.0  07:50   21.4    0.0   0.00    0.7    9.8  14:20    167
 20   47.7   57.9  17:41   40.6  05:50   17.3    0.0   0.00    1.5    9.8  18:41    123
 21   51.9   62.2  15:28   43.3  07:26   13.1    0.0   0.08    6.0   20.1  13:36    135
 22   53.1   59.0  12:43   45.0  23:53   11.9    0.0   0.18    4.6   23.3  11:31    138
 23   45.5   55.2  13:55   33.6  07:14   19.5    0.0   0.00    0.5   13.2  15:03    145
 24   44.1   52.3  16:17   37.2  05:37   20.9    0.0   0.00    1.2   14.3  07:20    279
 25   39.8   49.6  16:11   33.3  08:10   25.2    0.0   0.69    0.2   13.0  17:31      5
 26   38.3   49.6  17:06   27.0  07:00   26.7    0.0   0.00    1.4   13.2  17:59    329
 27   44.6   59.2  16:22   30.2  06:42   20.4    0.0   0.00    1.2   10.7  22:49    340
 28   50.1   59.9  18:03   40.1  08:00   14.9    0.0   0.00    3.3   17.7  14:44    329
 29   48.2   59.5  17:46   37.4  07:51   16.8    0.0   0.00    1.8   13.6  16:12    330
 30   51.5   67.6  15:38   34.9  07:52   13.5    0.0   0.00    0.4    9.2  14:36    338
 31   53.6   62.4  16:24   44.8  06:30   11.4    0.0   0.00    1.6   12.8  20:49    331
---------------------------------------------------------------------------------------
      44.7   69.6     13   -3.3     14  629.7    0.0   1.55    2.2   31.7     14    131
    
Updated: 04/01/2018 12:00:00 AM