Northwest Meridian, Idaho

43° 38.92' N | 116° 25.01' W | 2569 feet | Show on map

Climate Summary for February 2018

Last Updated 04/07/2018

Station:LaCrosse WS-2316
Software:WeeWX
Weewx uptime:NA
Server uptime:NA

                   MONTHLY CLIMATOLOGICAL SUMMARY FOR Feb 2018


NAME: Northwest Meridian, Idaho                  
ELEV: 2569 feet    LAT: 43-38.92 N    LONG: 116-25.01 W


                   TEMPERATURE (°F), RAIN (in), WIND SPEED (mph)

                                         HEAT   COOL         AVG
      MEAN                               DEG    DEG          WIND                   DOM
DAY   TEMP   HIGH   TIME    LOW   TIME   DAYS   DAYS   RAIN  SPEED   HIGH   TIME    DIR
---------------------------------------------------------------------------------------
 01   42.5   51.3  14:00   34.7  06:07   22.5    0.0   0.00    0.2    4.5  12:37    131
 02   48.1   58.6  15:30   41.4  04:19   16.9    0.0   0.00    0.4    5.4  16:55    352
 03   48.8   61.9  14:50   37.2  04:20   16.2    0.0   0.00    1.7   12.1  15:17    327
 04   52.1   61.7  13:50   44.1  08:10   12.9    0.0   0.00    0.9    9.8  13:38    305
 05   47.5   54.9  14:26   36.9  23:49   17.5    0.0   0.00    1.5   10.3  13:15    330
 06   41.0   52.2  15:40   31.3  06:50   24.0    0.0   0.00    1.2   10.5  12:42    339
 07   44.6   58.3  15:20   33.8  08:18   20.4    0.0   0.00    0.5    9.4  14:20      4
 08   47.0   59.5  15:40   36.9  07:04   18.0    0.0   0.00    0.2    6.0  11:03     55
 09   41.3   50.7  15:20   33.1  06:48   23.7    0.0   0.00    2.2   15.0  11:22    332
 10   36.1   45.0  15:46   27.3  23:58   28.9    0.0   0.00    3.8   17.9  13:31    322
 11   32.5   44.2  13:38   24.1  08:04   32.5    0.0   0.00    1.3   10.1  12:15    116
 12   35.8   46.8  15:30   27.7  23:58   29.2    0.0   0.00    2.0   14.8  14:13    307
 13   32.2   46.6  15:49   19.4  07:20   32.8    0.0   0.00    0.5    7.6  23:27    136
 14   37.6   43.9  11:07   32.2  00:50   27.4    0.0   0.18    2.0   13.2  04:41    139
 15   35.8   43.7  15:44   30.7  07:43   29.2    0.0   0.00    1.6   14.5  15:08    340
 16   35.2   44.4  16:19   26.2  07:35   29.8    0.0   0.00    0.5    6.3  13:35    131
 17   42.7   54.1  21:18   32.7  02:57   22.3    0.0   0.00    3.0   17.4  21:18    139
 18   37.1   48.0  00:01   25.3  23:55   27.9    0.0   0.02    2.5   20.4  12:56    311
 19   24.8   32.2  13:02   16.5  23:56   40.2    0.0   0.00    5.6   21.9  17:03    314
 20   20.9   30.0  16:27   10.4  07:31   44.1    0.0   0.00    1.1   11.2  01:59    327
 21   28.6   37.0  14:16   21.4  06:06   36.4    0.0   0.00    0.6    8.1  00:44     23
 22   29.5   38.3  14:41   21.6  23:58   35.5    0.0   0.08    0.4    5.6  16:02    349
 23   25.0   34.5  16:10   15.8  07:49   40.0    0.0   0.00    0.9    9.8  13:06    310
 24   29.8   39.4  16:27   21.9  23:56   35.2    0.0   0.08    0.7    9.8  10:22    126
 25   29.5   36.7  15:40   17.4  03:03   35.5    0.0   0.02    2.0   14.8  16:45    131
 26   33.8   39.4  15:30   24.1  23:57   31.2    0.0   0.06    2.0   15.0  13:32    324
 27   26.8   38.8  16:01   14.7  07:16   38.2    0.0   0.00    0.2    5.6  13:05    302
 28   33.5   44.2  15:31   24.3  06:21   31.5    0.0   0.00    2.6   14.5  12:47    134
---------------------------------------------------------------------------------------
      36.4   61.9     03   10.4     20  799.7    0.0   0.45    1.5   21.9     19    328
    
Updated: 03/01/2018 12:00:00 AM