Northwest Meridian, Idaho

43° 38.92' N | 116° 25.01' W | 2569 feet | Show on map

Climate Summary for January 2018

Last Updated 04/07/2018

Station:LaCrosse WS-2316
Software:WeeWX
Weewx uptime:NA
Server uptime:NA

                   MONTHLY CLIMATOLOGICAL SUMMARY FOR Jan 2018


NAME: Northwest Meridian, Idaho                  
ELEV: 2569 feet    LAT: 43-38.92 N    LONG: 116-25.01 W


                   TEMPERATURE (°F), RAIN (in), WIND SPEED (mph)

                                         HEAT   COOL         AVG
      MEAN                               DEG    DEG          WIND                   DOM
DAY   TEMP   HIGH   TIME    LOW   TIME   DAYS   DAYS   RAIN  SPEED   HIGH   TIME    DIR
---------------------------------------------------------------------------------------
 01   25.9   34.3  14:29   20.5  01:43   39.1    0.0   0.00    0.0    3.4  16:07    249
 02   25.9   37.8  14:17   18.3  08:26   39.1    0.0   0.00    0.4    8.1  12:45    154
 03   25.6   33.3  15:45   20.5  08:40   39.4    0.0   0.00    0.1    2.9  12:21    285
 04   26.4   34.3  13:38   18.3  05:50   38.6    0.0   0.00    0.0    4.0  15:38    239
 05   33.4   43.0  14:47   27.7  02:12   31.6    0.0   0.00    0.0    3.1  23:50    283
 06   35.3   40.6  14:36   30.7  23:47   29.7    0.0   0.08    0.1    5.4  15:26    289
 07   29.1   32.7  13:21   24.4  08:25   35.9    0.0   0.00    0.1    4.3  15:02    271
 08   35.0   45.7  14:38   28.6  00:10   30.0    0.0   0.00    0.2    6.3  04:25    336
 09   40.9   45.7  14:22   35.4  00:00   24.1    0.0   0.29    0.7    7.2  13:24    161
 10   38.2   44.1  14:34   33.4  08:28   26.8    0.0   0.00    0.8    8.3  13:52    333
 11   40.2   46.6  20:50   34.5  00:10   24.8    0.0   0.12    2.3   21.9  20:50    130
 12   43.6   52.3  15:39   34.9  23:49   21.4    0.0   0.00    0.4    6.0  13:37     20
 13   38.1   48.7  15:34   31.8  03:45   26.9    0.0   0.00    0.3    4.7  14:55    268
 14   36.2   50.2  14:46   29.7  08:46   28.8    0.0   0.00    0.3    6.9  15:18    198
 15   36.7   47.5  15:14   27.5  06:38   28.3    0.0   0.00    0.3    7.4  12:23    138
 16   38.2   47.1  15:32   33.4  08:22   26.8    0.0   0.08    0.6   13.0  12:47    116
 17   39.7   50.2  16:25   32.2  08:49   25.3    0.0   0.00    1.3   15.4  10:28    142
 18   45.3   57.0  13:14   40.1  23:45   19.7    0.0   0.31    3.8   12.5  09:50    147
 19   39.2   45.7  14:34   28.6  00:00   25.8    0.0   0.20    0.9   10.3  11:39    291
 20   33.7   42.4  15:40   25.0  03:30   31.3    0.0   0.00    0.7   10.5  13:12    314
 21   34.9   45.7  14:20   24.3  08:35   30.1    0.0   0.04    0.9    8.5  16:11    135
 22   38.4   46.9  14:36   30.6  23:57   26.6    0.0   0.08    2.4   11.0  04:15    129
 23   35.2   46.2  16:20   24.8  06:48   29.8    0.0   0.00    2.2   13.0  14:07    153
 24   42.8   48.7  14:59   34.5  02:37   22.2    0.0   0.00    4.5   15.7  14:34    148
 25   41.3   47.1  15:37   34.3  23:43   23.7    0.0   0.06    1.7   12.8  02:19    193
 26   38.2   45.9  15:16   31.8  03:08   26.8    0.0   0.00    0.8   11.4  13:44    183
 27   38.8   42.1  20:40   35.4  01:42   26.2    0.0   0.08    2.8   13.0  15:28    128
 28   40.4   51.6  17:01   34.5  08:31   24.6    0.0   0.00    0.5    5.1  17:40    316
 29   40.4   46.2  16:50   36.0  08:39   24.6    0.0   0.00    0.3    3.8  05:44    343
 30   47.4   56.8  13:11   37.2  23:50   17.6    0.0   0.00    3.3   22.6  14:28    349
 31   38.5   45.5  14:02   33.4  08:08   26.5    0.0   0.00    0.6    8.3  14:38    349
---------------------------------------------------------------------------------------
      36.9   57.0     18   18.3     04  871.8    0.0   1.35    1.1   22.6     30    144
    
Updated: 02/01/2018 12:00:00 AM