Northwest Meridian, Idaho

43° 38.92' N | 116° 25.01' W | 2569 feet | Show on map

Climate Summary for November 2017

Last Updated 04/07/2018

Station:LaCrosse WS-2316
Software:WeeWX
Weewx uptime:NA
Server uptime:NA

                   MONTHLY CLIMATOLOGICAL SUMMARY FOR Nov 2017


NAME: Northwest Meridian, Idaho                  
ELEV: 2569 feet    LAT: 43-38.92 N    LONG: 116-25.01 W


                   TEMPERATURE (°F), RAIN (in), WIND SPEED (mph)

                                         HEAT   COOL         AVG
      MEAN                               DEG    DEG          WIND                   DOM
DAY   TEMP   HIGH   TIME    LOW   TIME   DAYS   DAYS   RAIN  SPEED   HIGH   TIME    DIR
---------------------------------------------------------------------------------------
 01   49.3   64.6  16:05   38.3  03:13   15.7    0.0   0.00    1.0   10.5  16:38    358
 02   48.8   56.1  14:41   44.4  00:00   16.2    0.0   0.00    0.7    8.3  16:17    347
 03   43.8   49.3  14:10   39.9  00:00   21.2    0.0   0.26    0.9   11.9  14:08    342
 04   40.5   46.2  15:10   36.0  23:54   24.5    0.0   0.04    0.3    8.1  15:54    280
 05   39.4   46.0  16:16   32.7  07:17   25.6    0.0   0.10    0.8   11.4  09:30    134
 06   38.5   46.0  14:33   28.6  23:54   26.5    0.0   0.00    0.5    8.3  10:37    306
 07   34.6   46.6  15:28   23.5  05:30   30.4    0.0   0.00    2.1   13.4  13:39    144
 08   40.6   48.9  14:37   31.3  08:20   24.4    0.0   0.00    4.0   19.5  16:35    142
 09   46.6   60.6  13:53   42.1  06:30   18.4    0.0   0.00    2.8   20.8  11:58    148
 10   44.8   53.4  12:05   37.2  07:09   20.2    0.0   0.18    0.7    9.6  11:22    145
 11   45.6   57.0  14:37   39.0  04:40   19.4    0.0   0.00    0.6    9.2  23:21    135
 12   43.1   50.0  15:48   35.2  06:57   21.9    0.0   0.00    0.9    8.7  01:19    129
 13   44.9   60.1  13:20   30.9  07:07   20.1    0.0   0.02    1.4   11.9  18:30    140
 14   44.4   52.7  14:30   37.9  21:03   20.6    0.0   0.16    0.5   11.0  02:55    282
 15   43.1   51.6  14:58   36.7  08:20   21.9    0.0   0.20    4.5   21.7  16:08    135
 16   48.5   53.1  12:38   43.0  22:34   16.5    0.0   0.02    2.7   14.5  00:15     65
 17   41.0   48.0  14:37   30.0  23:56   24.0    0.0   0.00    2.5   19.7  15:18    302
 18   36.1   49.3  14:13   26.1  08:15   28.9    0.0   0.00    1.7   12.8  15:37    135
 19   37.7   49.8  15:50   26.2  08:12   27.3    0.0   0.00    0.8    9.8  10:50    140
 20   45.4   50.2  21:13   38.8  00:00   19.6    0.0   0.14    2.7   13.0  13:45    129
 21   50.8   59.4  13:32   43.0  07:38   14.2    0.0   0.06    0.3    6.3  20:15    122
 22   52.6   59.9  14:42   47.1  23:52   12.4    0.0   0.02    0.2    6.7  15:56    339
 23   52.9   65.5  15:08   44.4  08:20   12.1    0.0   0.00    0.7   10.5  23:18    171
 24   47.9   55.8  00:00   36.1  23:58   17.1    0.0   0.16    1.4   10.3  13:14    312
 25   40.3   49.3  12:24   32.7  04:50   24.7    0.0   0.00    0.2    6.3  11:51    279
 26   49.4   61.3  15:21   39.6  02:10   15.6    0.0   0.00    1.5   13.0  15:10    141
 27   44.5   56.3  00:00   31.3  23:51   20.5    0.0   0.00    3.1   21.3  13:00    311
 28   37.8   49.6  14:00   25.5  07:30   27.2    0.0   0.00    2.8   17.0  15:32    143
 29   35.8   43.3  00:00   27.0  23:54   29.2    0.0   0.00    0.4    6.7  16:09    322
 30   30.3   37.4  12:50   23.5  06:09   34.7    0.0   0.00    0.3    6.7  13:15    302
---------------------------------------------------------------------------------------
      43.3   65.5     23   23.5     07  651.0    0.0   1.39    1.4   21.7     15    138
    
Updated: 12/05/2017 02:40:00 AM