Northwest Meridian, Idaho

43° 38.92' N | 116° 25.01' W | 2569 feet | Show on map

Climate Summary for September 2017

Last Updated 04/07/2018

Station:LaCrosse WS-2316
Software:WeeWX
Weewx uptime:NA
Server uptime:NA

                   MONTHLY CLIMATOLOGICAL SUMMARY FOR Sep 2017


NAME: Northwest Meridian, Idaho                  
ELEV: 2569 feet    LAT: 43-38.92 N    LONG: 116-25.01 W


                   TEMPERATURE (°F), RAIN (in), WIND SPEED (mph)

                                         HEAT   COOL         AVG
      MEAN                               DEG    DEG          WIND                   DOM
DAY   TEMP   HIGH   TIME    LOW   TIME   DAYS   DAYS   RAIN  SPEED   HIGH   TIME    DIR
---------------------------------------------------------------------------------------
 01   73.2   91.6  17:51   55.0  07:40    0.0    8.2   0.00    0.5    9.2  13:57    277
 02   75.6   94.6  18:13   56.7  07:37    0.0   10.6   0.00    0.2    5.8  13:45      1
 03   77.0   97.0  17:26   59.2  07:25    0.0   12.0   0.00    0.1    5.8  17:51    339
 04   76.5   94.1  17:33   60.4  07:40    0.0   11.5   0.00    0.1    5.4  12:14    354
 05   74.3   90.3  15:33   60.6  07:40    0.0    9.3   0.00    0.2    8.7  11:51    137
 06   71.1   86.7  16:30   58.6  07:43    0.0    6.1   0.00    0.1    3.1  14:30    317
 07   72.9   88.5  16:37   58.3  07:10    0.0    7.9   0.00    0.2    7.4  19:58     25
 08   76.5   90.9  16:44   64.6  06:11    0.0   11.5   0.00    0.2   10.3  02:28      3
 09   76.6   89.4  17:49   65.7  06:20    0.0   11.6   0.00    0.3    6.5  16:06    319
 10   72.5   87.3  16:11   58.3  07:37    0.0    7.5   0.00    0.5    8.5  17:03    341
 11   71.4   89.2  17:08   54.7  07:50    0.0    6.4   0.00    0.0    3.6  14:47    272
 12   73.2   87.8  15:56   58.8  06:43    0.0    8.2   0.00    0.1    5.8  14:30     10
 13   75.2   87.1  16:56   64.8  07:59    0.0   10.2   0.00    0.2    6.0  04:44     14
 14   65.3   72.1  17:10   59.4  07:47    0.0    0.3   0.00    0.3    8.9  17:35    314
 15   59.5   69.1  15:06   51.1  23:55    5.5    0.0   0.00    3.2   19.0  13:41    339
 16   54.2   69.3  16:13   53.2  23:45   10.8    0.0   0.00    0.2    7.8  13:54    338
 17   63.1   79.3  17:05   50.5  07:00    1.9    0.0   0.00    0.4   10.3  14:19    160
 18   59.1   63.1  15:28   50.9  23:57    5.9    0.0   0.12    0.3   10.5  21:08    295
 19   52.4   63.9  17:18   44.4  03:20   12.6    0.0   0.06    0.4   11.0  15:40    272
 20   53.4   64.0  11:50   48.4  00:16   11.6    0.0   0.08    1.1   19.9  12:26    103
 21   52.0   60.1  15:40   47.1  06:15   13.0    0.0   0.24    0.6    8.7  16:13    349
 22   48.1   55.0  16:03   43.9  08:21   16.9    0.0   0.26    0.7    9.6  12:03    284
 23   48.9   62.4  17:06   38.1  07:33   16.1    0.0   0.00    0.4    9.8  17:53    305
 24   51.4   68.4  16:42   35.8  07:59   13.6    0.0   0.00    1.3   14.1  15:10    342
 25   53.6   68.2  16:59   38.5  07:43   11.4    0.0   0.00    0.1    6.3  16:02    326
 26   59.4   72.7  16:50   46.6  07:42    5.6    0.0   0.00    0.2    6.3  16:48    235
 27   59.5   76.1  15:49   45.0  06:36    5.5    0.0   0.00    0.1    5.6  12:59    192
 28   59.6   75.9  16:11   43.7  07:58    5.4    0.0   0.00    0.2    6.0  16:55     13
 29   60.4   79.0  16:46   43.9  07:59    4.6    0.0   0.00    0.2    6.9  16:20      8
 30   60.4   66.9  15:30   50.9  23:59    4.6    0.0   0.00    1.4   23.7  14:25    337
---------------------------------------------------------------------------------------
      64.2   97.0     03   35.8     24  144.8  121.2   0.77    0.5   23.7     30    336
    
Updated: 12/05/2017 02:40:00 AM