Northwest Meridian, Idaho

43° 38.92' N | 116° 25.01' W | 2569 feet | Show on map

Climate Summary for August 2017

Last Updated 04/07/2018

Station:LaCrosse WS-2316
Software:WeeWX
Weewx uptime:NA
Server uptime:NA

                   MONTHLY CLIMATOLOGICAL SUMMARY FOR Aug 2017


NAME: Northwest Meridian, Idaho                  
ELEV: 2569 feet    LAT: 43-38.92 N    LONG: 116-25.01 W


                   TEMPERATURE (°F), RAIN (in), WIND SPEED (mph)

                                         HEAT   COOL         AVG
      MEAN                               DEG    DEG          WIND                   DOM
DAY   TEMP   HIGH   TIME    LOW   TIME   DAYS   DAYS   RAIN  SPEED   HIGH   TIME    DIR
---------------------------------------------------------------------------------------
 01   80.3   96.6  18:21   62.2  06:43    0.0   15.3   0.00    0.1    6.0  12:49    239
 02   82.5  101.1  18:28   62.8  07:00    0.0   17.5   0.00    0.1    4.7  14:32    314
 03   80.9   97.7  17:40   63.0  07:03    0.0   15.9   0.00    0.2    5.4  16:20    323
 04   80.8   97.5  17:24   61.0  07:19    0.0   15.8   0.00    0.5    6.9  16:09    356
 05   78.1   94.6  18:05   59.7  06:45    0.0   13.1   0.00    0.2    5.6  13:16    279
 06   76.2   90.1  16:53   63.1  05:30    0.0   11.2   0.00    0.1    4.5  08:06     10
 07   79.5   93.0  15:51   68.5  06:40    0.0   14.5   0.00    0.1    6.3  12:00    140
 08   78.9   94.6  17:10   63.1  07:10    0.0   13.9   0.00    0.2    7.8  23:39    253
 09   79.9   94.3  17:29   65.3  06:10    0.0   14.9   0.00    0.1    8.1  00:24    129
 10   79.9   95.5  16:23   64.8  07:04    0.0   14.9   0.00    0.2    6.5  18:34    121
 11   81.0   96.6  18:27   63.7  06:43    0.0   16.0   0.00    0.3    9.2  13:38    147
 12   81.9   96.6  17:12   64.6  07:08    0.0   16.9   0.00    0.6   14.8  20:51      1
 13   71.9   82.2  16:30   62.8  00:00    0.0    6.9   0.02    0.9   12.5  17:38    354
 14   68.9   82.8  18:50   57.4  07:20    0.0    3.9   0.00    0.3    7.6  18:20    289
 15   71.3   87.1  18:20   53.2  07:04    0.0    6.3   0.00    0.5    8.7  15:46     11
 16   72.2   88.3  17:31   54.7  07:22    0.0    7.2   0.00    0.5    8.7  15:59    340
 17   72.8   88.3  18:30   55.8  06:54    0.0    7.8   0.00    0.5   10.1  16:51    333
 18   73.9   91.8  18:11   54.7  07:20    0.0    8.9   0.00    0.4    7.8  17:47    347
 19   71.6   88.0  17:49   54.3  07:07    0.0    6.6   0.00    0.5    9.2  17:13    287
 20   69.9   85.6  16:30   53.2  07:14    0.0    4.9   0.00    0.6   10.5  14:29    288
 21   70.9   88.2  17:42   53.8  07:30    0.0    5.9   0.00    0.3    7.6  17:46    287
 22   73.6   91.8  17:38   54.5  07:13    0.0    8.6   0.00    0.1    6.3  15:17    307
 23   75.3   93.0  16:32   62.4  06:35    0.0   10.3   0.00    0.7   14.1  19:55     78
 24   76.7   93.4  18:09   64.8  03:55    0.0   11.7   0.00    0.4   17.4  19:43     87
 25   74.2   90.5  17:33   58.3  07:23    0.0    9.2   0.00    0.2    5.4  16:46    306
 26   75.2   94.3  17:32   58.1  07:22    0.0   10.2   0.00    0.2    7.6  16:15    356
 27   77.0   98.2  17:37   57.4  07:24    0.0   12.0   0.00    0.1    4.7  14:18    293
 28   77.0   94.8  15:39   62.8  07:27    0.0   12.0   0.00    0.5    9.2  16:33    216
 29   80.5   97.9  18:20   62.1  07:25    0.0   15.5   0.00    0.1    3.8  18:03     60
 30   80.3   94.5  13:23   66.6  08:00    0.0   15.3   0.00    0.8   17.2  16:20    122
 31   75.6   88.0  16:31   62.2  07:53    0.0   10.6   0.00    0.5    9.4  14:57    284
---------------------------------------------------------------------------------------
      76.4  101.1     02   53.2     15    0.0  353.5   0.02    0.3   17.4     24    337
    
Updated: 12/05/2017 02:40:00 AM