Northwest Meridian, Idaho

43° 38.92' N | 116° 25.01' W | 2569 feet | Show on map

Climate Summary for July 2017

Last Updated 04/07/2018

Station:LaCrosse WS-2316
Software:WeeWX
Weewx uptime:NA
Server uptime:NA

                   MONTHLY CLIMATOLOGICAL SUMMARY FOR Jul 2017


NAME: Northwest Meridian, Idaho                  
ELEV: 2569 feet    LAT: 43-38.92 N    LONG: 116-25.01 W


                   TEMPERATURE (°F), RAIN (in), WIND SPEED (mph)

                                         HEAT   COOL         AVG
      MEAN                               DEG    DEG          WIND                   DOM
DAY   TEMP   HIGH   TIME    LOW   TIME   DAYS   DAYS   RAIN  SPEED   HIGH   TIME    DIR
---------------------------------------------------------------------------------------
 01   79.2   95.5  16:29   59.0  06:15    0.0   14.2   0.00    0.7    8.9  10:54     12
 02   81.2   97.9  19:25   64.0  07:26    0.0   16.2   0.00    0.6    8.5  17:15    315
 03   80.6   96.1  17:58   62.4  06:50    0.0   15.6   0.00    1.2   11.2  14:20    345
 04   80.6  100.2  18:30   59.4  06:27    0.0   15.6   0.00    0.9   10.1  18:33    345
 05   83.4  100.6  18:29   64.9  06:19    0.0   18.4   0.00    0.7    7.6  18:59    356
 06   84.8  101.3  17:10   64.6  06:34    0.0   19.8   0.00    0.6    6.9  13:12    353
 07   87.0  102.9  17:42   66.7  06:34    0.0   22.0   0.00    0.5    7.2  17:06    319
 08   85.8  103.3  18:52   66.0  06:45    0.0   20.8   0.00    0.4    9.6  13:59    343
 09   88.4  101.8  18:18   72.3  07:07    0.0   23.4   0.00    1.0    9.8  17:46    359
 10   83.1   97.2  17:08   67.8  06:50    0.0   18.1   0.00    1.3   11.9  22:57    347
 11   77.2   90.3  17:44   61.7  06:43    0.0   12.2   0.00    1.9   11.6  17:12    343
 12   79.2   97.9  18:23   58.8  06:34    0.0   14.2   0.00    0.5    7.8  15:29      6
 13   83.6  100.0  18:16   63.7  06:30    0.0   18.6   0.00    0.8    9.8  18:08    357
 14   83.8  102.0  17:45   64.2  06:54    0.0   18.8   0.00    0.3    5.8  13:51    238
 15   84.9   99.5  17:08   69.6  06:50    0.0   19.9   0.00    1.0    8.7  14:51    360
 16   78.5   91.0  17:17   64.8  06:42    0.0   13.5   0.00    1.7   12.3  18:04    313
 17   76.1   92.5  17:30   59.0  06:43    0.0   11.1   0.00    1.5   11.9  10:21    315
 18   78.4   95.9  19:31   58.8  06:43    0.0   13.4   0.00    0.4    6.9  16:08    346
 19   79.3   96.1  18:44   59.2  06:43    0.0   14.3   0.00    0.5    5.8  17:17      5
 20   77.5   91.9  17:40   60.1  06:45    0.0   12.5   0.00    1.4   11.4  14:38    346
 21   76.5   93.7  17:27   57.0  06:56    0.0   11.5   0.00    1.2    9.6  18:55    332
 22   77.5   94.8  19:06   58.3  06:30    0.0   12.5   0.00    0.9   11.4  17:13    298
 23   80.5   99.9  18:08   59.2  06:43    0.0   15.5   0.00    0.2    6.0  12:21    253
 24   80.4   97.3  17:11   67.3  06:43    0.0   15.4   0.02    0.4   13.6  20:32    335
 25   80.4   94.1  17:30   71.2  06:55    0.0   15.4   0.02    0.4    9.6  14:54    356
 26   80.4   93.0  15:34   71.2  07:26    0.0   15.4   0.00    0.4   10.5  14:06      6
 27   80.6   93.9  19:52   65.3  07:30    0.0   15.6   0.00    0.2    6.5  14:29    343
 28   81.2   99.9  16:22   64.0  06:59    0.0   16.2   0.00    0.3    7.4  20:09     58
 29   82.9  101.5  18:56   63.7  06:49    0.0   17.9   0.00    0.2    6.9  15:07    324
 30   82.2   98.4  17:30   64.0  07:10    0.0   17.2   0.00    0.2    6.9  13:40    286
 31   81.5   99.7  17:57   61.7  07:00    0.0   16.5   0.00    0.2    8.1  16:25    293
---------------------------------------------------------------------------------------
      81.2  103.3     08   57.0     21    0.0  501.8   0.04    0.7   13.6     24    339
    
Updated: 12/05/2017 02:40:00 AM