Northwest Meridian, Idaho

43° 38.92' N | 116° 25.01' W | 2569 feet | Show on map

Climate Summary for June 2017

Last Updated 04/07/2018

Station:LaCrosse WS-2316
Software:WeeWX
Weewx uptime:NA
Server uptime:NA

                   MONTHLY CLIMATOLOGICAL SUMMARY FOR Jun 2017


NAME: Northwest Meridian, Idaho                  
ELEV: 2569 feet    LAT: 43-38.92 N    LONG: 116-25.01 W


                   TEMPERATURE (°F), RAIN (in), WIND SPEED (mph)

                                         HEAT   COOL         AVG
      MEAN                               DEG    DEG          WIND                   DOM
DAY   TEMP   HIGH   TIME    LOW   TIME   DAYS   DAYS   RAIN  SPEED   HIGH   TIME    DIR
---------------------------------------------------------------------------------------
 01   64.6   74.5  16:22   59.2  23:58    0.4    0.0   0.02    1.2   17.0  16:43    324
 02   67.9   83.8  17:27   51.4  06:17    0.0    2.9   0.00    0.6    8.7  16:36    341
 03   74.3   89.8  17:08   57.9  06:10    0.0    9.3   0.00    1.2    9.6  18:06    331
 04   69.0   88.0  16:33   56.1  23:52    0.0    4.0   0.41    2.5   29.8  17:33    338
 05   63.6   79.9  19:04   48.6  06:29    1.4    0.0   0.00    1.5   10.1  12:16    316
 06   69.1   85.8  17:18   50.7  06:31    0.0    4.1   0.00    0.7    9.2  17:54    345
 07   76.4   92.5  15:46   56.5  06:27    0.0   11.4   0.00    1.0    9.6  18:29    330
 08   67.7   75.6  10:54   59.9  23:57    0.0    2.7   0.00    1.6   16.3  15:04     35
 09   61.8   74.8  16:52   49.8  05:57    3.2    0.0   0.00    1.8   14.5  17:37    335
 10   57.8   72.3  19:16   50.2  06:50    7.2    0.0   0.02    1.5   21.9  20:51    346
 11   54.8   69.6  14:18   43.5  06:18   10.2    0.0   0.33    1.8   14.1  22:26    286
 12   55.9   63.3  15:51   51.3  03:50    9.1    0.0   0.37    0.4    8.1  14:16    354
 13   60.1   73.6  19:26   50.0  06:50    4.9    0.0   0.02    1.3   17.2  10:14    303
 14   63.6   76.5  16:18   47.1  06:17    1.4    0.0   0.00    0.4    7.2  13:53     11
 15   67.5   81.1  17:55   52.2  06:17    0.0    2.5   0.00    0.4    5.8  14:03      8
 16   68.3   77.7  14:14   62.2  07:30    0.0    3.3   0.00    1.6   13.6  17:10    355
 17   67.9   79.0  18:55   55.4  07:03    0.0    2.9   0.00    1.2   10.3  10:09    323
 18   71.8   85.8  17:17   54.0  06:31    0.0    6.8   0.00    1.4   12.3  17:51    339
 19   81.0  101.5  19:17   59.7  06:17    0.0   16.0   0.00    0.6    8.7  12:54    133
 20   83.8   98.8  18:27   68.7  06:42    0.0   18.8   0.02    1.5   11.0  20:50    356
 21   74.7   86.9  17:10   61.3  06:34    0.0    9.7   0.00    2.8   16.1  15:23    306
 22   70.2   83.3  18:01   54.3  06:13    0.0    5.2   0.00    3.6   18.3  15:55    311
 23   70.0   85.8  17:55   51.6  06:34    0.0    5.0   0.00    1.2    9.4  18:07    291
 24   73.1   91.6  19:05   53.2  06:28    0.0    8.1   0.00    1.0    9.6  15:23    290
 25   78.4   98.4  19:18   55.2  06:11    0.0   13.4   0.00    1.0    9.6  10:35     12
 26   79.7   96.1  15:53   62.6  06:47    0.0   14.7   0.00    1.8   18.1  19:46    337
 27   78.1   93.6  19:31   62.4  06:22    0.0   13.1   0.00    1.2   11.0  01:16    308
 28   74.6   85.8  16:32   60.4  06:42    0.0    9.6   0.02    1.6   11.4  16:21    337
 29   71.3   85.1  17:10   54.1  06:50    0.0    6.3   0.00    1.0   13.4  17:53    287
 30   75.7   91.9  16:21   55.9  06:35    0.0   10.7   0.00    0.8    9.2  12:02    105
---------------------------------------------------------------------------------------
      69.8  101.5     19   43.5     11   37.7  180.6   1.20    1.3   29.8     04    326
    
Updated: 12/05/2017 02:40:00 AM