Northwest Meridian, Idaho

43° 38.92' N | 116° 25.01' W | 2569 feet | Show on map

Climate Summary for May 2017

Last Updated 04/07/2018

Station:LaCrosse WS-2316
Software:WeeWX
Weewx uptime:NA
Server uptime:NA

                   MONTHLY CLIMATOLOGICAL SUMMARY FOR May 2017


NAME: Northwest Meridian, Idaho                  
ELEV: 2569 feet    LAT: 43-38.92 N    LONG: 116-25.01 W


                   TEMPERATURE (°F), RAIN (in), WIND SPEED (mph)

                                         HEAT   COOL         AVG
      MEAN                               DEG    DEG          WIND                   DOM
DAY   TEMP   HIGH   TIME    LOW   TIME   DAYS   DAYS   RAIN  SPEED   HIGH   TIME    DIR
---------------------------------------------------------------------------------------
 01   51.2   61.7  16:08   39.0  07:02   13.8    0.0   0.00    2.5   11.4  11:49    330
 02   56.7   66.6  17:32   46.9  04:31    8.3    0.0   0.00    2.4   15.9  15:47    328
 03   60.5   75.0  17:16   43.3  06:55    4.5    0.0   0.00    1.0   10.1  14:16    333
 04   69.5   88.5  18:35   48.0  06:54    0.0    4.5   0.00    1.6   10.5  16:03    134
 05   70.0   82.6  15:47   62.2  02:43    0.0    5.0   0.00    3.6   27.1  18:37    131
 06   53.4   65.7  00:01   46.0  23:50   11.6    0.0   0.04    4.2   18.8  15:12    298
 07   52.1   64.2  18:15   41.5  05:20   12.9    0.0   0.00    4.3   20.4  16:30    322
 08   55.8   71.2  17:35   40.6  07:00    9.2    0.0   0.00    1.7    9.8  11:30    313
 09   60.4   75.4  18:04   42.4  06:45    4.6    0.0   0.00    1.6   13.4  14:45    314
 10   66.4   84.4  19:02   45.7  06:40    0.0    1.4   0.00    0.9    9.2  09:47     79
 11   72.6   87.1  15:02   54.3  06:46    0.0    7.6   0.00    1.6   10.7  13:18    141
 12   53.1   69.6  00:01   42.1  23:56   11.9    0.0   0.08    2.4   16.6  11:13    325
 13   45.9   58.8  16:59   33.8  06:38   19.1    0.0   0.00    1.4   15.2  17:52    325
 14   50.2   61.5  17:58   36.3  06:50   14.8    0.0   0.02    1.2   11.0  14:00    329
 15   52.9   66.7  17:13   36.3  06:59   12.1    0.0   0.00    1.6   10.3  14:29    331
 16   48.5   54.1  15:45   39.4  23:49   16.5    0.0   0.69    1.2   14.3  19:19     88
 17   44.9   52.0  16:16   37.6  06:31   20.1    0.0   0.00    3.3   15.9  16:50    343
 18   55.0   67.6  19:32   38.7  05:33   10.0    0.0   0.00    1.2    9.8  16:51    333
 19   60.4   74.1  17:05   43.2  06:40    4.6    0.0   0.00    1.2    9.8  18:48    302
 20   63.6   78.4  15:47   50.2  06:32    1.4    0.0   0.00    1.6   18.3  18:25      0
 21   64.4   78.6  18:14   47.8  06:35    0.6    0.0   0.00    1.0    9.8  13:26    316
 22   68.3   83.5  18:39   50.5  06:50    0.0    3.3   0.00    0.9   12.3  15:46    326
 23   72.5   90.0  19:01   51.4  06:32    0.0    7.5   0.00    1.1    8.9  11:36    124
 24   66.0   73.6  16:25   54.3  23:58    0.0    1.0   0.00    5.3   20.1  18:11    345
 25   57.0   69.6  16:04   45.0  06:30    8.0    0.0   0.00    2.1   12.1  21:08    300
 26   62.0   75.4  19:00   50.2  06:40    3.0    0.0   0.00    1.9   12.5  16:09    297
 27   66.0   80.8  19:44   47.5  06:41    0.0    1.0   0.00    0.7    9.6  14:55      2
 28   69.5   85.8  15:31   48.4  06:32    0.0    4.5   0.00    0.8    8.9  20:03    359
 29   73.7   90.5  19:18   53.1  06:35    0.0    8.7   0.00    0.9    9.6  18:36     55
 30   77.1   96.6  17:36   57.0  06:31    0.0   12.1   0.00    1.2   18.6  18:59    135
 31   74.4   89.2  16:15   59.9  06:24    0.0    9.4   0.00    1.1   12.8  20:43    301
---------------------------------------------------------------------------------------
      61.1   96.6     30   33.8     13  187.0   66.1   0.84    1.9   27.1     05    331
    
Updated: 12/05/2017 02:40:00 AM