Northwest Meridian, Idaho

43° 38.92' N | 116° 25.01' W | 2569 feet | Show on map

Climate Summary for April 2017

Last Updated 04/07/2018

Station:LaCrosse WS-2316
Software:WeeWX
Weewx uptime:NA
Server uptime:NA

                   MONTHLY CLIMATOLOGICAL SUMMARY FOR Apr 2017


NAME: Northwest Meridian, Idaho                  
ELEV: 2569 feet    LAT: 43-38.92 N    LONG: 116-25.01 W


                   TEMPERATURE (°F), RAIN (in), WIND SPEED (mph)

                                         HEAT   COOL         AVG
      MEAN                               DEG    DEG          WIND                   DOM
DAY   TEMP   HIGH   TIME    LOW   TIME   DAYS   DAYS   RAIN  SPEED   HIGH   TIME    DIR
---------------------------------------------------------------------------------------
 01   50.4   63.3  17:35   36.0  07:52   14.6    0.0   0.00    1.9   13.2  01:57    327
 02   51.8   59.7  15:16   42.1  23:56   13.2    0.0   0.00    5.7   20.8  17:50    318
 03   42.4   51.6  16:08   31.8  07:43   22.6    0.0   0.00    4.1   15.0  17:06    318
 04   45.3   60.1  17:15   27.7  07:07   19.7    0.0   0.00    2.2   12.3  16:21    135
 05   57.2   73.8  16:46   43.3  07:31    7.8    0.0   0.00    3.1   12.5  14:58    137
 06   58.5   63.5  14:08   54.3  23:22    6.5    0.0   0.00    2.5   16.1  03:44    155
 07   57.8   64.8  13:24   46.0  23:53    7.2    0.0   0.00    5.0   28.0  11:07    176
 08   44.8   50.2  16:14   37.0  23:59   20.2    0.0   0.02    3.0   18.3  16:31    301
 09   42.8   56.3  16:43   28.2  07:26   22.2    0.0   0.00    0.9    8.1  20:06    132
 10   49.7   60.1  16:18   42.1  05:25   15.3    0.0   0.00    3.4   15.7  13:57    157
 11   45.9   58.3  14:46   33.8  06:21   19.1    0.0   0.02    2.0   15.0  15:49    134
 12   58.5   73.2  17:00   44.1  07:24    6.5    0.0   0.00    3.8   17.4  13:11    137
 13   50.8   57.9  00:01   44.2  23:50   14.2    0.0   0.06    1.9   13.4  00:49    350
 14   42.1   50.0  16:20   33.6  09:54   22.9    0.0   0.33    2.3   15.7  09:12    336
 15   44.0   59.2  17:13   29.1  07:10   21.0    0.0   0.00    1.1    8.5  17:26      8
 16   53.1   71.8  16:22   33.3  07:14   11.9    0.0   0.00    2.2   16.1  14:46    143
 17   56.9   64.8  15:51   46.8  07:25    8.1    0.0   0.04    1.8   17.2  00:17    279
 18   53.8   67.6  18:40   45.7  23:55   11.2    0.0   0.51    1.4   15.4  19:24    101
 19   53.2   70.5  16:29   37.4  07:04   11.8    0.0   0.00    1.9   12.3  23:16    148
 20   50.5   57.6  13:17   41.5  23:53   14.5    0.0   0.12    2.5   18.1  18:05    272
 21   48.2   61.5  17:27   33.1  07:11   16.8    0.0   0.00    1.9   14.1  15:23    311
 22   57.3   73.2  17:04   41.5  02:52    7.7    0.0   0.00    5.8   25.5  11:11    136
 23   58.3   67.3  15:55   48.7  07:01    6.7    0.0   0.00    1.6   20.8  00:55    300
 24   50.4   57.9  15:38   45.3  09:50   14.6    0.0   0.20    1.2   13.0  18:24    273
 25   51.6   62.2  17:01   41.2  08:10   13.4    0.0   0.00    2.7   12.1  03:15    297
 26   50.1   56.8  17:18   43.0  23:58   14.9    0.0   0.43    0.8   14.5  18:43      3
 27   45.7   54.0  17:32   38.5  06:43   19.3    0.0   0.00    3.8   19.9  16:23    319
 28   47.9   58.8  17:57   37.2  06:41   17.1    0.0   0.00    5.1   22.8  15:54    328
 29   50.7   64.0  17:53   34.3  07:00   14.3    0.0   0.00    1.2   10.7  00:11    331
 30   56.1   68.2  16:56   44.8  05:26    8.9    0.0   0.00    1.1    9.4  17:05    341
---------------------------------------------------------------------------------------
      50.9   73.8     05   27.7     04  424.0    0.0   1.73    2.6   28.0     07    291
    
Updated: 12/05/2017 02:40:00 AM