Northwest Meridian, Idaho

43° 38.92' N | 116° 25.01' W | 2569 feet | Show on map

Climate Summary for February 2017

Last Updated 04/07/2018

Station:LaCrosse WS-2316
Software:WeeWX
Weewx uptime:NA
Server uptime:NA

                   MONTHLY CLIMATOLOGICAL SUMMARY FOR Feb 2017


NAME: Northwest Meridian, Idaho                  
ELEV: 2569 feet    LAT: 43-38.92 N    LONG: 116-25.01 W


                   TEMPERATURE (°F), RAIN (in), WIND SPEED (mph)

                                         HEAT   COOL         AVG
      MEAN                               DEG    DEG          WIND                   DOM
DAY   TEMP   HIGH   TIME    LOW   TIME   DAYS   DAYS   RAIN  SPEED   HIGH   TIME    DIR
---------------------------------------------------------------------------------------
 01   27.2   33.3  16:17   21.9  00:00   37.8    0.0   0.00    1.1    9.6  13:37    310
 02   28.6   33.4  15:35   25.9  09:41   36.4    0.0   0.00    0.7    8.9  23:22    196
 03   34.4   42.4  14:20   28.8  03:00   30.6    0.0   0.04    3.6   12.1  21:21    137
 04   42.5   46.9  12:47   39.9  07:55   22.5    0.0   0.04    2.0    9.2  22:46    130
 05   45.4   49.8  22:20   40.8  03:12   19.6    0.0   0.00    6.0   18.1  10:41    133
 06   44.7   49.6  00:01   37.2  23:57   20.3    0.0   0.00    2.3   14.3  01:13    145
 07   36.7   42.4  15:52   33.3  09:22   28.3    0.0   0.49    1.1   17.2  14:00    133
 08   41.0   49.3  12:56   32.2  02:03   24.0    0.0   0.16    3.2   12.1  13:09    139
 09   53.0   57.6  14:38   46.4  00:01   12.0    0.0   0.00    5.5   16.3  04:45    137
 10   48.6   55.9  15:06   40.3  23:55   16.4    0.0   0.00    1.1   12.8  01:01    345
 11   35.1   41.7  15:30   27.3  23:56   29.9    0.0   0.00    2.4   15.2  13:56    307
 12   31.2   45.9  15:30   22.8  06:00   33.8    0.0   0.00    0.9   10.5  12:30    178
 13   29.5   40.8  15:25   21.9  07:53   35.5    0.0   0.00    0.6    8.7  15:44    296
 14   28.5   39.9  15:20   21.4  07:12   36.5    0.0   0.00    0.4    7.8  12:25    270
 15   29.5   38.8  16:00   22.1  06:42   35.5    0.0   0.00    0.3    7.4  17:44    289
 16   44.8   59.5  14:20   34.2  00:01   20.2    0.0   0.00    3.5   26.4  14:26    147
 17   43.2   54.0  14:50   34.7  08:03   21.8    0.0   0.04    1.8   13.4  18:28    147
 18   45.1   52.0  16:47   40.6  02:40   19.9    0.0   0.24    2.8   15.7  16:38    142
 19   43.7   51.3  13:51   38.3  07:37   21.3    0.0   0.10    1.2   16.6  14:13    131
 20   49.8   59.5  14:20   39.0  01:40   15.2    0.0   0.08    5.1   22.6  15:31    146
 21   49.4   58.3  14:05   38.5  23:17   15.6    0.0   0.00    5.6   24.8  09:44    217
 22   36.3   41.5  14:29   30.2  08:23   28.7    0.0   0.00    2.1   15.4  18:01    296
 23   33.5   36.1  14:39   31.1  23:19   31.5    0.0   0.00    8.5   22.8  11:10    311
 24   31.9   39.6  14:27   25.5  07:45   33.1    0.0   0.00    2.7   13.0  00:14    305
 25   29.9   40.8  15:30   18.7  07:32   35.1    0.0   0.00    0.4    8.1  14:30    299
 26   33.6   41.2  15:05   29.1  00:00   31.4    0.0   0.00    3.0   18.3  13:35    141
 27   33.5   39.6  16:04   28.8  08:14   31.5    0.0   0.04    1.4    9.4  14:23    125
 28   35.8   43.9  15:59   28.6  04:00   29.2    0.0   0.02    2.4   20.4  12:30    319
---------------------------------------------------------------------------------------
      38.1   59.5     16   18.7     25  753.7    0.0   1.26    2.6   26.4     16    163
    
Updated: 12/05/2017 02:40:00 AM