Northwest Meridian, Idaho

43° 38.92' N | 116° 25.01' W | 2569 feet | Show on map

Climate Summary for January 2017

Last Updated 04/07/2018

Station:LaCrosse WS-2316
Software:WeeWX
Weewx uptime:NA
Server uptime:NA

                   MONTHLY CLIMATOLOGICAL SUMMARY FOR Jan 2017


NAME: Northwest Meridian, Idaho                  
ELEV: 2569 feet    LAT: 43-38.92 N    LONG: 116-25.01 W


                   TEMPERATURE (°F), RAIN (in), WIND SPEED (mph)

                                         HEAT   COOL         AVG
      MEAN                               DEG    DEG          WIND                   DOM
DAY   TEMP   HIGH   TIME    LOW   TIME   DAYS   DAYS   RAIN  SPEED   HIGH   TIME    DIR
---------------------------------------------------------------------------------------
 01   17.2   23.5  13:44   11.3  00:30   47.8    0.0   0.00    0.1   10.5  19:54    297
 02   19.1   27.0  15:33   15.6  00:56   45.9    0.0   0.00    0.0    2.9  16:00    303
 03   22.8   29.3  14:30   17.8  01:47   42.2    0.0   0.00    0.0    4.5  16:30    352
 04   26.8   33.6  12:21   22.8  23:30   38.2    0.0   0.00    0.1    3.6  21:02    207
 05   15.6   23.2  00:40    1.2  23:37   49.4    0.0   0.00    0.4    7.6  12:12    168
 06   -0.4   10.6  14:30   -6.7  23:54   65.4    0.0   0.00    0.4    9.4  11:22    137
 07    5.7   18.5  22:33   -9.2  02:58   59.3    0.0   0.00    0.4    6.3  16:35      4
 08   26.5   41.7  22:47   15.4  01:30   38.5    0.0   0.10    1.4    9.6  15:52    158
 09   38.8   43.3  11:55   33.6  21:54   26.2    0.0   0.06    1.6   15.0  12:02    135
 10   35.8   38.5  20:30   33.3  02:50   29.2    0.0   1.18    1.4    9.8  16:20    122
 11   36.3   42.4  15:45   25.0  23:57   28.7    0.0   0.12    1.2   17.4  11:13    315
 12   22.9   30.0  14:46   16.0  23:57   42.1    0.0   0.00    0.2    5.4  12:40     68
 13   16.2   23.7  13:50   10.6  05:10   48.8    0.0   0.00    0.2    4.9  15:53     68
 14   15.4   19.8  12:29   13.3  21:45   49.6    0.0   0.00    0.6    8.3  19:18     68
 15   12.5   18.9  14:47    4.3  23:55   52.5    0.0   0.00    0.4    6.5  13:45     68
 16    5.5   13.6  15:06    1.9  05:16   59.5    0.0   0.00    0.1    4.5  15:50     67
 17    6.3   19.0  14:16    0.7  06:44   58.7    0.0   0.00    0.2    6.3  14:31     68
 18   21.2   35.8  23:54    6.6  00:00   43.8    0.0   0.08    2.0   12.8  23:04    284
 19   37.5   46.2  14:16   32.7  23:17   27.5    0.0   0.29    1.9   11.4  08:00    157
 20   37.5   46.2  14:10   26.6  03:06   27.5    0.0   0.00    4.5   15.4  11:18    142
 21   37.5   45.0  15:04   33.8  05:34   27.5    0.0   0.10    2.0   11.4  01:18    135
 22   37.7   43.0  11:46   29.5  23:57   27.3    0.0   0.00    4.7   21.9  13:06    136
 23   30.1   35.4  14:50   26.2  03:12   34.9    0.0   0.02    1.8    8.9  15:38    319
 24   28.9   36.5  14:37   19.8  23:58   36.1    0.0   0.02    2.6   13.0  14:47    293
 25   26.3   38.1  15:00   15.3  04:11   38.7    0.0   0.02    0.1    3.6  17:23    136
 26   27.1   32.7  13:25   19.2  22:23   37.9    0.0   0.00    0.2    5.4  15:35    270
 27   23.9   32.5  14:44   20.1  08:18   41.1    0.0   0.00    0.2    5.1  14:54    329
 28   25.8   29.3  14:13   23.9  00:00   39.2    0.0   0.00    0.7    6.7  13:07    141
 29   20.8   29.5  14:34   14.4  23:49   44.2    0.0   0.00    0.5    8.7  15:32    327
 30   19.4   27.5  14:15   11.3  03:47   45.6    0.0   0.00    0.2    5.4  12:21    276
 31   22.4   27.1  13:33   18.5  04:12   42.6    0.0   0.00    0.4    6.0  19:22    307
---------------------------------------------------------------------------------------
      23.2   46.2     20   -9.2     07 1295.7    0.0   2.00    1.0   21.9     22    142
    
Updated: 12/05/2017 02:40:00 AM