Northwest Meridian, Idaho

43° 38.92' N | 116° 25.01' W | 2569 feet | Show on map

Climate Summary for December 2016

Last Updated 04/07/2018

Station:LaCrosse WS-2316
Software:WeeWX
Weewx uptime:NA
Server uptime:NA

                   MONTHLY CLIMATOLOGICAL SUMMARY FOR Dec 2016


NAME: Northwest Meridian, Idaho                  
ELEV: 2569 feet    LAT: 43-38.92 N    LONG: 116-25.01 W


                   TEMPERATURE (°F), RAIN (in), WIND SPEED (mph)

                                         HEAT   COOL         AVG
      MEAN                               DEG    DEG          WIND                   DOM
DAY   TEMP   HIGH   TIME    LOW   TIME   DAYS   DAYS   RAIN  SPEED   HIGH   TIME    DIR
---------------------------------------------------------------------------------------
 01   36.1   43.5  14:16   29.3  23:57   28.9    0.0   0.00    0.2    6.7  14:31    340
 02   32.7   42.6  14:16   23.2  08:03   32.3    0.0   0.00    0.0    1.6  21:47    138
 03   39.4   48.0  14:04   34.0  08:04   25.6    0.0   0.00    0.0    0.6  13:51     12
 04   40.6   47.1  13:11   30.6  23:58   24.4    0.0   0.08    0.6    4.2  18:51    326
 05   30.2   40.8  14:40   23.0  08:15   34.8    0.0   0.00    0.1    2.7  02:15     45
 06   28.0   37.8  14:05   18.9  23:09   37.0    0.0   0.00    0.2    2.4  02:50    142
 07   20.3   32.7  13:19   15.8  03:07   44.7    0.0   0.00    0.1    4.5  16:22    146
 08   25.0   30.7  00:00   19.2  01:45   40.0    0.0   0.00    1.3   10.3  15:33    148
 09   31.4   36.9  13:56   27.5  01:56   33.6    0.0   0.00    0.2    4.9  00:50    341
 10   34.2   39.6  11:39   31.6  21:40   30.8    0.0   0.04    0.1    6.0  12:49    311
 11   34.9   45.0  15:36   28.8  08:00   30.1    0.0   0.00    0.7    8.9  12:57    140
 12   33.8   40.8  13:26   26.1  23:41   31.2    0.0   0.00    0.8   10.3  13:22    317
 13   26.4   34.3  14:30   19.8  08:20   38.6    0.0   0.00    0.3    6.0  16:25    308
 14   30.7   34.9  22:27   25.9  00:00   34.3    0.0   0.04    0.7   11.6  23:03    150
 15   34.5   40.6  12:12   32.4  08:33   30.5    0.0   0.16    0.3    8.3  13:01    295
 16   25.3   32.9  01:34   13.1  23:51   39.7    0.0   0.00    3.1   16.6  22:04    315
 17   12.7   22.3  14:34    6.4  07:50   52.3    0.0   0.00    0.7    7.8  01:53    315
 18   10.1   20.8  13:52    2.3  07:44   54.9    0.0   0.00    0.3    9.2  12:14    315
 19   14.1   21.0  12:34    5.4  02:41   50.9    0.0   0.00    0.1    6.5  11:56    315
 20   22.0   27.1  14:04   16.5  00:04   43.0    0.0   0.00    0.3    9.8  19:38    315
 21   19.2   30.7  15:22   12.6  07:27   45.8    0.0   0.00    0.1    3.1  16:24     19
 22   16.7   26.4  14:10    9.0  08:50   48.3    0.0   0.00    0.6    7.6  17:33     22
 23   20.2   26.4  15:07   13.1  04:40   44.8    0.0   0.00    0.6    7.2  03:28     22
 24   27.9   34.2  15:15   20.8  00:10   37.1    0.0   0.00    3.5   18.1  13:47    321
 25   21.8   30.4  13:42   11.5  23:57   43.2    0.0   0.00    1.5   11.0  10:27    310
 26   13.7   25.9  14:37    6.3  05:31   51.3    0.0   0.00    0.2    5.1  14:25    303
 27   23.5   37.9  14:30   13.1  00:35   41.5    0.0   0.00    1.1   10.3  13:48    147
 28   18.7   28.0  12:49    7.2  23:59   46.3    0.0   0.00    0.1    4.5  13:51    278
 29   12.4   29.7  14:30    5.2  08:49   52.6    0.0   0.00    0.2    9.2  12:58    173
 30   11.6   17.6  13:53    6.6  06:34   53.4    0.0   0.00    0.1    4.7  14:14    298
 31   15.2   27.7  14:35    6.4  07:59   49.8    0.0   0.00    0.1    6.0  15:05    145
---------------------------------------------------------------------------------------
      24.7   48.0     03    2.3     18 1251.6    0.0   0.33    0.6   18.1     24    320
    
Updated: 12/05/2017 02:40:00 AM