Northwest Meridian, Idaho

43° 38.92' N | 116° 25.01' W | 2569 feet | Show on map

Climate Summary for November 2016

Last Updated 04/07/2018

Station:LaCrosse WS-2316
Software:WeeWX
Weewx uptime:NA
Server uptime:NA

                   MONTHLY CLIMATOLOGICAL SUMMARY FOR Nov 2016


NAME: Northwest Meridian, Idaho                  
ELEV: 2569 feet    LAT: 43-38.92 N    LONG: 116-25.01 W


                   TEMPERATURE (°F), RAIN (in), WIND SPEED (mph)

                                         HEAT   COOL         AVG
      MEAN                               DEG    DEG          WIND                   DOM
DAY   TEMP   HIGH   TIME    LOW   TIME   DAYS   DAYS   RAIN  SPEED   HIGH   TIME    DIR
---------------------------------------------------------------------------------------
 01   51.9   61.9  14:41   45.7  23:58   13.1    0.0   0.04    0.4    6.9  01:25    123
 02   49.6   64.6  15:23   37.9  08:10   15.4    0.0   0.00    2.4   16.1  16:06    140
 03   49.1   63.7  16:00   38.5  08:45   15.9    0.0   0.00    0.3    7.4  00:16    141
 04   47.5   64.2  15:50   36.3  07:17   17.5    0.0   0.00    0.2    6.5  11:25    134
 05   47.9   64.4  15:30   35.8  08:40   17.1    0.0   0.00    0.3    5.8  12:24    146
 06   53.8   66.7  14:12   45.5  23:58   11.2    0.0   0.00    0.6    9.2  13:19      6
 07   49.0   61.0  13:45   39.9  06:44   16.0    0.0   0.00    0.2    6.5  12:20     27
 08   51.2   65.5  13:53   40.8  04:11   13.8    0.0   0.00    0.8    8.1  14:53    107
 09   50.8   65.8  15:00   40.5  07:37   14.2    0.0   0.00    0.2    5.1  13:42     36
 10   50.5   66.4  14:47   39.2  06:43   14.5    0.0   0.00    0.1    4.0  11:51     60
 11   49.8   65.8  14:57   38.8  07:49   15.2    0.0   0.00    0.2    5.4  12:12    319
 12   51.8   67.8  15:00   42.4  03:54   13.2    0.0   0.00    0.3    7.4  07:45     94
 13   49.7   65.8  14:02   38.1  07:49   15.3    0.0   0.00    0.2    5.1  11:53    143
 14   51.0   58.6  14:50   45.3  05:33   14.0    0.0   0.02    0.3    8.3  18:18    340
 15   50.8   56.3  15:59   46.8  05:35   14.2    0.0   0.04    1.0   12.1  18:43     55
 16   42.6   49.6  14:11   33.1  00:00   22.4    0.0   0.00    3.4   19.2  16:24    316
 17   36.2   47.7  13:54   28.6  07:40   28.8    0.0   0.00    1.5   13.4  13:36    321
 18   39.8   52.2  13:53   28.8  06:50   25.2    0.0   0.00    4.5   26.2  13:28    137
 19   45.9   52.0  13:44   41.5  07:10   19.1    0.0   0.00    4.9   18.1  00:53    153
 20   44.6   51.8  14:49   39.7  02:20   20.4    0.0   0.02    1.0   15.4  18:43    330
 21   41.2   50.7  14:27   33.8  07:57   23.8    0.0   0.00    1.1   11.9  13:20    323
 22   41.5   55.0  13:47   29.8  07:40   23.5    0.0   0.00    1.9   11.9  16:22    143
 23   44.9   51.4  14:34   36.0  23:54   20.1    0.0   0.00    3.4   14.3  08:36    193
 24   40.4   50.7  15:20   32.2  07:00   24.6    0.0   0.00    0.0    0.0  00:00     90
 25   46.6   53.2  14:31   42.1  08:36   18.4    0.0   0.00    0.7    6.7  17:52    147
 26   46.3   61.5  14:46   34.3  07:30   18.7    0.0   0.00    1.0    5.5  14:38    144
 27   44.3   50.7  14:38   39.9  07:07   20.7    0.0   0.00    0.5    5.3  13:06    286
 28   39.1   45.7  13:48   34.7  22:20   25.9    0.0   0.12    0.8    5.2  12:03    324
 29   38.9   46.9  14:19   34.9  00:09   26.1    0.0   0.00    0.3    2.7  12:53    323
 30   37.7   41.4  15:56   34.7  08:17   27.3    0.0   0.00    0.1    2.5  02:03    246
---------------------------------------------------------------------------------------
      46.2   67.8     12   28.6     17  565.5    0.0   0.24    1.1   26.2     18    146
    
Updated: 12/05/2017 02:40:00 AM