Northwest Meridian, Idaho

43° 38.92' N | 116° 25.01' W | 2569 feet | Show on map

Climate Summary for September 2016

Last Updated 04/07/2018

Station:LaCrosse WS-2316
Software:WeeWX
Weewx uptime:NA
Server uptime:NA

                   MONTHLY CLIMATOLOGICAL SUMMARY FOR Sep 2016


NAME: Northwest Meridian, Idaho                  
ELEV: 2569 feet    LAT: 43-38.92 N    LONG: 116-25.01 W


                   TEMPERATURE (°F), RAIN (in), WIND SPEED (mph)

                                         HEAT   COOL         AVG
      MEAN                               DEG    DEG          WIND                   DOM
DAY   TEMP   HIGH   TIME    LOW   TIME   DAYS   DAYS   RAIN  SPEED   HIGH   TIME    DIR
---------------------------------------------------------------------------------------
 01   72.3   86.9  16:52   57.7  07:26    0.0    7.3   0.00    0.9   11.2  14:41    334
 02   65.3   72.5  16:39   57.9  23:54    0.0    0.3   0.00    0.2    5.6  11:22    303
 03   62.4   79.3  17:18   50.7  07:45    2.6    0.0   0.00    0.1    9.2  16:10    355
 04   61.3   77.5  15:17   52.7  03:48    3.7    0.0   0.00    0.6    9.2  16:57    165
 05   61.1   77.0  15:35   47.1  07:12    3.9    0.0   0.00    0.3    6.5  14:12    271
 06   63.1   84.0  16:03   47.1  07:36    1.9    0.0   0.00    0.7   11.0  11:40     45
 07   63.5   79.5  16:40   49.6  07:28    1.5    0.0   0.00    0.5    7.4  14:53    346
 08   64.6   80.8  16:45   49.8  07:07    0.4    0.0   0.00    0.9   10.7  17:45    338
 09   63.8   82.8  15:54   48.0  07:50    1.2    0.0   0.00    0.6    8.3  11:54    315
 10   65.2   86.4  16:35   46.0  07:38    0.0    0.2   0.00    0.1    6.3  13:24    164
 11   66.2   84.0  15:56   48.7  07:36    0.0    1.2   0.00    1.7   19.0  18:33    359
 12   62.5   79.2  16:12   48.0  07:50    2.5    0.0   0.00    0.4    8.3  20:26    295
 13   60.4   77.0  15:45   46.6  07:49    4.6    0.0   0.00    0.2    8.7  23:57    206
 14   60.6   69.1  15:03   54.0  23:58    4.4    0.0   0.00    0.3   12.8  11:46    158
 15   60.0   78.3  16:17   44.6  07:41    5.0    0.0   0.00    0.2    5.4  12:30    302
 16   62.2   82.9  16:34   44.8  07:50    2.8    0.0   0.00    0.1    5.6  17:45     58
 17   65.5   84.2  14:59   47.8  07:39    0.0    0.5   0.00    0.2    6.7  13:29    136
 18   70.1   84.7  17:07   58.8  07:40    0.0    5.1   0.00    0.2    8.9  00:32    353
 19   68.9   85.3  16:57   54.1  07:58    0.0    3.9   0.00    0.2    7.8  14:31    327
 20   65.1   79.3  15:51   52.3  07:45    0.0    0.1   0.00    0.5    9.2  16:27    295
 21   59.2   70.0  16:26   49.8  07:30    5.8    0.0   0.06    0.4    8.5  19:13    291
 22   57.7   63.7  17:08   53.4  07:50    7.3    0.0   0.00    0.7   10.7  13:27    296
 23   60.8   71.8  15:00   52.2  07:52    4.2    0.0   0.00    3.4   20.6  12:32    302
 24   59.3   71.2  16:13   49.6  07:20    5.7    0.0   0.00    1.5   12.3  13:56    298
 25   59.5   77.9  16:48   43.7  07:47    5.5    0.0   0.00    0.3    6.5  18:35    313
 26   65.5   87.1  16:27   48.7  07:47    0.0    0.5   0.00    0.4    8.1  11:51    138
 27   66.9   86.2  16:15   50.7  07:51    0.0    1.9   0.00    0.1    6.3  16:36    359
 28   69.5   92.7  16:17   52.2  08:00    0.0    4.5   0.00    0.5    9.6  15:07    119
 29   73.0   91.2  15:24   57.6  08:33    0.0    8.0   0.00    0.6   10.7  19:40    139
 30   74.5   89.4  15:11   62.2  08:28    0.0    9.5   0.00    1.4   16.3  23:08    132
---------------------------------------------------------------------------------------
      64.3   92.7     28   43.7     25   62.9   43.0   0.06    0.6   20.6     23    318
    
Updated: 12/05/2017 02:40:00 AM