Northwest Meridian, Idaho

43° 38.92' N | 116° 25.01' W | 2569 feet | Show on map

Climate Summary for August 2016

Last Updated 04/07/2018

Station:LaCrosse WS-2316
Software:WeeWX
Weewx uptime:NA
Server uptime:NA

                   MONTHLY CLIMATOLOGICAL SUMMARY FOR Aug 2016


NAME: Northwest Meridian, Idaho                  
ELEV: 2569 feet    LAT: 43-38.92 N    LONG: 116-25.01 W


                   TEMPERATURE (°F), RAIN (in), WIND SPEED (mph)

                                         HEAT   COOL         AVG
      MEAN                               DEG    DEG          WIND                   DOM
DAY   TEMP   HIGH   TIME    LOW   TIME   DAYS   DAYS   RAIN  SPEED   HIGH   TIME    DIR
---------------------------------------------------------------------------------------
 01   77.9   97.3  19:59   56.8  07:04    0.0   12.9   0.00    0.7    9.6  17:51    337
 02   80.4   99.0  16:18   60.1  07:06    0.0   15.4   0.00    1.4   12.1  20:46    359
 03   71.5   89.2  20:01   53.8  07:10    0.0    6.5   0.00    1.5   14.5  15:42    300
 04   75.9   97.5  20:03   54.7  07:10    0.0   10.9   0.00    0.3    8.1  17:42    277
 05   79.2  101.3  15:40   63.1  07:20    0.0   14.2   0.00    0.7   19.0  18:00    163
 06   82.8  100.2  16:53   65.8  06:52    0.0   17.8   0.00    0.2    5.8  03:20    240
 07   78.9   96.6  20:08   63.1  06:20    0.0   13.9   0.00    1.3   12.8  13:00    348
 08   73.0   86.7  19:52   57.9  07:20    0.0    8.0   0.00    1.4   11.6  18:02    352
 09   69.1   80.4  17:05   57.9  07:59    0.0    4.1   0.00    1.3   10.5  17:52    324
 10   69.4   89.4  20:15   52.3  06:57    0.0    4.4   0.00    0.7    8.9  17:39    301
 11   74.2   96.6  20:07   54.9  07:04    0.0    9.2   0.00    0.7   12.8  16:20    335
 12   77.7   99.5  20:12   57.4  06:54    0.0   12.7   0.00    0.4    9.2  18:08    333
 13   79.3   99.0  16:42   58.8  06:56    0.0   14.3   0.00    0.3    8.3  17:40      3
 14   79.4   96.8  13:34   63.0  07:09    0.0   14.4   0.00    0.3    6.9  14:23    338
 15   81.3  101.7  20:12   61.5  07:02    0.0   16.3   0.00    0.6    9.8  15:02    333
 16   81.2  100.6  16:58   60.6  07:02    0.0   16.2   0.00    0.1    4.5  17:43    224
 17   80.1   97.0  16:11   66.7  07:10    0.0   15.1   0.00    0.3    8.7  16:49    268
 18   80.4   98.4  20:00   62.8  07:39    0.0   15.4   0.00    0.4   10.5  17:53    275
 19   80.1   97.2  19:55   61.9  07:16    0.0   15.1   0.00    1.2   11.4  14:52    288
 20   77.6   95.5  19:56   59.2  07:20    0.0   12.6   0.00    0.2    6.7  15:00    312
 21   78.2   97.3  20:00   58.6  07:12    0.0   13.2   0.00    0.6   12.8  16:52    359
 22   73.1   87.1  16:35   57.6  07:38    0.0    8.1   0.00    0.9   10.1  17:51    354
 23   68.9   84.9  19:56   50.7  07:16    0.0    3.9   0.00    0.7    9.6  17:11    289
 24   69.7   86.2  16:11   52.5  07:40    0.0    4.7   0.00    1.0   11.4  14:28    270
 25   71.4   89.8  15:11   54.0  07:03    0.0    6.4   0.00    0.6    8.5  10:14    172
 26   72.2   89.4  15:40   55.8  06:55    0.0    7.2   0.00    0.2    6.7  18:26    329
 27   74.2   93.0  16:40   54.3  07:02    0.0    9.2   0.00    0.3    6.7  16:23     13
 28   75.2   93.0  16:14   57.0  07:40    0.0   10.2   0.00    0.4    5.4  12:42    357
 29   76.4   94.1  15:38   59.4  07:32    0.0   11.4   0.00    0.2    4.9  17:21    358
 30   75.1   90.1  18:27   61.9  07:03    0.0   10.1   0.00    0.3    9.4  15:23    324
 31   74.8   93.2  16:53   60.6  07:50    0.0    9.8   0.00    0.5    8.7  03:24    353
---------------------------------------------------------------------------------------
      76.1  101.7     15   50.7     23    0.0  343.5   0.00    0.6   19.0     05    326
    
Updated: 12/05/2017 02:40:00 AM