Northwest Meridian, Idaho

43° 38.92' N | 116° 25.01' W | 2569 feet | Show on map

Climate Summary for July 2016

Last Updated 04/07/2018

Station:LaCrosse WS-2316
Software:WeeWX
Weewx uptime:NA
Server uptime:NA

                   MONTHLY CLIMATOLOGICAL SUMMARY FOR Jul 2016


NAME: Northwest Meridian, Idaho                  
ELEV: 2569 feet    LAT: 43-38.92 N    LONG: 116-25.01 W


                   TEMPERATURE (°F), RAIN (in), WIND SPEED (mph)

                                         HEAT   COOL         AVG
      MEAN                               DEG    DEG          WIND                   DOM
DAY   TEMP   HIGH   TIME    LOW   TIME   DAYS   DAYS   RAIN  SPEED   HIGH   TIME    DIR
---------------------------------------------------------------------------------------
 01   84.3  100.9  19:50   66.7  06:26    0.0   19.3   0.00    0.7    8.5  00:01    262
 02   79.7   97.5  16:38   60.1  06:28    0.0   14.7   0.00    0.7   11.2  15:47    350
 03   82.8   97.5  18:48   66.7  06:36    0.0   17.8   0.00    1.3   11.4  11:36    341
 04   76.2   90.0  15:54   60.4  06:19    0.0   11.2   0.00    1.3   10.3  15:57    345
 05   73.7   86.5  19:48   57.9  06:30    0.0    8.7   0.00    1.3   13.6  16:14    355
 06   71.5   84.0  19:48   57.6  06:26    0.0    6.5   0.00    1.1   11.2  13:44    343
 07   76.4   96.1  15:40   55.0  06:26    0.0   11.4   0.00    0.6    7.6  16:10     34
 08   76.7   95.5  16:34   60.8  06:32    0.0   11.7   0.00    1.1   17.4  18:29    352
 09   75.3   91.6  15:42   63.7  06:02    0.0   10.3   0.00    1.0   13.6  17:30    357
 10   59.9   70.0  00:01   54.5  08:14    5.1    0.0   0.61    0.9   17.0  07:15    297
 11   65.9   82.9  19:52   48.6  06:40    0.0    0.9   0.00    0.4    8.5  16:03    327
 12   71.0   89.4  17:03   53.8  06:25    0.0    6.0   0.00    1.8   20.4  17:50    352
 13   72.1   89.6  19:46   54.1  06:40    0.0    7.1   0.00    0.6    8.9  13:55    333
 14   77.3   95.7  16:40   56.5  06:39    0.0   12.3   0.00    0.8    9.6  17:19    350
 15   77.6   92.8  19:48   59.5  06:50    0.0   12.6   0.00    1.5   10.7  17:35    335
 16   73.9   89.2  17:05   56.5  06:19    0.0    8.9   0.00    1.0   10.7  15:31    326
 17   78.2  100.0  16:32   57.4  06:19    0.0   13.2   0.00    0.4    8.3  18:23     10
 18   80.4   98.2  20:01   61.5  06:51    0.0   15.4   0.00    1.0   11.4  16:08    350
 19   78.4   95.0  17:36   59.2  06:39    0.0   13.4   0.00    0.9    8.9  15:42    351
 20   78.5   96.6  19:12   59.9  06:49    0.0   13.5   0.00    0.9    9.6  16:53    341
 21   83.4  104.2  19:57   61.0  06:41    0.0   18.4   0.00    0.8    9.6  17:23    354
 22   81.3   95.5  19:57   66.4  07:05    0.0   16.3   0.00    1.5   16.8  22:27    335
 23   75.2   90.7  19:56   57.4  06:50    0.0   10.2   0.00    1.1   10.3  18:11    326
 24   78.1   99.5  19:58   57.7  06:48    0.0   13.1   0.00    0.5    6.3  12:50    329
 25   82.7  104.9  19:58   60.1  06:48    0.0   17.7   0.00    0.3    9.2  17:43    332
 26   84.5  104.5  19:45   63.0  06:53    0.0   19.5   0.00    0.4    9.4  15:17    340
 27   85.3  102.0  16:22   64.9  06:52    0.0   20.3   0.00    0.8    9.6  18:01    347
 28   85.1  104.7  20:01   65.7  07:06    0.0   20.1   0.00    0.8    8.5  17:55    314
 29   85.0  106.0  20:01   64.4  06:45    0.0   20.0   0.00    0.8   11.0  16:59    351
 30   85.8  105.1  20:03   66.0  06:47    0.0   20.8   0.00    0.5    9.2  13:36    358
 31   80.0   96.4  20:01   62.4  06:50    0.0   15.0   0.00    1.1   10.1  15:55    338
---------------------------------------------------------------------------------------
      77.9  106.0     29   48.6     11    5.1  406.5   0.61    0.9   20.4     12    342
    
Updated: 12/05/2017 02:40:00 AM