Northwest Meridian, Idaho

43° 38.92' N | 116° 25.01' W | 2569 feet | Show on map

Climate Summary for June 2016

Last Updated 04/07/2018

Station:LaCrosse WS-2316
Software:WeeWX
Weewx uptime:NA
Server uptime:NA

                   MONTHLY CLIMATOLOGICAL SUMMARY FOR Jun 2016


NAME: Northwest Meridian, Idaho                  
ELEV: 2569 feet    LAT: 43-38.92 N    LONG: 116-25.01 W


                   TEMPERATURE (°F), RAIN (in), WIND SPEED (mph)

                                         HEAT   COOL         AVG
      MEAN                               DEG    DEG          WIND                   DOM
DAY   TEMP   HIGH   TIME    LOW   TIME   DAYS   DAYS   RAIN  SPEED   HIGH   TIME    DIR
---------------------------------------------------------------------------------------
 01   76.3   99.0  17:20   52.5  06:42    0.0   11.3   0.00    0.5    6.9  12:40    131
 02   74.6   88.9  17:43   61.7  06:36    0.0    9.6   0.00    0.4    7.8  16:26    343
 03   75.4   95.5  19:48   57.0  06:28    0.0   10.4   0.00    0.6   11.4  17:37    331
 04   79.8  100.4  19:50   58.3  06:40    0.0   14.8   0.00    0.3    6.0  18:07    329
 05   81.7   99.7  16:42   61.7  06:17    0.0   16.7   0.00    0.4    8.3  22:50    290
 06   85.0  102.0  19:40   70.5  06:34    0.0   20.0   0.00    0.6   11.9  02:15    358
 07   81.8  100.0  18:08   65.1  06:26    0.0   16.8   0.00    0.3   10.5  21:35    296
 08   85.0  105.4  17:06   66.7  06:09    0.0   20.0   0.00    0.8   16.3  21:25    307
 09   75.1   87.8  19:54   61.5  06:20    0.0   10.1   0.00    1.2   10.5  15:17    332
 10   71.9   86.9  14:03   59.9  05:59    0.0    6.9   0.00    1.7   21.7  18:41    333
 11   63.7   75.9  19:35   51.1  06:30    1.3    0.0   0.00    2.2   17.9  12:53    312
 12   66.9   88.7  19:47   47.1  06:08    0.0    1.9   0.00    0.7    9.2  10:04    273
 13   72.6   92.5  15:07   49.6  06:30    0.0    7.6   0.00    0.7   10.3  23:25     10
 14   63.9   75.9  19:54   53.2  09:46    1.1    0.0   0.06    1.3   14.8  05:36    343
 15   56.2   66.0  15:36   47.1  06:15    8.8    0.0   0.10    0.2    6.9  18:40    318
 16   60.8   75.9  19:07   48.6  06:08    4.2    0.0   0.00    0.6    8.7  14:10     19
 17   67.8   87.4  20:00   48.0  05:56    0.0    2.8   0.00    0.4    7.2  13:32    330
 18   68.9   84.9  11:34   57.9  06:40    0.0    3.9   0.00    2.7   19.5  16:10    319
 19   66.8   89.8  19:46   13.8  19:50    0.0    1.8   0.00    0.6    8.3  11:56    287
 20   76.2   98.8  19:42   54.0  06:31    0.0   11.2   0.00    0.7    9.2  16:39    349
 21   74.6   88.5  19:34   59.0  06:35    0.0    9.6   0.00    1.3   11.9  11:28    331
 22   76.8   96.4  16:55   54.0  06:22    0.0   11.8   0.00    0.5    6.9  18:55    327
 23   78.2   93.7  17:32   60.3  06:30    0.0   13.2   0.00    1.1   10.5  18:38    347
 24   69.6   76.8  15:54   60.4  06:29    0.0    4.6   0.00    2.8   17.0  12:37    343
 25   69.6   90.5  19:49   49.3  06:30    0.0    4.6   0.00    0.5    8.1  17:58    298
 26   77.2   99.3  19:52   54.1  06:40    0.0   12.2   0.00    0.5    7.8  18:56    289
 27   83.0  101.7  17:20   60.4  06:18    0.0   18.0   0.00    0.8    8.9  13:14    351
 28   84.7  103.8  19:07   62.8  06:23    0.0   19.7   0.00    0.8   15.0  15:09    285
 29   85.2  105.4  16:14   64.0  06:31    0.0   20.2   0.00    0.3    9.4  23:50    271
 30   86.3  102.4  19:48   68.7  06:43    0.0   21.3   0.00    1.1   16.8  00:02    290
---------------------------------------------------------------------------------------
      74.5  105.4     08   13.8     19   15.3  301.0   0.16    0.9   21.7     10    326
    
Updated: 12/05/2017 02:40:00 AM