Northwest Meridian, Idaho

43° 38.92' N | 116° 25.01' W | 2569 feet | Show on map

Climate Summary for April 2016

Last Updated 04/07/2018

Station:LaCrosse WS-2316
Software:WeeWX
Weewx uptime:NA
Server uptime:NA

                   MONTHLY CLIMATOLOGICAL SUMMARY FOR Apr 2016


NAME: Northwest Meridian, Idaho                  
ELEV: 2569 feet    LAT: 43-38.92 N    LONG: 116-25.01 W


                   TEMPERATURE (°F), RAIN (in), WIND SPEED (mph)

                                         HEAT   COOL         AVG
      MEAN                               DEG    DEG          WIND                   DOM
DAY   TEMP   HIGH   TIME    LOW   TIME   DAYS   DAYS   RAIN  SPEED   HIGH   TIME    DIR
---------------------------------------------------------------------------------------
 01   55.5   74.0  18:00   39.7  07:50    9.5    0.0   0.00    1.1   11.4  14:40    137
 02   56.1   78.0  16:50   36.9  08:00    8.9    0.0   0.00    0.4    5.6  17:50     53
 03   60.3   76.6  17:33   43.9  07:40    4.7    0.0   0.00    0.6    9.6  16:44    351
 04   55.3   61.3  16:53   42.6  23:54    9.7    0.0   0.00    3.3   19.7  16:57    338
 05   47.9   59.5  17:47   37.0  02:48   17.1    0.0   0.00    2.2   15.7  16:08    332
 06   52.6   71.6  17:50   33.4  07:20   12.4    0.0   0.00    0.7   10.5  17:05      1
 07   59.6   82.2  17:03   37.9  07:23    5.4    0.0   0.00    0.5    8.1  10:55    151
 08   60.8   81.0  17:08   40.8  07:18    4.2    0.0   0.00    0.3    6.3  14:45    322
 09   62.8   81.0  17:19   45.1  07:10    2.2    0.0   0.00    0.6    8.9  15:41    327
 10   61.9   77.4  16:11   44.4  07:40    3.1    0.0   0.00    0.7   11.2  17:32    332
 11   61.1   77.0  16:46   45.7  07:20    3.9    0.0   0.00    0.6    9.2  13:59    330
 12   57.5   70.0  12:55   47.1  05:30    7.5    0.0   0.00    1.6   11.9  15:38    320
 13   55.1   67.5  16:50   44.4  07:20    9.9    0.0   0.12    1.3   18.3  04:10    354
 14   50.8   59.0  15:55   43.7  23:59   14.2    0.0   0.02    1.5   16.6  05:26    302
 15   48.6   59.7  17:18   37.6  07:14   16.4    0.0   0.00    4.9   19.7  17:18    333
 16   51.1   67.3  17:06   34.0  06:47   13.9    0.0   0.00    1.1   11.0  17:23    325
 17   56.4   75.0  17:33   37.6  06:06    8.6    0.0   0.00    0.7   11.9  12:33    104
 18   58.9   75.0  16:49   41.2  05:53    6.1    0.0   0.00    1.2    9.6  11:48     93
 19   60.3   78.8  18:12   40.3  07:07    4.7    0.0   0.00    0.8   12.1  16:15    333
 20   64.9   88.2  17:45   42.3  07:09    0.1    0.0   0.00    0.4   11.6  11:45    146
 21   66.8   90.3  16:34   47.3  07:07    0.0    1.8   0.00    0.7   10.7  15:53     57
 22   63.6   75.7  14:18   54.0  23:53    1.4    0.0   0.00    1.1   10.1  16:20    332
 23   51.4   59.5  17:06   46.0  08:56   13.6    0.0   0.31    3.8   21.3  15:04    318
 24   52.1   65.7  15:27   39.4  06:57   12.9    0.0   0.00    1.8   13.2  17:29    323
 25   52.1   62.4  15:10   45.0  06:07   12.9    0.0   0.00    9.4   35.6  15:58    323
 26   55.3   69.8  18:26   41.9  06:40    9.7    0.0   0.00    4.1   19.9  13:01    298
 27   56.6   64.2  13:34   49.3  06:20    8.4    0.0   0.00    2.2   12.1  17:31    340
 28   56.1   68.7  15:17   41.2  07:10    8.9    0.0   0.00    5.4   27.7  15:28    334
 29   54.9   63.7  13:28   46.6  07:39   10.1    0.0   0.00    4.5   21.0  17:06    338
 30   55.0   68.5  16:20   43.7  06:08   10.0    0.0   0.00    6.7   23.3  17:34    330
---------------------------------------------------------------------------------------
      56.7   90.3     21   33.4     06  250.2    1.8   0.45    2.1   35.6     25    329
    
Updated: 12/05/2017 02:40:00 AM