Northwest Meridian, Idaho

43° 38.92' N | 116° 25.01' W | 2569 feet | Show on map

Climate Summary for March 2016

Last Updated 04/07/2018

Station:LaCrosse WS-2316
Software:WeeWX
Weewx uptime:NA
Server uptime:NA

                   MONTHLY CLIMATOLOGICAL SUMMARY FOR Mar 2016


NAME: Northwest Meridian, Idaho                  
ELEV: 2569 feet    LAT: 43-38.92 N    LONG: 116-25.01 W


                   TEMPERATURE (°F), RAIN (in), WIND SPEED (mph)

                                         HEAT   COOL         AVG
      MEAN                               DEG    DEG          WIND                   DOM
DAY   TEMP   HIGH   TIME    LOW   TIME   DAYS   DAYS   RAIN  SPEED   HIGH   TIME    DIR
---------------------------------------------------------------------------------------
 01   50.5   64.7  15:30   43.1  06:50   14.5    0.0   0.02    2.8   19.9  17:40    131
 02   48.8   60.2  14:50   36.3  08:00   16.2    0.0   0.00    0.6    9.2  13:20     25
 03   49.5   67.2  16:30   39.6  00:00   15.5    0.0   0.00    1.0   22.1  17:00     22
 04   50.3   70.4  15:50   32.4  07:20   14.7    0.0   0.00    2.1   13.6  14:40    145
 05   57.3   66.7  16:40   48.4  07:50    7.7    0.0   0.08    3.4   20.1  22:30    132
 06   52.0   62.6  02:20   37.2  00:00   13.0    0.0   0.12    3.7   19.5  02:20    147
 07   45.4   57.8  13:40   36.1  01:00   19.6    0.0   0.00    0.7    7.8  16:10    321
 08   45.2   57.5  15:00   36.0  07:50   19.8    0.0   0.00    0.7   21.0  17:40    237
 09   47.1   57.5  13:40   37.7  02:50   17.9    0.0   0.00    3.7   22.1  21:20    130
 10   56.2   61.1  14:30   50.0  00:00    8.8    0.0   0.00    5.2   19.5  01:10    135
 11   53.4   65.2  15:30   46.6  23:40   11.6    0.0   0.02    4.3   18.3  15:00    136
 12   50.4   62.0  13:50   44.4  07:20   14.6    0.0   0.06    1.6   12.3  18:20    180
 13   48.0   56.0  15:20   42.1  07:40   17.0    0.0   0.10    4.2   20.8  15:40    136
 14   44.1   53.0  15:30   37.6  05:50   20.9    0.0   0.06    4.2   17.2  01:50    283
 15   40.3   49.3  14:40   36.5  07:20   24.7    0.0   0.06    2.0   20.6  10:20    270
 16   43.3   52.5  17:50   36.5  08:10   21.7    0.0   0.04    0.9    9.2  17:10     43
 17   42.6   52.0  16:10   35.3  05:20   22.4    0.0   0.00    3.6   18.3  18:20    344
 18   41.0   58.1  17:40   25.4  07:10   24.0    0.0   0.00    3.4   17.7  13:40    135
 19   47.9   67.2  17:30   34.2  07:30   17.1    0.0   0.00    5.3   16.1  14:10    136
 20   53.3   72.9  17:40   37.6  08:20   11.7    0.0   0.04    4.7   18.8  20:20    138
 21   51.5   64.2  15:10   45.2  00:00   13.5    0.0   0.63    3.1   25.5  20:10    145
 22   45.4   53.0  16:30   37.3  08:10   19.6    0.0   0.00    5.0   22.4  17:20    308
 23   45.9   58.1  16:40   33.5  08:10   19.1    0.0   0.00    2.1   12.8  15:00    322
 24   49.3   58.0  12:50   42.6  00:00   15.7    0.0   0.00    6.2   21.9  15:30    338
 25   41.9   52.4  15:20   33.9  00:00   23.1    0.0   0.00    3.4   20.4  18:00    330
 26   41.9   58.2  16:10   24.6  07:40   23.1    0.0   0.00    0.6    7.4  18:10    143
 27   48.3   58.8  16:40   37.1  00:00   16.7    0.0   0.00    1.8   13.2  19:50    151
 28   41.0   55.1  16:50   27.2  08:10   24.0    0.0   0.00    6.6   25.7  19:50    327
 29   47.5   59.0  17:50   39.0  04:30   17.5    0.0   0.00   10.5   26.2  03:30    331
 30   48.7   65.4  17:00   31.1  07:50   16.3    0.0   0.00    1.3   11.9  16:20    314
 31   53.0   69.2  17:20   37.5  07:40   12.0    0.0   0.00    3.2   19.7  16:40    318
---------------------------------------------------------------------------------------
      47.8   72.9     20   24.6     26  533.6    0.0   1.24    3.3   26.2     29     31
    
Updated: 12/05/2017 02:40:00 AM