Northwest Meridian, Idaho

43° 38.92' N | 116° 25.01' W | 2569 feet | Show on map

Climate Summary for December 2015

Last Updated 04/07/2018

Station:LaCrosse WS-2316
Software:WeeWX
Weewx uptime:NA
Server uptime:NA

                   MONTHLY CLIMATOLOGICAL SUMMARY FOR Dec 2015


NAME: Northwest Meridian, Idaho                  
ELEV: 2569 feet    LAT: 43-38.92 N    LONG: 116-25.01 W


                   TEMPERATURE (°F), RAIN (in), WIND SPEED (mph)

                                         HEAT   COOL         AVG
      MEAN                               DEG    DEG          WIND                   DOM
DAY   TEMP   HIGH   TIME    LOW   TIME   DAYS   DAYS   RAIN  SPEED   HIGH   TIME    DIR
---------------------------------------------------------------------------------------
 01   18.1   28.0  14:53   13.0  23:04   46.9    0.0   0.00    0.9    7.0  13:28    143
 02   23.3   30.0  14:45   13.0  00:04   41.7    0.0   0.00    0.3    4.0  11:44    150
 03   34.9   41.0  13:13   25.0  02:22   30.1    0.0   0.00    6.6   22.0  18:13    146
 04   40.5   48.0  13:52   34.0  23:55   24.5    0.0   0.14    2.0   15.0  00:10    143
 05   37.2   49.8  14:08   27.0  03:59   27.8    0.0   0.00    4.9   19.0  13:07    140
 06   43.8   54.0  15:33   39.0  00:15   21.2    0.0   0.00    6.1   17.0  04:03    149
 07   46.2   49.0  18:01   41.0  03:10   18.8    0.0   0.56    3.8   18.0  13:00    131
 08   50.4   57.0  14:42   46.0  05:52   14.6    0.0   0.00    2.6   12.0  15:32    131
 09   48.4   56.0  11:58   40.0  21:08   16.6    0.0   0.06    4.1   16.0  05:58    135
 10   44.5   52.0  14:07   37.0  22:18   20.5    0.0   0.20    4.3   21.0  08:26    159
 11   40.6   50.0  15:32   37.0  21:59   24.4    0.0   0.02    1.5    9.0  13:42    138
 12   39.5   44.0  13:41   37.0  00:04   25.5    0.0   0.09    3.5   19.0  22:53    136
 13   40.8   50.0  14:09   34.0  20:29   24.2    0.0   0.28    8.5   22.0  01:00    131
 14   35.7   43.0  13:43   31.0  23:54   29.3    0.0   0.00    9.2   22.0  13:53    311
 15   33.4   42.0  13:52   29.0  08:40   31.6    0.0   0.00    6.8   22.0  11:51    317
 16   30.6   37.0  12:37   23.0  23:27   34.4    0.0   0.00    1.4    9.0  15:57     42
 17   29.3   34.0  14:08   23.0  01:57   35.7    0.0   0.00    3.7   15.0  12:38    140
 18   39.4   46.0  12:37   34.0  00:06   25.6    0.0   0.20    5.3   14.0  13:37    139
 19   38.8   46.0  12:25   33.0  21:34   26.2    0.0   0.06    1.4   15.0  01:07    151
 20   34.0   42.0  13:26   29.0  06:45   31.0    0.0   0.00    1.3   16.0  15:56    148
 21   38.4   45.0  17:55   34.0  00:01   26.6    0.0   0.29    5.0   18.0  10:44    143
 22   36.6   41.0  14:12   33.0  20:23   28.4    0.0   0.00    0.8    8.0  15:22    349
 23   33.7   40.0  13:01   28.0  06:31   31.3    0.0   0.04    1.1   10.0  13:51    257
 24   31.0   39.0  13:55   25.0  19:01   34.0    0.0   0.04    1.2   11.0  07:52    129
 25   22.2   27.0  13:16   17.0  22:36   42.8    0.0   0.00    0.2    4.0  14:06     23
 26   17.2   27.0  14:25   12.0  08:24   47.8    0.0   0.00    0.8    7.0  14:35     23
 27   15.6   22.0  13:34   11.0  22:53   49.4    0.0   0.00    1.7   12.0  07:44     23
 28   17.8   25.0  13:21   11.0  00:03   47.2    0.0   0.00    0.6    7.0  14:31     23
 29   21.4   31.0  13:55   12.0  00:54   43.6    0.0   0.00    0.5    6.0  10:35     23
 30   24.9   34.0  13:34   20.0  08:47   40.1    0.0   0.00    0.6    7.0  16:14    333
 31   23.8   34.0  14:44   14.2  23:54   41.2    0.0   0.00    0.8   10.0  11:35    141
---------------------------------------------------------------------------------------
      33.5   57.0     08   11.0     27  983.0    0.0   1.98    3.0   22.0     03    140
    
Updated: 12/05/2017 02:40:00 AM