Northwest Meridian, Idaho

43° 38.92' N | 116° 25.01' W | 2569 feet | Show on map

Climate Summary for November 2015

Last Updated 04/07/2018

Station:LaCrosse WS-2316
Software:WeeWX
Weewx uptime:NA
Server uptime:NA

                   MONTHLY CLIMATOLOGICAL SUMMARY FOR Nov 2015


NAME: Northwest Meridian, Idaho                  
ELEV: 2569 feet    LAT: 43-38.92 N    LONG: 116-25.01 W


                   TEMPERATURE (°F), RAIN (in), WIND SPEED (mph)

                                         HEAT   COOL         AVG
      MEAN                               DEG    DEG          WIND                   DOM
DAY   TEMP   HIGH   TIME    LOW   TIME   DAYS   DAYS   RAIN  SPEED   HIGH   TIME    DIR
---------------------------------------------------------------------------------------
 01   55.1   60.0  13:08   47.0  22:59    9.9    0.0   0.07    1.4    9.0  17:18    133
 02   47.0   53.0  12:41   43.0  23:44   18.0    0.0   0.00    0.3    6.0  14:54    295
 03   43.9   55.0  13:13   35.0  23:20   21.1    0.0   0.00    5.5   19.0  09:46    318
 04   41.3   55.0  15:06   31.0  23:53   23.7    0.0   0.00    2.4   15.0  12:56    305
 05   39.3   55.0  15:47   27.0  03:44   25.7    0.0   0.00    0.2    7.0  13:07    342
 06   41.1   56.0  13:53   33.0  05:41   23.9    0.0   0.00    0.4    7.0  13:12    338
 07   41.6   58.0  14:06   28.0  07:13   23.4    0.0   0.00    4.2   19.0  13:26    141
 08   47.2   58.0  13:31   36.0  04:09   17.8    0.0   0.00    4.6   17.0  14:01    146
 09   42.6   50.0  00:02   34.0  23:59   22.4    0.0   0.28    1.8   15.0  14:31    239
 10   38.5   49.0  13:54   31.0  03:39   26.5    0.0   0.00    2.0   15.0  13:24    335
 11   38.6   51.0  13:45   27.0  03:18   26.4    0.0   0.00    0.3    6.0  14:55     46
 12   40.6   57.0  15:13   29.0  07:08   24.4    0.0   0.00    0.4    5.0  15:43    124
 13   43.1   59.0  14:09   31.0  06:34   21.9    0.0   0.00    1.4   12.0  13:59    141
 14   45.0   65.0  14:36   30.0  07:40   20.0    0.0   0.00    2.1   15.0  14:06    139
 15   46.0   57.0  12:22   34.0  23:36   19.0    0.0   0.02    5.4   22.0  21:36    167
 16   36.5   44.0  13:50   32.0  07:21   28.5    0.0   0.00    7.8   27.0  11:50    312
 17   41.1   51.0  14:00   33.0  00:04   23.9    0.0   0.04    1.8   11.0  20:15    128
 18   43.2   53.0  00:45   34.0  20:32   21.8    0.0   0.00    5.4   26.0  04:01    327
 19   38.2   44.0  16:30   33.0  00:42   26.8    0.0   0.08    1.8    9.0  10:46    149
 20   34.8   45.0  13:22   24.0  23:45   30.2    0.0   0.00    3.0   16.3  16:28    327
 21   29.0   48.0  15:40   19.0  07:16   36.0    0.0   0.00    0.4    9.0  12:20    159
 22   29.0   47.0  14:33   18.0  06:13   36.0    0.0   0.00    0.7   12.0  11:03    158
 23   31.3   50.0  15:23   20.0  07:25   33.7    0.0   0.00    0.1    6.0  12:03    143
 24   35.4   44.0  13:13   29.0  00:04   29.6    0.0   0.17    0.7   11.0  15:03    276
 25   34.6   37.0  00:31   33.0  12:52   30.4    0.0   0.32    1.4   10.0  06:31    278
 26   29.3   42.0  15:10   20.0  23:01   35.7    0.0   0.04    0.8    6.0  12:30    164
 27   23.5   36.0  15:49   16.0  05:31   41.5    0.0   0.00    1.3    7.0  11:38    144
 28   22.8   34.0  14:11   18.0  00:03   42.2    0.0   0.00    1.0    8.0  19:21    159
 29   21.3   26.0  14:40   18.0  03:11   43.7    0.0   0.00    1.1    7.0  09:46    130
 30   22.0   26.0  13:33   17.0  23:16   43.0    0.0   0.00    1.6    7.0  10:13    151
---------------------------------------------------------------------------------------
      37.4   65.0     14   16.0     27  827.1    0.0   1.02    2.0   27.0     16    278
    
Updated: 12/05/2017 02:40:00 AM