Northwest Meridian, Idaho

43° 38.92' N | 116° 25.01' W | 2569 feet | Show on map

Climate Summary for October 2015

Last Updated 04/07/2018

Station:LaCrosse WS-2316
Software:WeeWX
Weewx uptime:NA
Server uptime:NA

                   MONTHLY CLIMATOLOGICAL SUMMARY FOR Oct 2015


NAME: Northwest Meridian, Idaho                  
ELEV: 2569 feet    LAT: 43-38.92 N    LONG: 116-25.01 W


                   TEMPERATURE (°F), RAIN (in), WIND SPEED (mph)

                                         HEAT   COOL         AVG
      MEAN                               DEG    DEG          WIND                   DOM
DAY   TEMP   HIGH   TIME    LOW   TIME   DAYS   DAYS   RAIN  SPEED   HIGH   TIME    DIR
---------------------------------------------------------------------------------------
 01   66.4   77.0  14:15   60.0  22:31    0.0    1.4   0.00    0.8   10.0  17:51    292
 02   66.1   81.0  15:32   55.0  08:18    0.0    1.1   0.00    2.9   19.0  16:12    320
 03   59.2   76.0  16:29   48.0  06:41    5.8    0.0   0.00    0.4    7.0  13:39    310
 04   59.0   78.0  15:49   45.0  07:49    6.0    0.0   0.00    0.5   13.0  16:29    186
 05   59.3   80.0  16:11   44.0  06:40    5.7    0.0   0.00    0.2    6.0  10:10    278
 06   61.9   84.0  15:25   45.0  08:06    3.1    0.0   0.00    0.1    6.0  17:08    338
 07   62.6   80.0  15:09   48.0  05:41    2.4    0.0   0.00    0.3    7.0  22:23      5
 08   64.1   78.0  15:15   53.0  07:25    0.9    0.0   0.00    0.1    6.0  15:55     23
 09   65.0   89.0  17:06   51.0  07:15    0.0    0.0   0.00    0.2    5.0  10:55      9
 10   68.6   93.0  16:56   48.0  07:05    0.0    3.6   0.00    0.4   10.0  12:45    167
 11   61.5   74.0  00:05   48.0  23:48    3.5    0.0   0.00    1.9   21.0  02:46    320
 12   54.8   77.0  15:09   39.0  07:26   10.2    0.0   0.00    0.2    6.0  16:20      7
 13   58.1   83.0  16:21   42.0  06:51    6.9    0.0   0.00    0.1    5.0  14:51    317
 14   59.6   83.0  16:29   44.0  06:42    5.4    0.0   0.00    0.1    6.0  15:19    325
 15   59.3   84.0  16:08   42.0  07:17    5.7    0.0   0.00    0.3    6.0  13:18    152
 16   59.3   83.0  16:15   44.0  06:43    5.7    0.0   0.00    0.1   22.0  08:35    158
 17   58.4   77.0  15:14   44.0  06:29    6.6    0.0   0.15    0.2    9.0  20:24    131
 18   60.8   70.0  14:06   55.0  04:31    4.2    0.0   0.04    0.1    5.0  23:57    337
 19   56.1   60.0  14:45   54.0  07:52    8.9    0.0   0.14    2.0   10.0  05:12    123
 20   55.6   69.0  15:28   46.0  08:08    9.4    0.0   0.00    2.6   14.0  16:08    323
 21   52.2   72.0  16:30   40.0  05:58   12.8    0.0   0.00    0.3    4.0  10:58    178
 22   50.5   67.0  16:32   39.0  06:17   14.5    0.0   0.00    0.6   11.0  15:32    313
 23   50.2   70.0  15:37   35.0  07:27   14.8    0.0   0.00    0.2    6.0  01:46      8
 24   52.6   67.0  15:25   42.0  05:28   12.4    0.0   0.00    0.1    4.0  12:35    348
 25   54.7   71.0  16:18   44.0  04:45   10.3    0.0   0.00    1.1   10.0  16:28    132
 26   50.9   64.0  15:06   41.0  07:00   14.1    0.0   0.08    1.0   17.0  00:18    339
 27   46.2   66.0  16:04   33.0  08:24   18.8    0.0   0.00    0.1    4.0  15:34    357
 28   46.4   55.0  13:06   39.0  03:14   18.6    0.0   0.06    0.0    5.0  11:16    102
 29   48.2   62.0  16:18   40.0  07:04   16.8    0.0   0.04    1.5   15.0  14:28    343
 30   44.5   51.0  15:37   36.0  03:10   20.5    0.0   0.02    0.7    8.0  12:51    126
 31   55.4   66.0  15:27   48.0  07:53    9.6    0.0   0.00    0.6    8.0  15:57    129
---------------------------------------------------------------------------------------
      57.0   93.0     10   33.0     27  253.7    6.1   0.53    0.6   22.0     16    336
    
Updated: 12/05/2017 02:40:00 AM