Northwest Meridian, Idaho

43° 38.92' N | 116° 25.01' W | 2569 feet | Show on map

Climate Summary for September 2015

Last Updated 04/07/2018

Station:LaCrosse WS-2316
Software:WeeWX
Weewx uptime:NA
Server uptime:NA

                   MONTHLY CLIMATOLOGICAL SUMMARY FOR Sep 2015


NAME: Northwest Meridian, Idaho                  
ELEV: 2569 feet    LAT: 43-38.92 N    LONG: 116-25.01 W


                   TEMPERATURE (°F), RAIN (in), WIND SPEED (mph)

                                         HEAT   COOL         AVG
      MEAN                               DEG    DEG          WIND                   DOM
DAY   TEMP   HIGH   TIME    LOW   TIME   DAYS   DAYS   RAIN  SPEED   HIGH   TIME    DIR
---------------------------------------------------------------------------------------
 01   65.4   89.8  19:40   52.0  07:01    0.0    0.4   0.00    0.1    6.5  18:42      3
 02   70.5   88.7  16:56   56.5  07:16    0.0    5.5   0.00    0.7    9.6  19:50      0
 03   62.7   72.7  18:04   54.3  08:24    2.3    0.0   0.00    1.6   11.9  18:04    327
 04   62.8   81.0  18:01   48.0  08:34    2.2    0.0   0.00    2.4   18.0  18:41    298
 05   54.1   71.0  17:40   44.0  04:57   10.9    0.0   0.02    0.6    9.0  10:03    334
 06   57.9   80.0  15:30   40.0  05:57    7.1    0.0   0.00    0.4    8.0  16:10     59
 07   59.5   79.0  15:22   41.0  07:11    5.5    0.0   0.00    0.7    9.4  19:42    352
 08   62.7   86.0  16:34   44.0  07:04    2.3    0.0   0.00    0.4    7.0  15:34    349
 09   67.6   94.0  17:43   47.0  07:19    0.0    2.6   0.00    0.1    3.0  15:53    311
 10   69.7   94.0  16:23   50.0  06:50    0.0    4.7   0.00    0.5    7.0  14:33    304
 11   70.4   96.0  16:23   50.0  06:55    0.0    5.4   0.00    0.2   22.0  11:36    259
 12   72.2   96.0  17:31   51.0  07:20    0.0    7.2   0.00    0.2    5.4  15:42    277
 13   73.0   95.0  17:24   56.0  07:02    0.0    8.0   0.00    0.5   14.0  14:53    320
 14   60.7   73.0  17:05   52.0  05:40    4.3    0.0   0.00    0.5   11.0  23:57    309
 15   57.3   67.0  13:57   51.0  05:31    7.7    0.0   0.19    0.3   11.0  23:52    334
 16   59.6   76.0  16:21   50.0  07:53    5.4    0.0   0.02    0.5    7.0  18:21    203
 17   57.3   71.0  14:10   52.9  23:18    7.7    0.0   0.36    0.3    7.0  11:09     96
 18   58.0   80.0  17:05   43.0  06:51    7.0    0.0   0.20    0.1    4.0  13:02    132
 19   60.3   82.0  15:47   43.0  07:26    4.7    0.0   0.00    0.2    5.0  16:17    148
 20   65.4   91.0  16:44   46.0  07:23    0.0    0.4   0.00    0.3    7.0  11:53    133
 21   65.7   87.0  16:12   49.0  07:01    0.0    0.7   0.00    0.5   22.0  22:24     12
 22   66.9   90.0  17:20   49.0  07:27    0.0    1.9   0.00    0.4    6.0  16:08      9
 23   66.2   89.0  17:14   50.0  06:58    0.0    1.2   0.00    0.3    7.0  14:13    356
 24   64.4   83.0  18:11   48.0  08:13    0.6    0.0   0.00    0.2    6.0  13:30    300
 25   67.2   96.0  16:56   47.0  08:05    0.0    2.2   0.00    0.3    9.0  18:40    227
 26   69.9   89.0  15:44   59.0  04:17    0.0    4.9   0.00    0.6    8.0  18:14    331
 27   62.9   81.0  17:06   49.0  07:31    2.1    0.0   0.00    1.1    9.0  12:34    301
 28   61.3   84.0  16:39   44.0  06:47    3.7    0.0   0.00    0.0    5.0  17:29    225
 29   64.5   86.0  15:39   47.0  05:40    0.5    0.0   0.00    0.1    7.0  14:29     36
 30   63.4   78.0  14:12   49.0  07:09    1.6    0.0   0.00    0.0    6.0  13:02     94
---------------------------------------------------------------------------------------
      63.9   96.0     11   40.0     06   75.5   45.3   0.79    0.4   22.0     11    322
    
Updated: 12/05/2017 02:40:00 AM