Northwest Meridian, Idaho

43° 38.92' N | 116° 25.01' W | 2569 feet | Show on map

Climate Summary for August 2015

Last Updated 04/07/2018

Station:LaCrosse WS-2316
Software:WeeWX
Weewx uptime:NA
Server uptime:NA

                   MONTHLY CLIMATOLOGICAL SUMMARY FOR Aug 2015


NAME: Northwest Meridian, Idaho                  
ELEV: 2569 feet    LAT: 43-38.92 N    LONG: 116-25.01 W


                   TEMPERATURE (°F), RAIN (in), WIND SPEED (mph)

                                         HEAT   COOL         AVG
      MEAN                               DEG    DEG          WIND                   DOM
DAY   TEMP   HIGH   TIME    LOW   TIME   DAYS   DAYS   RAIN  SPEED   HIGH   TIME    DIR
---------------------------------------------------------------------------------------
 01   84.4  108.0  17:52   60.0  06:50    0.0   19.4   0.00    0.3    7.0  12:12     67
 02   77.6  104.5  18:32   61.3  07:54    0.0   12.6   0.00    0.0    2.0  02:19    270
 03   84.3  100.2  19:40   71.2  07:06    0.0   19.3   0.00    0.4    2.9  12:54     36
 04   81.0   97.3  18:52   65.7  08:14    0.0   16.0   0.00    1.5   17.9  03:24    318
 05   78.3   92.8  20:00   66.7  07:26    0.0   13.3   0.00    1.0    5.4  16:08    197
 06   73.4   89.1  18:14   55.8  08:34    0.0    8.4   0.00    0.7    5.6  19:12    319
 07   77.8   90.0  16:32   53.6  07:46    0.0   12.8   0.00    1.0    9.0  19:22    139
 08   78.0   97.0  17:52   64.0  06:14    0.0   13.0   0.00    2.7   12.0  05:44    133
 09   80.6  100.0  17:04   63.0  06:41    0.0   15.6   0.00    2.2   17.0  16:22    141
 10   82.7  101.0  18:04   69.0  07:18    0.0   17.7   0.00    0.9   11.0  14:48    148
 11   83.2  107.0  15:59   63.0  06:17    0.0   18.2   0.00    1.8   22.0  18:29    136
 12   84.8  106.0  15:28   65.0  07:05    0.0   19.8   0.00    1.3   15.0  11:48    166
 13   84.3  108.0  15:55   64.0  06:30    0.0   19.3   0.00    1.3   14.0  16:55    151
 14   87.2  104.0  18:49   73.0  07:16    0.0   22.2   0.00    2.3   19.0  01:26    131
 15   71.8   88.0  17:08   58.0  06:26    0.0    6.8   0.00    0.9    9.2  00:24    337
 16   70.3   90.0  17:15   52.0  06:48    0.0    5.3   0.00    0.9   11.0  16:55    340
 17   70.2   90.0  17:47   52.0  06:16    0.0    5.2   0.00    1.0   11.0  15:58    278
 18   71.2   90.0  16:35   52.0  06:42    0.0    6.2   0.00    1.2   13.0  15:05    280
 19   72.8   90.0  14:34   54.0  07:14    0.0    7.8   0.00    0.2    8.0  11:34    267
 20   74.4   97.0  18:31   56.0  06:29    0.0    9.4   0.00    0.3    6.0  15:20      8
 21   73.0   93.0  17:11   56.0  05:43    0.0    8.0   0.00    1.8   11.0  16:31    348
 22   69.1   90.0  17:47   52.0  06:41    0.0    4.1   0.00    0.9   11.0  10:27    297
 23   71.2   95.0  16:35   50.0  06:54    0.0    6.2   0.00    0.2    6.0  11:16    125
 24   76.5  100.0  18:27   56.0  06:28    0.0   11.5   0.00    0.1    5.0  13:49    356
 25   75.7  100.0  18:08   56.0  06:42    0.0   10.7   0.00    0.7    9.0  15:58    357
 26   76.2   99.0  15:50   55.0  06:57    0.0   11.2   0.00    0.1    5.0  14:20    285
 27   81.2   98.0  16:49   68.0  07:34    0.0   16.2   0.00    1.4   12.0  01:44    116
 28   75.8   91.0  15:13   62.0  06:17    0.0   10.8   0.00    0.6    8.0  14:33    337
 29   76.4   92.0  14:45   69.0  06:14    0.0   11.4   0.00    1.0   11.0  16:35     93
 30   70.2   88.0  18:23   53.0  07:11    0.0    5.2   0.00    1.0   11.0  19:03    340
 31   67.3   88.0  16:20   50.0  06:44    0.0    2.3   0.00    0.2    6.0  12:15    331
---------------------------------------------------------------------------------------
      76.5  108.0     01   50.0     23    0.0  365.8   0.00    1.0   22.0     11    121
    
Updated: 12/05/2017 02:40:00 AM