Northwest Meridian, Idaho

43° 38.92' N | 116° 25.01' W | 2569 feet | Show on map

Climate Summary for July 2015

Last Updated 04/07/2018

Station:LaCrosse WS-2316
Software:WeeWX
Weewx uptime:NA
Server uptime:NA

                   MONTHLY CLIMATOLOGICAL SUMMARY FOR Jul 2015


NAME: Northwest Meridian, Idaho                  
ELEV: 2569 feet    LAT: 43-38.92 N    LONG: 116-25.01 W


                   TEMPERATURE (°F), RAIN (in), WIND SPEED (mph)

                                         HEAT   COOL         AVG
      MEAN                               DEG    DEG          WIND                   DOM
DAY   TEMP   HIGH   TIME    LOW   TIME   DAYS   DAYS   RAIN  SPEED   HIGH   TIME    DIR
---------------------------------------------------------------------------------------
 01   86.1  106.0  16:51   67.0  06:10    0.0   21.1   0.00    1.2    9.0  16:02    301
 02   86.6  108.0  18:45   65.0  06:30    0.0   21.6   0.00    1.1   10.0  18:35    287
 03   86.6  107.0  19:10   66.0  05:39    0.0   21.6   0.00    1.3   12.0  16:19    291
 04   85.3  106.0  16:29   65.0  06:50    0.0   20.3   0.00    0.3    9.0  14:39    295
 05   76.6   84.0  19:10   70.0  00:00    0.0   11.6   0.00    0.2    9.0  17:50    110
 06   81.8  100.0  17:38   64.0  06:28    0.0   16.8   0.00    0.5   10.0  21:21    294
 07   83.9  101.0  16:14   71.0  05:22    0.0   18.9   0.00    1.2   12.0  14:54    332
 08   76.3   96.0  15:35   65.0  19:25    0.0   11.3   0.68    2.4   18.0  16:55    122
 09   74.9   92.0  16:54   62.0  05:06    0.0    9.9   0.00    1.4   14.0  23:21    345
 10   75.0   95.0  16:09   61.0  06:51    0.0   10.0   0.04    0.9   18.0  16:29    170
 11   72.6   94.0  15:38   62.0  05:08    0.0    7.6   0.10    1.4   22.0  17:08    149
 12   73.0   95.0  17:11   59.0  05:54    0.0    8.0   0.02    0.7   11.0  18:20    297
 13   71.8   94.0  17:42   57.0  06:11    0.0    6.8   0.00    1.1   13.0  14:22    107
 14   73.4   94.0  17:35   58.0  05:48    0.0    8.4   0.00    1.0   11.0  18:25    136
 15   76.7   96.0  18:41   59.0  06:25    0.0   11.7   0.00    0.7    8.0  14:30    303
 16   74.3   91.0  17:06   57.0  06:26    0.0    9.3   0.00    2.4   15.0  18:16    346
 17   69.3   82.0  13:54   55.0  06:11    0.0    4.3   0.00    2.0   17.0  13:44    308
 18   73.6   96.0  19:03   52.0  06:27    0.0    8.6   0.00    0.9   10.0  20:13    189
 19   78.0  101.0  18:57   56.0  06:35    0.0   13.0   0.00    0.4    9.0  17:53     93
 20   81.2  104.0  18:00   59.0  06:28    0.0   16.2   0.00    0.2    6.0  13:04    289
 21   81.2  105.0  18:26   61.0  06:35    0.0   16.2   0.00    0.5   10.0  00:30    262
 22   76.1   95.0  15:56   66.0  22:34    0.0   11.1   0.04    0.8   13.0  17:34    171
 23   77.4   99.0  17:10   60.0  05:20    0.0   12.4   0.00    0.9   10.0  20:36    138
 24   78.7   98.0  18:59   61.0  06:15    0.0   13.7   0.00    0.7   13.0  00:16    320
 25   79.2  100.0  17:20   61.0  06:30    0.0   14.2   0.00    0.6    9.0  18:10    354
 26   72.9   88.0  16:16   59.0  06:19    0.0    7.9   0.00    2.7   23.0  17:06    327
 27   67.7   80.0  17:11   55.0  06:56    0.0    2.7   0.00    3.1   17.0  13:00    300
 28   68.3   89.0  17:20   47.0  06:51    0.0    3.3   0.00    0.3    6.0  15:30    285
 29   73.5   98.0  18:07   51.0  06:26    0.0    8.5   0.00    0.3    8.0  17:19    138
 30   77.8  102.0  18:37   54.0  06:30    0.0   12.8   0.00    0.4    6.0  14:50    261
 31   80.5  105.0  18:06   56.0  06:34    0.0   15.5   0.00    0.3    8.0  16:22    234
---------------------------------------------------------------------------------------
      77.1  108.0     02   47.0     28    0.0  375.0   0.88    1.0   23.0     26    307
    
Updated: 12/05/2017 02:40:00 AM