Northwest Meridian, Idaho

43° 38.92' N | 116° 25.01' W | 2569 feet | Show on map

Climate Summary for June 2015

Last Updated 04/07/2018

Station:LaCrosse WS-2316
Software:WeeWX
Weewx uptime:NA
Server uptime:NA

                   MONTHLY CLIMATOLOGICAL SUMMARY FOR Jun 2015


NAME: Northwest Meridian, Idaho                  
ELEV: 2569 feet    LAT: 43-38.92 N    LONG: 116-25.01 W


                   TEMPERATURE (°F), RAIN (in), WIND SPEED (mph)

                                         HEAT   COOL         AVG
      MEAN                               DEG    DEG          WIND                   DOM
DAY   TEMP   HIGH   TIME    LOW   TIME   DAYS   DAYS   RAIN  SPEED   HIGH   TIME    DIR
---------------------------------------------------------------------------------------
 01   75.4   93.0  16:52   65.0  07:54    0.0   10.4   0.00    2.1   12.0  00:26     92
 02   67.4   82.0  17:18   54.0  05:43    0.0    2.4   0.00    1.7   14.0  15:48    332
 03   64.6   81.0  17:40   51.0  06:10    0.4    0.0   0.00    2.0   12.0  19:21    333
 04   66.9   85.0  16:38   52.0  05:15    0.0    1.9   0.00    1.7   11.0  10:25    314
 05   73.1   88.0  16:30   56.1  06:56    0.0    8.1   0.14    1.8   16.0  11:19    277
 06   74.4   94.0  16:56   55.0  05:49    0.0    9.4   0.00    1.5   13.0  16:56    311
 07   77.2   97.0  18:06   58.0  05:54    0.0   12.2   0.00    0.6    7.0  15:18    292
 08   82.5  106.0  18:59   61.0  05:57    0.0   17.5   0.00    0.5    7.0  17:29    353
 09   83.4  105.0  18:00   62.0  06:27    0.0   18.4   0.00    0.8   12.0  20:10    338
 10   78.6   98.0  19:44   68.0  06:01    0.0   13.6   0.00    0.6    7.0  01:51    239
 11   76.7   96.0  17:22   56.0  06:09    0.0   11.7   0.00    1.9   12.0  21:11    308
 12   75.2   90.0  17:13   58.0  06:06    0.0   10.2   0.00    2.8   15.0  10:36    325
 13   69.8   89.0  16:41   48.0  06:35    0.0    4.8   0.00    1.6   10.0  15:31    328
 14   69.9   89.0  17:00   49.0  06:30    0.0    4.9   0.00    1.1   13.0  18:45    279
 15   73.6   97.0  17:39   51.0  05:59    0.0    8.6   0.00    0.9    8.0  15:19    341
 16   73.6   94.0  19:05   57.0  06:19    0.0    8.6   0.00    0.9   12.0  17:45    349
 17   77.1  100.0  17:25   56.0  06:05    0.0   12.1   0.00    1.0    9.0  14:46    354
 18   77.9   98.0  18:24   57.0  06:27    0.0   12.9   0.00    0.8   10.0  18:04    350
 19   76.1   94.0  17:54   59.0  06:03    0.0   11.1   0.00    2.4   13.0  12:33    334
 20   73.5   93.0  18:45   54.0  06:15    0.0    8.5   0.00    0.9   10.0  15:25    330
 21   75.1  101.0  17:51   58.0  06:16    0.0   10.1   0.00    1.5   24.0  19:41    342
 22   74.5   95.0  16:50   55.0  05:39    0.0    9.5   0.00    0.8    9.0  19:10    343
 23   76.7   98.0  17:11   56.0  05:51    0.0   11.7   0.00    1.1    9.0  17:41    335
 24   77.1   95.0  15:10   60.0  06:01    0.0   12.1   0.00    1.3    9.0  13:42    341
 25   78.9   98.0  19:57   58.0  05:42    0.0   13.9   0.00    1.2   10.0  12:37    308
 26   83.3  106.0  18:12   59.0  06:22    0.0   18.3   0.00    0.5    9.0  14:52    280
 27   87.1  113.0  18:44   67.0  04:53    0.0   22.1   0.00    0.4    6.0  09:53     98
 28   87.8  113.0  17:10   69.0  04:45    0.0   22.8   0.00    0.4   10.0  19:38    300
 29   89.3  104.0  17:09   74.0  07:18    0.0   24.3   0.00    1.3    9.0  12:29    294
 30   88.5  108.0  17:11   70.0  06:28    0.0   23.5   0.00    1.0   11.0  14:11    301
---------------------------------------------------------------------------------------
      76.9  113.0     27   48.0     13    0.4  355.5   0.14    1.3   24.0     21    325
    
Updated: 12/05/2017 02:40:00 AM