Northwest Meridian, Idaho

43° 38.92' N | 116° 25.01' W | 2569 feet | Show on map

Climate Summary for May 2015

Last Updated 04/07/2018

Station:LaCrosse WS-2316
Software:WeeWX
Weewx uptime:NA
Server uptime:NA

                   MONTHLY CLIMATOLOGICAL SUMMARY FOR May 2015


NAME: Northwest Meridian, Idaho                  
ELEV: 2569 feet    LAT: 43-38.92 N    LONG: 116-25.01 W


                   TEMPERATURE (°F), RAIN (in), WIND SPEED (mph)

                                         HEAT   COOL         AVG
      MEAN                               DEG    DEG          WIND                   DOM
DAY   TEMP   HIGH   TIME    LOW   TIME   DAYS   DAYS   RAIN  SPEED   HIGH   TIME    DIR
---------------------------------------------------------------------------------------
 01   60.8   86.0  16:18   38.0  06:16    4.2    0.0   0.00    0.7    9.0  09:16    108
 02   63.4   83.0  15:36   43.0  06:29    1.6    0.0   0.00    1.3   14.0  16:26    344
 03   64.3   83.0  16:45   46.0  06:38    0.7    0.0   0.00    1.8   13.0  18:25    321
 04   68.1   92.0  16:31   45.0  06:00    0.0    3.1   0.00    1.2   13.0  16:41    182
 05   63.5   74.0  17:00   52.0  06:52    1.5    0.0   0.00    4.8   17.0  17:50    320
 06   54.3   69.0  18:27   41.0  06:31   10.7    0.0   0.00    3.7   22.0  19:57    311
 07   48.3   56.0  17:25   42.0  04:04   16.7    0.0   0.31    1.2   12.0  02:14    297
 08   59.8   78.0  16:32   46.0  01:34    5.2    0.0   0.02    2.2   19.0  18:52    317
 09   61.9   78.0  15:59   45.0  06:29    3.1    0.0   0.00    4.0   19.0  17:19    323
 10   62.3   83.0  15:34   43.0  06:50    2.7    0.0   0.00    0.9   13.0  09:30    154
 11   62.2   77.0  13:35   50.0  04:45    2.8    0.0   0.00    1.4   13.0  14:55    117
 12   60.4   83.0  16:11   47.0  05:38    4.6    0.0   0.16    1.5   15.0  18:31    265
 13   57.5   71.0  16:34   46.0  02:02    7.5    0.0   0.00    1.2   11.0  16:34      3
 14   61.6   79.0  16:59   49.0  06:08    3.4    0.0   0.00    1.2   12.0  21:00    284
 15   55.5   65.1  18:54   52.0  08:01    9.5    0.0   0.23    0.7    8.0  14:42    283
 16   57.3   71.0  15:49   51.0  05:04    7.7    0.0   0.00    4.2   20.0  13:45    304
 17   60.1   78.0  14:57   49.0  03:38    4.9    0.0   0.04    1.2   14.0  18:17    129
 18   62.7   79.0  15:12   49.0  04:59    2.3    0.0   0.00    0.6    8.0  12:51    354
 19   62.7   78.0  16:03   56.0  04:33    2.3    0.0   0.10    1.0   13.0  18:43     93
 20   63.0   79.0  16:37   55.0  02:54    2.0    0.0   0.02    1.2   18.0  16:57     48
 21   65.0   80.0  17:57   51.0  06:38    0.0    0.0   0.00    0.6    8.0  12:28     18
 22   65.3   83.0  15:16   50.0  06:26    0.0    0.3   0.00    0.4   10.0  15:36    287
 23   68.5   84.0  17:58   54.0  06:37    0.0    3.5   0.00    3.2   17.0  17:08    319
 24   69.4   84.0  16:51   56.0  06:01    0.0    4.4   0.00    2.5   15.0  17:21    312
 25   65.7   83.0  14:31   51.0  06:37    0.0    0.7   0.00    1.6   15.0  18:11    130
 26   67.6   87.0  19:13   49.0  06:00    0.0    2.6   0.00    0.8   17.0  22:13    347
 27   67.4   80.0  14:54   54.0  06:43    0.0    2.4   0.08    1.8   21.0  17:34    339
 28   67.4   86.0  17:06   48.0  06:23    0.0    2.4   0.00    1.3   11.0  11:42    284
 29   75.5   98.0  18:40   57.0  04:54    0.0   10.5   0.00    1.7   14.0  11:59    154
 30   73.8   87.0  18:49   63.0  05:30    0.0    8.8   0.00    1.0   15.0  22:19    336
 31   76.9   98.0  18:25   58.0  06:10    0.0   11.9   0.00    1.0   13.0  22:56    128
---------------------------------------------------------------------------------------
      63.7   98.0     29   38.0     01   93.3   50.8   0.96    1.7   22.0     06    317
    
Updated: 12/05/2017 02:40:00 AM