Northwest Meridian, Idaho

43° 38.92' N | 116° 25.01' W | 2569 feet | Show on map

Climate Summary for April 2015

Last Updated 04/07/2018

Station:LaCrosse WS-2316
Software:WeeWX
Weewx uptime:NA
Server uptime:NA

                   MONTHLY CLIMATOLOGICAL SUMMARY FOR Apr 2015


NAME: Northwest Meridian, Idaho                  
ELEV: 2569 feet    LAT: 43-38.92 N    LONG: 116-25.01 W


                   TEMPERATURE (°F), RAIN (in), WIND SPEED (mph)

                                         HEAT   COOL         AVG
      MEAN                               DEG    DEG          WIND                   DOM
DAY   TEMP   HIGH   TIME    LOW   TIME   DAYS   DAYS   RAIN  SPEED   HIGH   TIME    DIR
---------------------------------------------------------------------------------------
 01   45.5   60.0  16:10   37.0  07:37   19.5    0.0   0.00    3.9   19.0  12:10    317
 02   42.1   60.0  16:49   29.0  06:10   22.9    0.0   0.00    3.0   19.0  18:59    328
 03   46.1   67.0  15:30   27.0  07:49   18.9    0.0   0.00    1.8   11.0  10:39    132
 04   52.2   66.0  15:41   44.0  01:10   12.8    0.0   0.00    1.4   22.0  16:01      9
 05   49.3   62.0  14:25   43.0  06:21   15.7    0.0   0.18    0.7   10.0  17:35     52
 06   47.3   65.0  17:00   34.0  07:30   17.7    0.0   0.02    1.2   11.0  00:24    295
 07   48.8   69.0  16:55   35.0  02:41   16.2    0.0   0.00    1.1   13.0  12:55    159
 08   51.2   64.0  18:20   44.0  04:34   13.8    0.0   0.06    3.5   17.0  15:40    295
 09   50.1   72.0  16:58   33.0  06:54   14.9    0.0   0.00    0.7    8.0  15:38    258
 10   55.4   79.0  17:17   36.0  06:46    9.6    0.0   0.00    2.1   17.0  11:46    141
 11   50.5   63.0  16:46   41.0  23:56   14.5    0.0   0.14    1.9   15.0  17:56    128
 12   46.7   68.0  17:47   32.0  06:57   18.3    0.0   0.00    0.9   10.0  14:07    329
 13   55.7   85.0  16:12   33.0  06:45    9.3    0.0   0.00    2.4   19.0  12:26    146
 14   47.8   56.0  00:48   38.0  23:41   17.2    0.0   0.00    9.1   26.0  13:38    323
 15   45.6   60.0  17:01   31.0  05:22   19.4    0.0   0.00    8.5   26.0  13:49    324
 16   49.8   70.0  16:33   31.0  06:52   15.2    0.0   0.00    1.7   10.0  00:22    309
 17   55.6   77.0  17:01   35.0  06:10    9.4    0.0   0.00    1.4   13.0  16:01    334
 18   59.4   75.0  16:55   44.0  07:12    5.6    0.0   0.00    6.3   22.0  14:07    316
 19   56.6   75.0  15:19   40.0  07:38    8.4    0.0   0.00    2.6   12.0  01:18    305
 20   61.4   81.0  17:24   38.0  06:24    3.6    0.0   0.00    1.3    8.0  17:24    343
 21   59.9   83.0  16:20   40.0  06:35    5.1    0.0   0.00    0.8    9.0  15:50    320
 22   57.5   73.0  15:50   43.0  07:03    7.5    0.0   0.00    4.3   21.0  14:50    314
 23   55.0   75.0  18:02   35.0  06:37   10.0    0.0   0.00    1.5   11.0  16:02    326
 24   54.8   67.0  18:49   47.0  05:55   10.2    0.0   0.04    2.4   12.0  14:49    332
 25   52.2   66.0  15:36   41.0  07:10   12.8    0.0   0.00    3.9   21.0  18:16    317
 26   49.6   65.0  16:50   35.0  06:02   15.4    0.0   0.00    4.2   21.0  14:10    313
 27   56.0   79.0  17:32   35.0  06:52    9.0    0.0   0.00    0.4    8.0  12:31    328
 28   65.7   91.0  18:26   43.0  04:45    0.0    0.7   0.00    2.4   16.0  13:26    146
 29   62.4   76.0  15:59   48.0  06:17    2.6    0.0   0.00    3.8   18.0  21:30    324
 30   56.9   74.0  17:29   40.0  07:01    8.1    0.0   0.00    2.5   15.0  15:21    320
---------------------------------------------------------------------------------------
      52.8   91.0     28   27.0     03  363.4    0.7   0.44    2.7   26.0     14    318
    
Updated: 12/05/2017 02:40:00 AM