Northwest Meridian, Idaho

43° 38.92' N | 116° 25.01' W | 2569 feet | Show on map

Climate Summary for March 2015

Last Updated 04/07/2018

Station:LaCrosse WS-2316
Software:WeeWX
Weewx uptime:NA
Server uptime:NA

                   MONTHLY CLIMATOLOGICAL SUMMARY FOR Mar 2015


NAME: Northwest Meridian, Idaho                  
ELEV: 2569 feet    LAT: 43-38.92 N    LONG: 116-25.01 W


                   TEMPERATURE (°F), RAIN (in), WIND SPEED (mph)

                                         HEAT   COOL         AVG
      MEAN                               DEG    DEG          WIND                   DOM
DAY   TEMP   HIGH   TIME    LOW   TIME   DAYS   DAYS   RAIN  SPEED   HIGH   TIME    DIR
---------------------------------------------------------------------------------------
 01   38.3   56.0  16:01   26.0  04:20   26.7    0.0   0.00    2.1   17.0  10:00    152
 02   37.0   52.0  14:19   23.0  06:49   28.0    0.0   0.00    2.7   17.0  21:07    306
 03   37.3   47.0  14:28   29.0  07:08   27.7    0.0   0.00    7.0   23.0  01:17    315
 04   33.1   49.0  15:38   20.0  06:47   31.9    0.0   0.00    1.2   11.0  12:07    304
 05   38.7   62.0  16:48   21.0  06:27   26.3    0.0   0.00    0.4    5.0  13:48      5
 06   42.3   64.0  15:17   25.0  07:04   22.7    0.0   0.00    0.6    8.0  15:37    318
 07   45.0   66.0  15:42   29.0  05:49   20.0    0.0   0.00    0.7    8.1  14:06    320
 08   45.1   65.0  16:19   27.0  07:58   19.9    0.0   0.00    1.6   12.0  16:39    324
 09   46.8   69.0  17:28   29.0  07:16   18.2    0.0   0.00    0.6    8.0  14:17    328
 10   51.2   78.0  16:42   31.0  08:25   13.8    0.0   0.00    1.0   11.0  14:42    151
 11   54.4   62.0  13:43   47.0  07:20   10.6    0.0   0.00    0.8   11.0  15:13     18
 12   52.8   66.0  15:52   41.0  08:20   12.2    0.0   0.00    2.3   14.0  14:21    316
 13   53.4   75.0  15:42   35.0  06:19   11.6    0.0   0.00    2.9   15.2  16:06    137
 14   56.8   63.0  10:59   49.0  04:39    8.2    0.0   0.12    3.0   13.0  23:42    137
 15   59.1   69.0  16:03   52.0  04:23    5.9    0.0   0.00    2.9   22.0  05:53    149
 16   56.2   62.0  14:32   51.0  07:22    8.8    0.0   0.00    1.2   12.0  03:14    343
 17   53.2   68.0  18:08   47.0  03:31   11.8    0.0   0.00    1.2    8.0  05:21    326
 18   49.5   62.0  15:50   38.0  07:35   15.5    0.0   0.00    3.3   18.0  13:40    322
 19   49.4   72.0  16:15   32.0  06:22   15.6    0.0   0.00    0.5    6.0  16:45    125
 20   52.3   76.0  14:55   34.0  07:36   12.7    0.0   0.00    1.0   11.0  12:45    198
 21   56.2   69.0  15:47   44.0  23:58    8.8    0.0   0.00    1.9   15.0  13:17    316
 22   53.0   78.0  16:51   38.0  02:58   12.0    0.0   0.00    1.1   14.0  23:01    239
 23   50.1   59.0  15:58   43.0  23:02   14.9    0.0   0.00    3.8   21.0  16:58    266
 24   46.4   56.0  16:04   37.0  23:55   18.6    0.0   0.25    4.5   21.2  16:02    295
 25   45.0   62.0  17:26   31.0  04:05   20.0    0.0   0.00    1.1   11.0  19:16      2
 26   49.8   72.0  17:38   33.0  07:07   15.2    0.0   0.00    1.1    9.0  16:28    339
 27   58.9   86.0  17:23   38.0  07:19    6.1    0.0   0.00    0.8   11.0  11:39    134
 28   55.7   66.0  16:50   45.0  23:21    9.3    0.0   0.00    4.8   22.0  11:30    319
 29   52.1   75.0  17:20   33.0  07:02   12.9    0.0   0.00    0.8    7.0  12:09    100
 30   57.0   85.0  17:29   36.0  07:03    8.0    0.0   0.00    1.0    9.0  15:58    142
 31   57.1   71.0  15:04   43.0  23:53    7.9    0.0   0.00    5.7   28.0  17:14    310
---------------------------------------------------------------------------------------
      49.4   86.0     27   20.0     04  482.1    0.0   0.37    2.1   28.0     31    309
    
Updated: 12/05/2017 02:40:00 AM