Northwest Meridian, Idaho

43° 38.92' N | 116° 25.01' W | 2569 feet | Show on map

Climate Summary for February 2015

Last Updated 04/07/2018

Station:LaCrosse WS-2316
Software:WeeWX
Weewx uptime:NA
Server uptime:NA

                   MONTHLY CLIMATOLOGICAL SUMMARY FOR Feb 2015


NAME: Northwest Meridian, Idaho                  
ELEV: 2569 feet    LAT: 43-38.92 N    LONG: 116-25.01 W


                   TEMPERATURE (°F), RAIN (in), WIND SPEED (mph)

                                         HEAT   COOL         AVG
      MEAN                               DEG    DEG          WIND                   DOM
DAY   TEMP   HIGH   TIME    LOW   TIME   DAYS   DAYS   RAIN  SPEED   HIGH   TIME    DIR
---------------------------------------------------------------------------------------
 01   37.0   44.0  12:08   29.0  03:04   28.0    0.0   0.08    1.2    9.0  11:38    143
 02   39.2   49.0  16:56   34.0  03:39   25.8    0.0   0.12    0.7    6.0  08:56    156
 03   40.5   45.0  16:13   38.0  05:42   24.5    0.0   0.20    1.2    9.0  18:13    299
 04   44.5   54.0  14:19   40.0  00:06   20.5    0.0   0.11    0.1    4.0  15:10    349
 05   44.5   56.0  23:47   40.0  00:59   20.5    0.0   0.00    1.1   12.0  22:47    114
 06   59.0   65.0  14:15   52.0  22:07    6.0    0.0   0.02    7.2   22.0  10:48    134
 07   57.5   69.0  15:01   51.0  00:57    7.5    0.0   0.10    5.6   23.0  11:11    196
 08   53.1   68.0  15:23   41.0  08:02   11.9    0.0   0.04    2.3   16.0  15:23    145
 09   52.4   60.0  14:43   49.0  04:24   12.6    0.0   0.26    2.3   15.0  03:54    154
 10   47.1   59.0  14:53   36.0  23:49   17.9    0.0   0.02    1.4   20.0  00:59    316
 11   44.5   61.0  14:32   31.0  07:29   20.5    0.0   0.00    1.7   13.0  15:52    142
 12   44.0   60.0  15:01   33.0  07:14   21.0    0.0   0.00    0.2    6.0  13:41    302
 13   42.9   60.0  14:13   31.0  05:32   22.1    0.0   0.00    0.4    8.0  13:43    250
 14   46.4   61.0  15:37   37.0  05:10   18.6    0.0   0.00    0.9   12.0  12:37    317
 15   44.5   57.0  14:29   34.0  07:28   20.5    0.0   0.00    3.3   20.0  13:39    309
 16   39.7   58.0  15:51   26.0  07:20   25.3    0.0   0.00    0.9   10.0  15:01    243
 17   38.6   59.0  15:40   26.0  05:12   26.4    0.0   0.00    0.4    6.0  18:30     57
 18   41.2   63.0  16:02   26.0  05:41   23.8    0.0   0.00    0.4    8.0  14:11    155
 19   43.4   62.0  15:28   28.0  07:07   21.6    0.0   0.00    0.8    9.0  16:28    343
 20   44.2   55.0  15:51   37.0  03:14   20.8    0.0   0.00    2.9   13.0  11:31    333
 21   39.5   51.0  15:49   30.0  07:19   25.5    0.0   0.00    4.2   19.0  13:29    323
 22   36.2   48.0  16:34   26.0  23:24   28.8    0.0   0.00    1.7   13.0  00:03    155
 23   31.2   47.0  15:27   17.0  07:17   33.8    0.0   0.00    0.9    9.0  14:17    298
 24   37.6   57.0  16:41   22.0  06:33   27.4    0.0   0.00    1.1   11.0  14:21      2
 25   43.4   56.0  14:40   32.0  07:27   21.6    0.0   0.00    2.9   18.0  14:40    313
 26   44.0   53.0  15:17   38.0  23:47   21.0    0.0   0.00    1.8   12.0  14:37    310
 27   44.6   60.0  15:01   36.0  04:08   20.4    0.0   0.00    2.3   13.0  09:31    137
 28   41.4   53.0  16:39   35.0  23:50   23.6    0.0   0.02    1.3   11.0  05:08    249
---------------------------------------------------------------------------------------
      43.6   69.0     07   17.0     23  598.0    0.0   0.97    1.8   23.0     07    226
    
Updated: 12/05/2017 02:40:00 AM