Northwest Meridian, Idaho

43° 38.92' N | 116° 25.01' W | 2569 feet | Show on map

Climate Summary for January 2015

Last Updated 04/07/2018

Station:LaCrosse WS-2316
Software:WeeWX
Weewx uptime:NA
Server uptime:NA

                   MONTHLY CLIMATOLOGICAL SUMMARY FOR Jan 2015


NAME: Northwest Meridian, Idaho                  
ELEV: 2569 feet    LAT: 43-38.92 N    LONG: 116-25.01 W


                   TEMPERATURE (°F), RAIN (in), WIND SPEED (mph)

                                         HEAT   COOL         AVG
      MEAN                               DEG    DEG          WIND                   DOM
DAY   TEMP   HIGH   TIME    LOW   TIME   DAYS   DAYS   RAIN  SPEED   HIGH   TIME    DIR
---------------------------------------------------------------------------------------
 01   12.7   24.0  13:41    6.0  02:40   52.3    0.0   0.00    0.1    3.4  13:52    281
 02   15.6   25.0  13:27    8.0  00:06   49.4    0.0   0.00    0.3    6.0  11:47    278
 03   19.2   28.0  13:25   13.0  00:07   45.8    0.0   0.00    0.4    4.0  04:54    205
 04   25.9   32.0  15:36   21.0  00:25   39.1    0.0   0.00    0.2    6.0  22:07     80
 05   31.5   36.0  13:58   29.0  00:07   33.5    0.0   0.02    0.4    8.0  09:28    308
 06   32.0   39.0  14:16   28.0  05:06   33.0    0.0   0.02    0.1   10.0  00:05    184
 07   28.2   31.0  12:58   24.0  08:38   36.8    0.0   0.00    0.3    6.0  14:48    270
 08   30.0   33.0  12:29   28.0  00:09   35.0    0.0   0.00    0.0    0.0  00:09     90
 09   31.8   35.0  11:43   30.0  00:02   33.2    0.0   0.00    0.2    3.0  14:53    246
 10   32.5   36.0  13:13   30.0  05:22   32.5    0.0   0.00    0.1    4.0  12:03    224
 11   33.6   37.0  12:35   32.0  02:34   31.4    0.0   0.00    0.2    4.0  11:45    238
 12   32.7   36.0  13:07   28.0  23:20   32.3    0.0   0.08    1.2   10.0  16:12    325
 13   29.8   44.0  16:43   23.0  04:42   35.2    0.0   0.00    0.6    8.0  14:32     33
 14   31.8   38.0  12:48   25.0  00:03   33.2    0.0   0.00    2.1   12.0  22:39    137
 15   32.7   37.0  13:20   29.0  07:19   32.3    0.0   0.00    4.2   15.0  10:10    138
 16   34.7   41.0  14:44   30.0  23:35   30.3    0.0   0.28    1.6    8.0  07:33    218
 17   34.1   42.0  14:56   29.0  02:45   30.9    0.0   0.07    0.6    9.0  12:06     14
 18   40.3   51.0  15:15   34.0  03:27   24.7    0.0   0.08    0.7    7.0  07:15    311
 19   35.3   45.0  16:07   29.0  22:02   29.7    0.0   0.00    1.0    8.0  16:07    287
 20   28.9   34.0  15:03   26.0  08:12   36.1    0.0   0.00    0.0    0.0  00:02     90
 21   29.9   35.0  15:24   25.0  08:44   35.1    0.0   0.00    0.1    4.0  14:24    221
 22   31.6   41.0  13:46   26.0  02:00   33.4    0.0   0.00    0.9    8.0  11:12    149
 23   31.2   44.0  14:53   23.0  06:53   33.8    0.0   0.00    0.7    7.0  20:23    141
 24   35.4   44.0  14:55   29.0  00:04   29.6    0.0   0.00    0.2    6.0  03:04    153
 25   33.4   46.0  14:36   27.0  05:46   31.6    0.0   0.00    0.6    6.0  02:48    269
 26   34.4   46.0  15:55   27.0  06:45   30.6    0.0   0.00    0.7    8.0  14:25     17
 27   34.8   41.0  14:07   30.0  00:06   30.2    0.0   0.00    0.2    4.0  13:37    322
 28   37.4   51.0  15:55   32.0  04:12   27.6    0.0   0.00    0.1    5.0  14:15     19
 29   39.5   50.0  14:47   32.0  00:08   25.5    0.0   0.00    0.6    8.0  13:27    129
 30   35.3   47.0  15:16   27.0  06:06   29.7    0.0   0.00    1.0   12.0  14:16    324
 31   34.2   50.0  14:53   22.0  06:32   30.8    0.0   0.00    1.4   11.0  14:23    319
---------------------------------------------------------------------------------------
      31.3   51.0     18    6.0     01 1044.3    0.0   0.55    0.7   15.0     15    144
    
Updated: 12/05/2017 02:40:00 AM