Northwest Meridian, Idaho

43° 38.92' N | 116° 25.01' W | 2569 feet | Show on map

Climate Summary for December 2014

Last Updated 04/07/2018

Station:LaCrosse WS-2316
Software:WeeWX
Weewx uptime:NA
Server uptime:NA

                   MONTHLY CLIMATOLOGICAL SUMMARY FOR Dec 2014


NAME: Northwest Meridian, Idaho                  
ELEV: 2569 feet    LAT: 43-38.92 N    LONG: 116-25.01 W


                   TEMPERATURE (°F), RAIN (in), WIND SPEED (mph)

                                         HEAT   COOL         AVG
      MEAN                               DEG    DEG          WIND                   DOM
DAY   TEMP   HIGH   TIME    LOW   TIME   DAYS   DAYS   RAIN  SPEED   HIGH   TIME    DIR
---------------------------------------------------------------------------------------
 01   29.7   32.0  12:27   24.0  00:07   35.3    0.0   0.00    0.5    7.4  16:52    275
 02   32.4   35.0  13:12   31.0  00:08   32.6    0.0   0.12    0.3    5.0  11:42    295
 03   38.1   44.0  12:28   33.0  00:04   26.9    0.0   0.37    0.2    4.0  21:28    282
 04   42.5   52.0  13:09   37.0  01:29   22.5    0.0   0.04    0.5    5.0  06:29    264
 05   39.8   43.0  13:08   35.0  08:08   25.2    0.0   0.02    0.3    5.0  10:58    243
 06   44.4   60.0  16:20   37.0  02:39   20.6    0.0   0.10    1.2   17.0  10:09    117
 07   40.7   47.0  12:33   35.0  08:23   24.3    0.0   0.00    0.5    9.0  13:39    308
 08   41.3   51.0  15:11   37.0  04:42   23.7    0.0   0.02    0.3    8.0  14:11    252
 09   40.3   50.0  14:43   34.0  01:36   24.7    0.0   0.00    0.2    6.0  13:43    333
 10   43.2   55.0  15:10   32.0  02:54   21.8    0.0   0.00    3.5   21.0  19:10    151
 11   55.7   61.0  16:00   50.0  03:18    9.3    0.0   0.00    6.5   20.0  10:10    145
 12   55.9   62.0  13:03   41.0  21:53    9.1    0.0   0.17    8.1   23.0  06:42    135
 13   39.2   46.0  14:41   33.0  23:11   25.8    0.0   0.00    3.1   14.0  14:41    312
 14   32.8   45.0  15:32   25.0  08:32   32.2    0.0   0.00    0.4    6.0  12:32    353
 15   33.0   42.0  15:15   24.0  07:14   32.0    0.0   0.00    0.7   22.0  12:14     97
 16   39.4   45.0  13:23   36.0  23:34   25.6    0.0   0.00    4.5   16.0  13:43    144
 17   35.3   45.0  13:39   26.0  05:35   29.7    0.0   0.00    0.4    6.0  12:39      9
 18   40.5   48.0  12:51   34.0  02:50   24.5    0.0   0.00    1.5   10.0  13:31    141
 19   41.7   44.0  00:34   37.0  23:13   23.3    0.0   0.14    2.8   12.0  13:38    136
 20   41.4   46.0  13:02   36.0  00:33   23.6    0.0   0.67    3.6   15.0  20:02    131
 21   43.4   47.0  11:12   41.0  21:55   21.6    0.0   0.29    3.1   16.0  13:43    353
 22   40.8   49.0  13:06   31.0  23:19   24.2    0.0   0.04    3.1   22.0  12:35    312
 23   33.7   47.0  14:16   24.0  06:09   31.3    0.0   0.00    0.2    5.0  15:26    155
 24   31.4   35.0  15:04   26.0  07:13   33.6    0.0   0.18    2.7   20.0  22:44    312
 25   32.4   38.0  14:01   28.0  23:59   32.6    0.0   0.07    8.4   26.0  02:00    313
 26   30.6   39.0  14:10   23.0  22:21   34.4    0.0   0.00    2.5   14.0  14:40    318
 27   27.7   39.0  13:39   18.0  04:11   37.3    0.0   0.00    1.4   12.0  23:39    135
 28   32.1   40.0  12:39   26.0  06:19   32.9    0.0   0.08    0.7   10.0  00:09    144
 29   28.4   36.0  12:43   25.0  03:23   36.6    0.0   0.00    0.7    8.0  13:53    331
 30   22.2   30.0  14:33   10.0  23:34   42.8    0.0   0.00    0.3    5.0  13:03    168
 31   14.3   23.0  13:35    9.0  00:44   50.7    0.0   0.00    0.2    3.0  05:14    289
---------------------------------------------------------------------------------------
      36.8   62.0     12    9.0     31  870.4    0.0   2.31    2.0   26.0     25    153
    
Updated: 12/05/2017 02:40:00 AM