Northwest Meridian, Idaho

43° 38.92' N | 116° 25.01' W | 2569 feet | Show on map

Climate Summary for November 2014

Last Updated 04/07/2018

Station:LaCrosse WS-2316
Software:WeeWX
Weewx uptime:NA
Server uptime:NA

                   MONTHLY CLIMATOLOGICAL SUMMARY FOR Nov 2014


NAME: Northwest Meridian, Idaho                  
ELEV: 2569 feet    LAT: 43-38.92 N    LONG: 116-25.01 W


                   TEMPERATURE (°F), RAIN (in), WIND SPEED (mph)

                                         HEAT   COOL         AVG
      MEAN                               DEG    DEG          WIND                   DOM
DAY   TEMP   HIGH   TIME    LOW   TIME   DAYS   DAYS   RAIN  SPEED   HIGH   TIME    DIR
---------------------------------------------------------------------------------------
 01   42.5   49.0  12:28   37.0  07:08   22.5    0.0   0.97    2.4   14.0  23:02    280
 02   42.2   50.0  14:48   32.0  23:39   22.8    0.0   0.04    2.2   12.0  10:48    327
 03   46.9   58.0  15:46   31.0  01:59   18.1    0.0   0.00    0.4    6.0  14:06      5
 04   48.2   55.0  12:57   39.0  02:37   16.8    0.0   0.00    1.7    9.0  07:07    145
 05   52.8   68.0  14:36   46.0  04:25   12.2    0.0   0.00    0.1    4.0  13:36    134
 06   54.4   71.0  14:53   44.0  06:13   10.6    0.0   0.00    3.7   22.0  01:32    144
 07   47.9   61.0  15:05   36.0  23:55   17.1    0.0   0.00    1.1   13.0  13:45    317
 08   42.8   59.0  15:20   32.0  07:56   22.2    0.0   0.00    0.2    5.0  15:20    221
 09   43.1   54.0  12:39   34.0  03:18   21.9    0.0   0.00    0.6    8.0  20:49    327
 10   41.1   50.0  13:52   31.0  22:12   23.9    0.0   0.00    3.3   18.0  12:32    313
 11   31.9   47.0  15:43   23.0  06:53   33.1    0.0   0.00    2.3   13.0  18:03    137
 12   24.3   37.0  15:35   16.0  07:34   40.7    0.0   0.00    2.6   17.0  01:54    136
 13   25.7   31.0  13:13   18.0  00:02   39.3    0.0   0.00    2.6   13.0  07:13    135
 14   26.8   32.0  13:45   17.0  23:28   38.2    0.0   0.00    1.0   10.0  20:51    297
 15   16.0   32.0  15:19    6.0  07:18   49.0    0.0   0.09    0.3    6.0  00:08    327
 16   13.3   32.0  15:41    3.0  06:20   51.7    0.0   0.02    0.1    4.0  12:50    220
 17   10.8   22.0  14:32    2.0  07:42   54.2    0.0   0.00    0.1    4.0  13:32    307
 18   12.0   21.0  12:23    7.0  00:03   53.0    0.0   0.00    0.1    5.0  13:23    280
 19   15.4   25.0  13:52    9.0  05:32   49.6    0.0   0.00    0.2    4.0  14:22    274
 20   24.2   35.0  14:04   16.0  00:03   40.8    0.0   0.00    0.2    4.0  15:34    264
 21   32.3   45.0  14:05   23.0  00:14   32.7    0.0   0.10    0.9   10.0  23:36    143
 22   41.1   46.0  11:07   37.0  21:07   23.9    0.0   0.08    2.4   14.0  02:16    132
 23   37.6   49.0  14:13   26.0  06:13   27.4    0.0   0.00    0.4   10.0  00:08    336
 24   38.2   49.0  14:34   26.0  07:23   26.8    0.0   0.00    0.7   10.0  23:25     10
 25   46.7   55.0  15:16   40.0  00:35   18.3    0.0   0.00    0.9    8.0  00:55     91
 26   48.1   63.0  14:07   39.0  08:07   16.9    0.0   0.00    0.1    3.0  10:17    157
 27   45.4   55.0  14:35   40.0  02:48   19.6    0.0   0.00    0.6   22.0  23:45     91
 28   47.2   69.0  14:23   37.0  03:40   17.8    0.0   0.00    1.1   12.0  14:33    177
 29   48.0   55.0  11:25   29.0  23:45   17.0    0.0   0.00    5.6   19.0  19:25    292
 30   27.1   35.0  13:36   20.0  07:56   37.9    0.0   0.00    0.3    7.0  01:55    310
---------------------------------------------------------------------------------------
      35.7   71.0     06    2.0     17  876.0    0.0   1.30    1.3   22.0     06    195
    
Updated: 12/05/2017 02:40:00 AM