Northwest Meridian, Idaho

43° 38.92' N | 116° 25.01' W | 2569 feet | Show on map

Climate Summary for September 2014

Last Updated 04/07/2018

Station:LaCrosse WS-2316
Software:WeeWX
Weewx uptime:NA
Server uptime:NA

                   MONTHLY CLIMATOLOGICAL SUMMARY FOR Sep 2014


NAME: Northwest Meridian, Idaho                  
ELEV: 2569 feet    LAT: 43-38.92 N    LONG: 116-25.01 W


                   TEMPERATURE (°F), RAIN (in), WIND SPEED (mph)

                                         HEAT   COOL         AVG
      MEAN                               DEG    DEG          WIND                   DOM
DAY   TEMP   HIGH   TIME    LOW   TIME   DAYS   DAYS   RAIN  SPEED   HIGH   TIME    DIR
---------------------------------------------------------------------------------------
 01   63.3   81.1  18:54   48.4  07:54    1.7    0.0   0.00    1.1   11.0  18:54    348
 02   68.6   95.4  18:54   47.1  07:54    0.0    3.6   0.00    0.2    4.5  17:54     25
 03   62.8   73.9  18:54   53.0  08:34    2.2    0.0   0.00    3.0   11.0  10:25    325
 04   65.7   83.0  17:16   42.4  07:54    0.0    0.7   0.00    0.6    6.0  12:03    331
 05   63.3   88.0  17:53   44.0  06:34    1.7    0.0   0.00    0.4    7.0  17:13    297
 06   66.4   93.0  16:40   46.0  06:54    0.0    1.4   0.00    0.3    8.0  16:50    344
 07   68.6   95.0  17:41   47.0  07:01    0.0    3.6   0.00    0.4    7.0  14:01    353
 08   69.9   93.0  16:43   50.0  07:03    0.0    4.9   0.00    0.6    9.0  00:02    352
 09   64.5   79.0  15:27   49.0  07:26    0.5    0.0   0.00    2.3   15.0  17:00    338
 10   62.0   79.0  17:03   46.0  07:13    3.0    0.0   0.00    1.8   11.0  13:42    314
 11   58.6   74.0  17:34   45.0  07:34    6.4    0.0   0.00    2.1   15.0  11:44    299
 12   60.9   84.0  17:16   44.0  06:55    4.1    0.0   0.00    2.2   13.0  15:06    141
 13   60.7   83.0  17:24   42.0  07:04    4.3    0.0   0.00    0.2    5.0  10:44    293
 14   64.3   89.0  17:13   45.0  07:19    0.7    0.0   0.00    0.3    6.0  17:53    324
 15   69.2   94.0  16:32   50.0  05:47    0.0    4.2   0.00    0.5    9.0  22:42      7
 16   75.0   95.5  17:54   65.8  04:54    0.0   10.0   0.00    0.9   11.0  06:03      5
 17   74.3   94.0  16:59   61.0  07:02    0.0    9.3   0.00    0.3    6.0  15:19    348
 18   71.9   91.0  15:59   63.0  06:34    0.0    6.9   0.00    0.4   10.0  18:09    332
 19   67.2   84.0  17:15   53.0  07:44    0.0    2.2   0.00    1.3   10.0  15:35    303
 20   68.2   93.0  17:16   50.0  07:46    0.0    3.2   0.00    0.4    9.0  13:06    170
 21   67.6   83.0  13:51   55.0  05:17    0.0    2.6   0.00    1.9   12.0  18:01    148
 22   72.0   89.0  16:23   62.0  07:48    0.0    7.0   0.00    0.5   10.0  05:32    147
 23   70.3   83.0  14:20   58.0  06:20    0.0    5.3   0.00    1.0    8.0  09:40    138
 24   71.8   97.0  17:22   54.0  07:51    0.0    6.8   0.00    0.2    5.0  13:39    300
 25   63.6   78.0  15:11   49.0  07:40    1.4    0.0   0.00    3.0   24.0  19:25    329
 26   62.2   71.0  14:19   55.0  08:00    2.8    0.0   0.00    1.0    8.0  17:09    314
 27   59.7   69.0  16:26   54.0  08:22    5.3    0.0   0.18    0.8    9.0  08:22    279
 28   60.0   68.0  15:35   55.0  01:01    5.0    0.0   0.39    0.4   12.0  23:39    184
 29   56.8   66.0  12:18   52.0  04:24    8.2    0.0   0.37    2.5   18.0  01:14    133
 30   56.0   65.0  15:53   50.0  23:24    9.0    0.0   0.06    2.1   17.0  12:33    317
---------------------------------------------------------------------------------------
      65.4   97.0     24   42.0     13   56.3   71.6   1.00    1.1   24.0     25    321
    
Updated: 12/05/2017 02:40:00 AM