Northwest Meridian, Idaho

43° 38.92' N | 116° 25.01' W | 2569 feet | Show on map

Climate Summary for August 2014

Last Updated 04/07/2018

Station:LaCrosse WS-2316
Software:WeeWX
Weewx uptime:NA
Server uptime:NA

                   MONTHLY CLIMATOLOGICAL SUMMARY FOR Aug 2014


NAME: Northwest Meridian, Idaho                  
ELEV: 2569 feet    LAT: 43-38.92 N    LONG: 116-25.01 W


                   TEMPERATURE (°F), RAIN (in), WIND SPEED (mph)

                                         HEAT   COOL         AVG
      MEAN                               DEG    DEG          WIND                   DOM
DAY   TEMP   HIGH   TIME    LOW   TIME   DAYS   DAYS   RAIN  SPEED   HIGH   TIME    DIR
---------------------------------------------------------------------------------------
 01   80.3  101.0  16:34   62.0  06:31    0.0   15.3   0.00    0.6   10.0  21:12      7
 02   82.8  106.0  16:51   67.0  06:23    0.0   17.8   0.00    1.0   11.0  14:01    124
 03   82.8  103.0  17:05   65.0  06:26    0.0   17.8   0.00    0.6    9.0  20:25    318
 04   82.5   94.0  17:00   73.0  06:52    0.0   17.5   0.00    3.6   21.0  14:00    149
 05   77.1   94.0  18:54   63.0  07:02    0.0   12.1   0.00    2.6   18.0  19:44    144
 06   76.3   92.0  15:26   68.0  06:40    0.0   11.3   0.00    2.8   18.0  20:17    136
 07   81.7   98.0  18:48   63.0  06:02    0.0   16.7   0.00    0.8    7.8  00:54    116
 08   77.4   96.0  15:51   60.0  06:30    0.0   12.4   0.00    0.5    8.0  13:11     11
 09   76.9   95.0  17:12   62.0  04:26    0.0   11.9   0.00    0.3    8.0  15:42    344
 10   81.1  104.0  18:17   61.0  06:26    0.0   16.1   0.00    0.5    7.0  00:25      8
 11   83.0  106.0  16:57   65.0  06:12    0.0   18.0   0.00    1.4   13.0  14:57    160
 12   77.9   89.0  12:28   66.0  23:36    0.0   12.9   0.00    2.9   23.0  14:28    161
 13   71.3   90.0  17:44   60.0  06:26    0.0    6.3   0.24    1.7   14.0  18:04      9
 14   73.0   91.0  17:57   61.0  05:46    0.0    8.0   0.23    0.8    8.0  00:26    325
 15   74.6   94.0  18:03   61.0  04:12    0.0    9.6   0.00    0.6    7.0  01:35    328
 16   74.4   93.0  16:54   57.0  06:53    0.0    9.4   0.00    1.4   13.0  18:34    354
 17   76.3   98.0  17:34   57.0  06:53    0.0   11.3   0.00    0.9   13.0  20:34    329
 18   78.0   98.0  17:55   58.0  06:32    0.0   13.0   0.00    0.7    9.0  14:25    323
 19   74.6   97.0  16:09   59.0  06:27    0.0    9.6   0.00    1.0   14.0  19:40    302
 20   74.4   89.0  17:01   60.0  06:40    0.0    9.4   0.00    0.6    8.0  10:00    340
 21   70.6   87.0  16:52   56.0  06:22    0.0    5.6   0.00    0.7    9.0  18:22    315
 22   68.5   86.0  17:49   56.0  06:30    0.0    3.5   0.00    2.1   13.0  19:09    346
 23   65.4   81.0  17:55   50.0  06:50    0.0    0.4   0.00    2.6   22.0  18:15    326
 24   67.9   88.0  18:12   51.0  06:17    0.0    2.9   0.00    1.4   13.0  23:43      6
 25   67.2   79.0  15:35   58.0  05:32    0.0    2.2   0.00    1.7   10.0  13:05    142
 26   69.4   91.0  17:49   52.0  06:59    0.0    4.4   0.00    0.5    8.0  15:09    268
 27   73.2   95.0  17:14   54.0  07:01    0.0    8.2   0.00    0.3    6.0  14:54    328
 28   73.1   94.0  17:50   55.0  06:31    0.0    8.1   0.00    0.5    8.0  16:40     11
 29   73.6   94.0  16:09   55.0  06:45    0.0    8.6   0.00    0.4    5.0  23:50    327
 30   70.7   86.0  17:07   57.0  23:57    0.0    5.7   0.00    2.1   29.0  20:47    318
 31   61.4   78.1  17:54   49.0  06:51    3.6    0.0   0.00    1.4   13.0  17:01    351
---------------------------------------------------------------------------------------
      74.8  106.0     02   49.0     31    3.6  306.1   0.47    1.3   29.0     30     24
    
Updated: 12/05/2017 02:40:00 AM