Northwest Meridian, Idaho

43° 38.92' N | 116° 25.01' W | 2569 feet | Show on map

Climate Summary for June 2014

Last Updated 04/07/2018

Station:LaCrosse WS-2316
Software:WeeWX
Weewx uptime:NA
Server uptime:NA

                   MONTHLY CLIMATOLOGICAL SUMMARY FOR Jun 2014


NAME: Northwest Meridian, Idaho                  
ELEV: 2569 feet    LAT: 43-38.92 N    LONG: 116-25.01 W


                   TEMPERATURE (°F), RAIN (in), WIND SPEED (mph)

                                         HEAT   COOL         AVG
      MEAN                               DEG    DEG          WIND                   DOM
DAY   TEMP   HIGH   TIME    LOW   TIME   DAYS   DAYS   RAIN  SPEED   HIGH   TIME    DIR
---------------------------------------------------------------------------------------
 01   66.1   84.0  16:58   45.0  06:17    0.0    1.1   0.00    1.6   12.0  14:48    283
 02   71.9   96.0  16:16   49.0  06:05    0.0    6.9   0.00    1.3   19.0  23:17    144
 03   73.8   90.0  17:48   56.0  05:47    0.0    8.8   0.00    1.6   11.0  14:07    335
 04   71.4   88.0  18:23   54.0  05:24    0.0    6.4   0.00    1.7   14.0  14:03    300
 05   69.3   88.0  18:25   49.0  05:54    0.0    4.3   0.00    2.0   12.0  11:55    335
 06   68.9   85.0  17:34   51.0  06:32    0.0    3.9   0.00    2.6   17.0  16:24    302
 07   67.9   84.0  15:35   49.0  06:25    0.0    2.9   0.00    2.0   13.0  16:45    310
 08   70.7   88.0  19:00   51.0  06:19    0.0    5.7   0.00    2.0   14.0  14:40    293
 09   72.6   91.0  18:54   51.0  06:08    0.0    7.6   0.00    1.5   17.0  17:54    351
 10   71.0   89.0  17:22   54.0  06:13    0.0    6.0   0.00    2.8   14.0  18:12    325
 11   69.1   92.0  19:18   49.0  06:15    0.0    4.1   0.00    0.8    9.0  12:05    287
 12   73.5   97.0  17:12   51.0  05:11    0.0    8.5   0.00    1.4   14.0  23:40    316
 13   63.0   74.0  15:03   53.0  06:11    2.0    0.0   0.00    3.3   17.0  18:00    314
 14   62.5   78.0  19:56   49.0  06:41    2.5    0.0   0.00    1.6   10.0  02:36    326
 15   65.9   87.0  17:37   51.0  02:25    0.0    0.9   0.00    0.9   14.0  22:08    331
 16   60.3   73.0  16:54   51.0  06:22    4.7    0.0   0.04    2.6   16.0  19:39    313
 17   55.3   70.0  18:28   41.0  06:07    9.7    0.0   0.00    3.1   18.0  16:48    318
 18   58.2   74.0  19:04   49.0  01:54    6.8    0.0   0.08    0.6    9.0  00:34    312
 19   69.1   95.0  18:50   46.0  06:07    0.0    4.1   0.00    0.9    9.0  12:49     30
 20   74.2   92.0  18:10   56.0  06:29    0.0    9.2   0.00    1.8   12.0  17:00    335
 21   70.6   88.0  17:02   52.0  06:31    0.0    5.6   0.00    2.7   15.0  15:12    314
 22   72.7   89.0  16:12   55.0  06:11    0.0    7.7   0.00    1.6   11.0  11:52    291
 23   74.7   95.0  17:52   52.0  05:51    0.0    9.7   0.00    0.8    7.0  12:11    314
 24   74.8   89.0  16:23   60.0  06:31    0.0    9.8   0.00    2.8   22.0  13:02    318
 25   68.8   83.0  17:13   58.0  06:03    0.0    3.8   0.00    2.0   15.0  22:54    315
 26   68.5   81.0  19:07   59.0  01:14    0.0    3.5   0.04    1.3   11.0  16:16    268
 27   70.1   87.0  19:13   59.0  06:08    0.0    5.1   0.00    1.1   14.0  15:09    271
 28   70.9   89.0  18:03   54.0  06:33    0.0    5.9   0.00    1.3   11.0  18:53    343
 29   69.0   84.0  17:25   52.0  06:28    0.0    4.0   0.00    2.6   13.0  16:45    335
 30   69.5   90.0  17:58   50.0  06:16    0.0    4.5   0.00    1.4   11.0  14:48    286
---------------------------------------------------------------------------------------
      68.8   97.0     12   41.0     17   25.6  140.1   0.16    1.8   22.0     24    315
    
Updated: 12/05/2017 02:40:00 AM