Northwest Meridian, Idaho

43° 38.92' N | 116° 25.01' W | 2569 feet | Show on map

Climate Summary for May 2014

Last Updated 04/07/2018

Station:LaCrosse WS-2316
Software:WeeWX
Weewx uptime:NA
Server uptime:NA

                   MONTHLY CLIMATOLOGICAL SUMMARY FOR May 2014


NAME: Northwest Meridian, Idaho                  
ELEV: 2569 feet    LAT: 43-38.92 N    LONG: 116-25.01 W


                   TEMPERATURE (°F), RAIN (in), WIND SPEED (mph)

                                         HEAT   COOL         AVG
      MEAN                               DEG    DEG          WIND                   DOM
DAY   TEMP   HIGH   TIME    LOW   TIME   DAYS   DAYS   RAIN  SPEED   HIGH   TIME    DIR
---------------------------------------------------------------------------------------
 01   61.3   85.0  17:36   39.0  06:59    3.7    0.0   0.00    0.7    7.0  14:45    346
 02   65.0   90.0  16:45   43.0  06:17    0.0    0.0   0.00    0.6    9.0  16:25      2
 03   65.3   85.0  15:14   48.0  06:22    0.0    0.3   0.00    1.5   13.0  16:34      0
 04   61.0   77.0  18:35   52.0  04:08    4.0    0.0   0.00    1.4   10.0  14:34    343
 05   55.5   70.0  16:59   48.0  23:27    9.5    0.0   0.00    2.8   17.0  19:29    320
 06   53.8   68.0  15:49   40.0  06:28   11.2    0.0   0.00    7.8   23.0  15:29    321
 07   55.4   68.0  15:26   42.0  06:05    9.6    0.0   0.00    7.4   25.0  16:16    320
 08   55.6   78.0  16:03   36.0  06:17    9.4    0.0   0.10    1.5   12.0  18:57    165
 09   55.9   70.0  18:31   47.0  23:41    9.1    0.0   0.25    3.0   18.0  21:11    320
 10   48.6   58.0  15:53   39.0  07:33   16.4    0.0   0.12    3.6   18.0  16:53    330
 11   54.2   68.0  15:49   41.0  05:58   10.8    0.0   0.00    8.5   22.0  17:29    329
 12   56.7   74.0  18:22   40.0  06:22    8.3    0.0   0.00    2.0   13.0  00:30    310
 13   61.5   82.0  16:31   43.0  04:50    3.5    0.0   0.00    2.1   16.0  10:00    143
 14   63.9   83.0  16:22   43.0  06:12    1.1    0.0   0.00    1.2   11.0  15:32    331
 15   69.2   92.0  17:40   47.0  05:59    0.0    4.2   0.00    0.4    8.0  15:40     40
 16   70.9   89.0  17:40   55.0  06:29    0.0    5.9   0.00    1.0    9.0  16:10    352
 17   66.4   83.0  16:31   50.0  06:51    0.0    1.4   0.00    2.2   13.0  11:41    348
 18   61.0   75.0  15:34   51.0  23:54    4.0    0.0   0.02    2.2   19.0  16:44    348
 19   58.5   75.0  17:07   43.0  04:51    6.5    0.0   0.00    1.9   11.0  13:47    329
 20   60.9   82.0  18:36   42.0  06:43    4.1    0.0   0.02    1.2   17.0  19:16    286
 21   61.3   80.0  14:17   51.0  06:36    3.7    0.0   0.09    2.2   22.0  17:47    136
 22   66.2   88.0  17:26   45.0  06:28    0.0    1.2   0.00    1.6   17.0  18:46    329
 23   70.3   94.0  19:03   48.0  06:27    0.0    5.3   0.00    2.0   22.0  20:49    326
 24   68.0   82.0  17:19   54.0  06:38    0.0    3.0   0.00    3.4   13.0  10:18    313
 25   68.1   86.0  16:30   50.0  06:20    0.0    3.1   0.00    0.8    8.0  15:10    352
 26   69.3   86.0  16:45   53.0  06:14    0.0    4.3   0.00    2.6   13.0  18:45    340
 27   70.1   94.0  17:56   52.0  05:56    0.0    5.1   0.00    1.6   14.0  22:26    329
 28   62.0   73.0  14:48   51.0  06:05    3.0    0.0   0.00    4.3   23.0  20:38    312
 29   57.8   76.0  17:45   40.0  06:14    7.2    0.0   0.00    1.7   10.3  13:54    324
 30   61.2   82.0  15:56   40.0  05:16    3.8    0.0   0.00    0.8    9.0  18:06    311
 31   63.7   85.0  15:44   45.0  06:17    1.3    0.0   0.00    2.5   22.0  16:14    307
---------------------------------------------------------------------------------------
      61.9   94.0     23   36.0     08  130.3   33.8   0.60    2.5   25.0     07    326
    
Updated: 12/05/2017 02:40:00 AM