Northwest Meridian, Idaho

43° 38.92' N | 116° 25.01' W | 2569 feet | Show on map

Climate Summary for April 2014

Last Updated 04/07/2018

Station:LaCrosse WS-2316
Software:WeeWX
Weewx uptime:NA
Server uptime:NA

                   MONTHLY CLIMATOLOGICAL SUMMARY FOR Apr 2014


NAME: Northwest Meridian, Idaho                  
ELEV: 2569 feet    LAT: 43-38.92 N    LONG: 116-25.01 W


                   TEMPERATURE (°F), RAIN (in), WIND SPEED (mph)

                                         HEAT   COOL         AVG
      MEAN                               DEG    DEG          WIND                   DOM
DAY   TEMP   HIGH   TIME    LOW   TIME   DAYS   DAYS   RAIN  SPEED   HIGH   TIME    DIR
---------------------------------------------------------------------------------------
 01   39.3   43.0  00:07   36.0  04:27   25.7    0.0   0.34    2.0   15.0  15:48    222
 02   43.7   58.0  16:23   35.0  07:36   21.3    0.0   0.20    2.5   15.0  16:23    337
 03   46.7   66.0  16:52   29.0  06:45   18.3    0.0   0.00    0.9    8.0  14:42    154
 04   50.4   65.0  16:36   41.0  01:23   14.6    0.0   0.00    1.3    8.0  16:56    290
 05   49.0   61.0  17:04   36.0  06:32   16.0    0.0   0.00    2.1   13.0  11:43    314
 06   52.8   65.0  17:06   44.0  01:22   12.2    0.0   0.04    3.4   17.0  17:16    333
 07   54.0   74.0  17:35   36.0  06:34   11.0    0.0   0.00    1.0    8.0  13:05    334
 08   58.6   82.0  15:57   39.0  07:02    6.4    0.0   0.00    0.9    9.0  16:07      9
 09   58.0   74.0  15:37   43.0  07:16    7.0    0.0   0.00    3.5   15.0  16:47    341
 10   52.8   69.0  16:47   37.0  06:06   12.2    0.0   0.00    1.7   12.0  17:47    347
 11   53.6   71.0  16:13   36.0  06:28   11.4    0.0   0.00    1.5   16.0  17:13    334
 12   52.6   66.0  15:30   39.0  06:39   12.4    0.0   0.00    5.6   22.0  19:10    322
 13   51.5   64.0  17:31   41.0  05:50   13.5    0.0   0.00   10.1   27.0  10:41    326
 14   52.2   75.0  17:12   35.0  06:12   12.8    0.0   0.00    2.2   14.0  11:44    144
 15   51.3   64.0  15:17   40.0  06:17   13.7    0.0   0.00    4.7   22.0  17:57    329
 16   49.8   67.0  16:57   32.0  06:19   15.2    0.0   0.00    1.8   11.0  18:27    345
 17   57.3   82.0  17:01   36.0  06:58    7.7    0.0   0.08    4.3   19.0  12:01    136
 18   55.3   68.0  18:10   45.0  23:51    9.7    0.0   0.00    2.5   14.0  16:30    345
 19   58.6   86.0  16:46   35.0  07:11    6.4    0.0   0.00    2.5   19.7  22:54    145
 20   55.8   72.0  16:38   40.0  07:24    9.2    0.0   0.00    3.7   17.0  01:18    328
 21   59.2   80.0  16:11   36.0  07:11    5.8    0.0   0.00    3.0   15.0  17:01    146
 22   50.3   58.0  00:01   38.0  23:32   14.7    0.0   0.25    2.4   15.0  20:41    347
 23   48.2   69.0  18:15   29.0  06:14   16.8    0.0   0.00    0.9   10.0  15:24    146
 24   54.7   74.0  16:56   44.0  08:15   10.3    0.0   0.08    2.3   12.1  19:54    135
 25   49.8   59.0  12:53   44.0  23:48   15.2    0.0   0.08    1.1    8.0  08:22    328
 26   47.3   61.0  17:10   37.0  04:39   17.7    0.0   0.00    4.1   22.0  13:29    307
 27   46.0   59.0  16:21   34.0  03:10   19.0    0.0   0.12    2.9   20.0  16:01    346
 28   45.8   60.0  17:59   32.0  05:13   19.2    0.0   0.00    2.8   17.0  16:29    321
 29   50.4   70.0  17:21   30.0  06:20   14.6    0.0   0.00    2.0   14.0  15:31    312
 30   56.5   79.0  15:55   34.0  06:11    8.5    0.0   0.00    0.8    8.0  11:54    315
---------------------------------------------------------------------------------------
      51.7   86.0     19   29.0     03  398.7    0.0   1.19    2.7   27.0     13    329
    
Updated: 12/05/2017 02:40:00 AM