Northwest Meridian, Idaho

43° 38.92' N | 116° 25.01' W | 2569 feet | Show on map

Climate Summary for March 2014

Last Updated 04/07/2018

Station:LaCrosse WS-2316
Software:WeeWX
Weewx uptime:NA
Server uptime:NA

                   MONTHLY CLIMATOLOGICAL SUMMARY FOR Mar 2014


NAME: Northwest Meridian, Idaho                  
ELEV: 2569 feet    LAT: 43-38.92 N    LONG: 116-25.01 W


                   TEMPERATURE (°F), RAIN (in), WIND SPEED (mph)

                                         HEAT   COOL         AVG
      MEAN                               DEG    DEG          WIND                   DOM
DAY   TEMP   HIGH   TIME    LOW   TIME   DAYS   DAYS   RAIN  SPEED   HIGH   TIME    DIR
---------------------------------------------------------------------------------------
 01   42.9   51.0  16:28   38.0  01:10   22.1    0.0   0.10    1.0   13.0  12:47    341
 02   46.8   55.0  13:46   41.0  02:02   18.2    0.0   0.27    3.4   15.0  20:36    129
 03   46.2   51.6  16:54   44.0  01:16   18.8    0.0   0.32    1.9   14.0  19:53    122
 04   49.6   64.0  16:24   38.1  07:54   15.4    0.0   0.00    0.8    9.0  12:04    330
 05   52.7   63.0  14:16   45.0  03:55   12.3    0.0   0.00    5.6   16.0  23:46    136
 06   54.1   63.0  12:57   44.0  23:56   10.9    0.0   0.02    3.7   28.0  16:16    259
 07   42.5   56.5  16:54   36.0  23:52   22.5    0.0   0.00    0.5    9.4  12:54    320
 08   46.3   63.0  14:59   29.0  07:03   18.7    0.0   0.00    3.7   17.0  15:09    141
 09   52.3   58.0  14:57   47.0  08:16   12.7    0.0   0.09    4.5   16.0  13:37    136
 10   48.0   53.0  00:01   41.0  23:03   17.0    0.0   0.07    4.8   20.0  08:42    309
 11   43.5   56.0  16:14   33.0  07:43   21.5    0.0   0.00    4.6   21.0  11:53    320
 12   40.5   60.0  16:25   26.0  06:35   24.5    0.0   0.00    0.9    9.0  17:15    314
 13   42.4   61.0  16:44   28.0  05:23   22.6    0.0   0.00    1.0   10.0  15:34    331
 14   44.8   62.0  17:24   32.0  04:40   20.2    0.0   0.00    0.7   11.0  15:14     44
 15   46.0   67.0  16:58   29.0  07:58   19.0    0.0   0.00    0.6    5.0  00:53    308
 16   51.6   75.0  15:40   32.0  07:59   13.4    0.0   0.00    1.0   10.0  18:00    130
 17   46.3   59.0  03:31   35.0  23:35   18.7    0.0   0.02   11.4   31.0  08:41    305
 18   37.7   52.0  16:46   26.0  07:45   27.3    0.0   0.00    2.8   16.0  13:15    296
 19   43.3   66.0  17:15   27.0  05:54   21.7    0.0   0.00    2.2   13.0  12:04    135
 20   43.0   51.0  15:52   33.0  23:47   22.0    0.0   0.00    5.4   21.0  17:53    327
 21   37.5   54.0  16:36   21.0  07:26   27.5    0.0   0.00    1.4   12.0  19:07    302
 22   39.8   57.0  17:58   26.0  07:47   25.2    0.0   0.00    1.5   10.0  15:08    313
 23   42.2   61.0  16:10   24.0  07:09   22.8    0.0   0.00    1.3   13.0  17:20    350
 24   48.4   73.0  17:25   28.0  07:01   16.6    0.0   0.00    0.7    8.0  12:55    108
 25   51.5   71.0  13:57   34.0  07:46   13.5    0.0   0.00    3.0   17.0  13:07     54
 26   48.4   62.0  15:27   36.0  07:36   16.6    0.0   0.18    1.7   14.0  17:07    284
 27   42.8   49.0  14:59   38.0  06:18   22.2    0.0   0.17    1.8   12.0  09:48    134
 28   47.8   60.0  15:50   35.0  02:50   17.2    0.0   0.02    4.4   16.0  11:40    136
 29   50.6   56.0  11:40   43.0  23:31   14.4    0.0   0.14    3.2   15.2  16:54    145
 30   46.1   57.0  16:51   39.0  08:01   18.9    0.0   0.06    4.6   25.0  09:31    317
 31   46.7   62.0  15:43   36.0  01:12   18.3    0.0   0.00    3.0   17.0  11:12    140
---------------------------------------------------------------------------------------
      45.9   75.0     16   21.0     21  592.8    0.0   1.46    2.9   31.0     17    279
    
Updated: 12/05/2017 02:40:00 AM