Northwest Meridian, Idaho

43° 38.92' N | 116° 25.01' W | 2569 feet | Show on map

Climate Summary for February 2014

Last Updated 04/07/2018

Station:LaCrosse WS-2316
Software:WeeWX
Weewx uptime:NA
Server uptime:NA

                   MONTHLY CLIMATOLOGICAL SUMMARY FOR Feb 2014


NAME: Northwest Meridian, Idaho                  
ELEV: 2569 feet    LAT: 43-38.92 N    LONG: 116-25.01 W


                   TEMPERATURE (°F), RAIN (in), WIND SPEED (mph)

                                         HEAT   COOL         AVG
      MEAN                               DEG    DEG          WIND                   DOM
DAY   TEMP   HIGH   TIME    LOW   TIME   DAYS   DAYS   RAIN  SPEED   HIGH   TIME    DIR
---------------------------------------------------------------------------------------
 01   33.9   44.0  16:02   27.0  23:48   31.1    0.0   0.00    1.1   12.0  15:02    322
 02   34.2   48.0  15:03   21.0  06:12   30.8    0.0   0.00    2.3   12.0  15:13    142
 03   33.1   38.0  15:10   28.0  23:01   31.9    0.0   0.00    2.3   14.0  14:10    327
 04   24.9   33.0  15:37   20.0  07:17   40.1    0.0   0.00    1.6   12.0  12:57    314
 05   23.7   32.0  15:52   20.0  20:33   41.3    0.0   0.00    1.4    7.0  08:06    142
 06   22.0   28.0  14:14   18.0  06:53   43.0    0.0   0.00    5.1   18.0  22:04    142
 07   26.6   36.0  12:05   19.0  07:55   38.4    0.0   0.00    0.9    7.0  04:15    155
 08   32.7   40.0  13:33   27.0  07:07   32.3    0.0   0.08    1.4   13.0  02:07    171
 09   37.5   47.0  14:33   33.0  22:33   27.5    0.0   0.18    0.7    9.0  13:13    291
 10   33.1   48.0  16:14   29.0  04:34   31.9    0.0   0.00    0.2    5.0  18:15    244
 11   37.3   52.0  15:06   28.0  01:25   27.7    0.0   0.02    0.9    8.0  14:36     37
 12   42.7   46.0  14:07   38.0  00:07   22.3    0.0   0.43    3.1   12.0  00:37    132
 13   44.5   52.0  10:49   38.0  21:47   20.5    0.0   0.02    1.4   11.0  13:09     12
 14   43.4   48.0  13:49   40.0  00:08   21.6    0.0   0.44    2.9   13.0  09:18    136
 15   46.3   54.0  19:33   40.0  01:00   18.7    0.0   0.15    4.5   19.0  13:33    137
 16   45.7   56.0  00:34   38.0  21:20   19.3    0.0   0.00    4.2   22.0  12:24    249
 17   44.3   63.1  14:54   36.0  08:28   20.7    0.0   0.00    3.2   17.0  22:54    199
 18   45.5   57.0  14:26   36.0  05:02   19.5    0.0   0.00    3.8   15.0  20:16    135
 19   38.2   52.0  00:46   27.0  23:39   26.8    0.0   0.00    5.8   24.0  17:08    309
 20   36.6   49.0  13:10   26.0  00:09   28.4    0.0   0.03    1.2   10.0  10:29    155
 21   40.4   54.0  16:11   29.0  05:41   24.6    0.0   0.02    1.8   13.0  12:01    315
 22   37.6   48.9  15:54   31.0  07:29   27.4    0.0   0.00    0.7    8.0  11:00    320
 23   45.6   61.0  14:33   32.0  07:33   19.4    0.0   0.00    0.5    7.0  21:34    100
 24   47.5   63.0  15:05   33.0  06:44   17.5    0.0   0.00    1.1    9.0  12:35    352
 25   48.0   61.0  14:34   37.0  06:46   17.0    0.0   0.00    1.7   14.0  13:04    302
 26   44.9   65.0  16:22   30.0  06:51   20.1    0.0   0.00    0.5    6.0  13:21     85
 27   44.8   53.0  14:04   40.0  00:53   20.2    0.0   0.14    0.8    7.0  13:14    106
 28   46.4   60.0  13:20   36.0  07:12   18.6    0.0   0.00    1.5   11.0  15:00    147
---------------------------------------------------------------------------------------
      38.5   65.0     26   18.0     06  738.4    0.0   1.51    2.0   24.0     19    153
    
Updated: 12/05/2017 02:40:00 AM