MONTHLY CLIMATOLOGICAL SUMMARY FOR Jan 2014 NAME: Northwest Meridian, Idaho ELEV: 2569 feet LAT: 43-38.92 N LONG: 116-25.01 W TEMPERATURE (°F), RAIN (in), WIND SPEED (mph) HEAT COOL AVG MEAN DEG DEG WIND DOM DAY TEMP HIGH TIME LOW TIME DAYS DAYS RAIN SPEED HIGH TIME DIR --------------------------------------------------------------------------------------- 01 25.7 36.0 14:57 20.0 02:26 39.3 0.0 0.00 0.1 4.0 14:27 297 02 25.7 37.0 13:40 18.0 07:19 39.3 0.0 0.00 0.3 6.0 14:20 287 03 25.7 33.0 15:11 19.0 23:57 39.3 0.0 0.00 0.1 4.0 10:31 305 04 21.6 34.0 14:08 11.0 08:28 43.4 0.0 0.00 1.4 15.0 13:38 313 05 19.6 33.0 15:43 11.0 05:50 45.4 0.0 0.00 0.4 7.0 15:43 256 06 21.7 36.0 14:45 13.0 04:24 43.3 0.0 0.00 0.6 5.0 16:45 342 07 27.7 34.0 13:58 21.0 00:10 37.3 0.0 0.00 0.3 6.0 12:48 287 08 32.2 44.0 13:40 28.0 01:29 32.8 0.0 0.10 0.6 8.0 20:29 317 09 35.4 43.0 14:30 29.0 08:40 29.6 0.0 0.00 1.5 19.0 05:19 333 10 38.8 47.0 13:02 33.0 07:51 26.2 0.0 0.00 0.8 8.0 00:51 110 11 43.7 55.0 15:14 37.0 00:53 21.3 0.0 0.00 4.8 28.0 15:44 159 12 38.0 44.0 12:45 34.0 08:05 27.0 0.0 0.02 2.9 17.0 00:04 253 13 40.2 48.0 15:27 32.0 23:34 24.8 0.0 0.00 1.4 9.0 13:27 5 14 34.4 49.0 14:55 26.0 05:54 30.6 0.0 0.00 0.5 9.0 14:15 328 15 29.6 43.0 15:43 22.0 05:20 35.4 0.0 0.00 0.1 4.0 15:43 268 16 26.9 36.0 14:04 22.0 03:24 38.1 0.0 0.00 0.2 4.0 14:04 290 17 25.4 31.0 13:36 20.0 06:16 39.6 0.0 0.00 0.1 6.0 13:56 267 18 26.8 31.0 14:18 23.0 08:07 38.2 0.0 0.00 0.0 0.0 00:07 90 19 27.8 33.0 13:56 26.0 04:45 37.2 0.0 0.00 0.6 9.0 22:06 248 20 28.8 34.0 14:08 26.0 00:07 36.2 0.0 0.00 1.1 9.0 11:07 259 21 28.8 32.0 13:00 27.0 08:19 36.2 0.0 0.00 0.7 5.0 08:39 31 22 26.2 28.0 00:01 24.0 18:02 38.8 0.0 0.00 1.1 8.0 12:11 319 23 29.3 33.0 13:26 26.0 00:02 35.7 0.0 0.00 1.4 6.0 17:57 38 24 27.6 31.0 14:48 26.0 09:07 37.4 0.0 0.00 0.6 6.0 17:18 65 25 25.2 27.0 14:40 24.0 19:50 39.8 0.0 0.00 0.4 5.0 15:50 359 26 25.1 28.0 14:37 24.0 00:10 39.9 0.0 0.00 0.4 5.0 15:07 26 27 25.1 27.0 13:41 24.0 04:21 39.9 0.0 0.00 0.8 6.0 17:01 316 28 28.9 33.0 13:36 26.0 00:04 36.1 0.0 0.00 0.9 7.0 02:34 113 29 31.8 34.0 11:20 29.0 00:02 33.2 0.0 0.00 0.6 9.0 12:30 173 30 35.1 44.4 14:54 28.0 23:45 29.9 0.0 0.04 0.9 9.0 16:08 328 31 31.9 41.0 14:07 23.0 07:57 33.1 0.0 0.00 1.4 10.0 12:17 310 --------------------------------------------------------------------------------------- 29.4 55.0 11 11.0 04 1104.2 0.0 0.16 0.9 28.0 11 302 Updated: 12/05/2017 02:40:00 AM