MONTHLY CLIMATOLOGICAL SUMMARY FOR Dec 2013 NAME: Northwest Meridian, Idaho ELEV: 2569 feet LAT: 43-38.92 N LONG: 116-25.01 W TEMPERATURE (°F), RAIN (in), WIND SPEED (mph) HEAT COOL AVG MEAN DEG DEG WIND DOM DAY TEMP HIGH TIME LOW TIME DAYS DAYS RAIN SPEED HIGH TIME DIR --------------------------------------------------------------------------------------- 01 42.9 52.0 23:47 35.0 00:08 22.1 0.0 0.14 1.8 9.0 09:47 137 02 45.2 55.0 12:38 26.0 22:59 19.8 0.0 0.02 4.0 27.0 16:38 291 03 28.2 37.0 14:03 22.0 23:04 36.8 0.0 0.00 3.7 15.0 11:13 317 04 21.5 28.0 13:55 14.0 23:15 43.5 0.0 0.00 0.9 11.0 03:34 315 05 18.6 27.0 13:57 13.0 00:16 46.4 0.0 0.00 0.5 6.0 13:47 279 06 20.4 29.0 14:14 12.0 06:14 44.6 0.0 0.00 3.8 18.0 15:24 140 07 18.3 25.0 13:06 6.0 23:07 46.7 0.0 0.00 3.8 19.0 01:45 295 08 4.3 16.0 13:59 -4.0 23:30 60.7 0.0 0.00 1.4 11.0 11:09 347 09 7.6 23.0 13:51 -6.0 04:40 57.4 0.0 0.00 0.3 4.0 14:11 163 10 10.0 20.5 13:54 4.8 07:54 55.0 0.0 0.00 0.0 3.6 11:54 295 11 18.7 27.0 13:24 11.0 00:54 46.3 0.0 0.00 0.5 5.0 05:24 297 12 13.6 25.0 13:41 7.0 05:11 51.4 0.0 0.00 0.2 5.0 12:51 293 13 22.4 32.0 14:43 13.0 00:02 42.6 0.0 0.00 0.3 6.0 13:43 254 14 28.6 40.0 13:15 21.0 02:14 36.4 0.0 0.00 0.5 7.0 10:25 156 15 27.2 37.0 15:40 20.0 00:00 37.8 0.0 0.00 0.1 4.0 12:10 136 16 22.7 27.0 14:11 19.0 04:11 42.3 0.0 0.00 0.0 0.0 00:10 90 17 21.8 26.0 13:14 15.0 08:24 43.2 0.0 0.00 0.0 2.0 22:54 6 18 20.9 25.0 12:36 19.0 05:35 44.1 0.0 0.00 0.0 0.0 00:05 90 19 23.8 34.0 13:33 15.0 23:44 41.2 0.0 0.00 3.3 18.0 15:13 302 20 21.0 33.0 14:05 9.0 07:14 44.0 0.0 0.00 0.3 7.0 21:10 141 21 26.1 33.0 13:51 20.0 08:21 38.9 0.0 0.04 1.2 10.0 12:01 286 22 33.2 44.0 14:23 27.0 00:02 31.8 0.0 0.06 0.0 4.0 17:03 293 23 35.1 40.0 13:14 32.0 05:54 29.9 0.0 0.02 0.8 15.0 22:25 337 24 30.3 43.0 15:36 21.0 23:37 34.7 0.0 0.00 0.3 7.0 00:05 295 25 22.2 36.0 13:43 15.0 04:57 42.8 0.0 0.00 0.3 5.0 13:43 316 26 20.1 31.0 14:05 14.0 06:14 44.9 0.0 0.00 0.3 5.0 16:25 293 27 16.9 25.0 15:02 11.0 07:31 48.1 0.0 0.00 0.3 6.0 12:52 293 28 22.6 38.0 15:09 13.0 08:19 42.4 0.0 0.00 0.5 10.0 15:39 298 29 24.6 42.0 14:11 15.0 03:20 40.4 0.0 0.00 0.3 5.0 14:41 227 30 27.7 40.0 14:16 19.0 03:25 37.3 0.0 0.00 0.5 6.0 14:16 180 31 29.6 39.0 12:58 24.0 23:36 35.4 0.0 0.00 0.4 6.0 13:08 278 --------------------------------------------------------------------------------------- 23.6 55.0 02 -6.0 09 1289.0 0.0 0.28 1.0 27.0 02 293 Updated: 12/05/2017 02:40:00 AM