Northwest Meridian, Idaho

43° 38.92' N | 116° 25.01' W | 2569 feet | Show on map

Climate Summary for November 2013

Last Updated 04/07/2018

Station:LaCrosse WS-2316
Software:WeeWX
Weewx uptime:NA
Server uptime:NA

                   MONTHLY CLIMATOLOGICAL SUMMARY FOR Nov 2013


NAME: Northwest Meridian, Idaho                  
ELEV: 2569 feet    LAT: 43-38.92 N    LONG: 116-25.01 W


                   TEMPERATURE (°F), RAIN (in), WIND SPEED (mph)

                                         HEAT   COOL         AVG
      MEAN                               DEG    DEG          WIND                   DOM
DAY   TEMP   HIGH   TIME    LOW   TIME   DAYS   DAYS   RAIN  SPEED   HIGH   TIME    DIR
---------------------------------------------------------------------------------------
 01   45.2   62.0  17:14   35.0  05:23   19.8    0.0   0.00    0.3    5.0  11:53    264
 02   45.8   57.0  13:16   38.0  00:25   19.2    0.0   0.00    3.0   15.0  11:36    156
 03   37.4   48.0  12:29   29.0  04:12   27.6    0.0   0.00    1.3   11.0  12:39    312
 04   35.7   46.0  13:18   29.0  01:13   29.3    0.0   0.00    1.0   13.0  13:08    317
 05   35.0   47.0  13:25   22.0  04:03   30.0    0.0   0.13    1.1   11.0  13:05    138
 06   40.0   48.0  14:10   35.0  06:39   25.0    0.0   0.00    0.4    4.0  00:34    281
 07   47.8   62.0  14:02   40.0  00:31   17.2    0.0   0.02    2.7   15.0  12:22    143
 08   43.8   53.0  13:18   35.0  07:38   21.2    0.0   0.00    0.5    8.0  13:48    324
 09   42.4   61.0  15:20   29.0  06:49   22.6    0.0   0.00    0.4    9.0  12:20    152
 10   42.2   60.0  14:22   31.0  07:12   22.8    0.0   0.00    0.6    6.0  15:03    238
 11   40.1   55.0  14:03   31.0  04:43   24.9    0.0   0.00    0.2    4.0  11:23    265
 12   41.7   52.0  11:45   32.0  02:04   23.3    0.0   0.00    0.8   10.0  09:55    231
 13   43.7   59.0  15:07   33.0  23:48   21.3    0.0   0.00    1.7   15.0  13:17    308
 14   39.4   53.0  13:49   30.0  05:28   25.6    0.0   0.00    1.1    7.0  16:09    297
 15   38.2   48.0  14:33   29.0  07:53   26.8    0.0   0.00    1.7   11.0  11:33    306
 16   38.1   44.0  13:25   34.0  02:34   26.9    0.0   0.34    2.1   19.0  14:55     19
 17   40.9   55.0  14:26   33.0  07:36   24.1    0.0   0.00    0.9    8.0  14:16    138
 18   37.6   45.0  15:15   30.0  06:53   27.4    0.0   0.00    0.7    5.0  08:44     45
 19   44.5   53.0  14:36   38.0  00:05   20.5    0.0   0.33    1.9   11.0  14:16    130
 20   41.3   46.0  00:06   31.0  23:29   23.7    0.0   0.30    6.7   25.0  14:27    310
 21   31.3   46.0  15:20   23.0  23:41   33.7    0.0   0.00    1.1    9.0  00:09    257
 22   27.4   43.0  14:23   17.0  06:23   37.6    0.0   0.00    0.6    8.0  13:43    168
 23   26.9   40.0  15:25   18.0  06:34   38.1    0.0   0.00    0.6    7.0  15:05    260
 24   28.0   42.0  15:42   19.0  05:46   37.0    0.0   0.00    0.5    6.0  13:02    273
 25   31.4   47.0  14:04   21.0  06:53   33.6    0.0   0.00    0.3    7.0  11:13    178
 26   32.3   48.0  15:05   22.0  07:35   32.7    0.0   0.00    0.4    7.0  15:35     15
 27   31.9   44.0  13:50   24.0  05:26   33.1    0.0   0.00    0.1    3.0  12:37    265
 28   33.5   48.0  14:44   25.0  06:23   31.5    0.0   0.00    0.3    6.0  14:24    266
 29   32.9   49.0  13:55   23.0  06:35   32.1    0.0   0.00    0.3    5.0  14:35    232
 30   36.9   44.0  12:27   32.0  00:06   28.1    0.0   0.00    0.1    4.0  14:07    310
---------------------------------------------------------------------------------------
      37.8   62.0     01   17.0     22  816.8    0.0   1.12    1.1   25.0     20    280
    
Updated: 12/05/2017 02:40:00 AM