Northwest Meridian, Idaho

43° 38.92' N | 116° 25.01' W | 2569 feet | Show on map

Climate Summary for August 2013

Last Updated 04/07/2018

Station:LaCrosse WS-2316
Software:WeeWX
Weewx uptime:NA
Server uptime:NA

                   MONTHLY CLIMATOLOGICAL SUMMARY FOR Aug 2013


NAME: Northwest Meridian, Idaho                  
ELEV: 2569 feet    LAT: 43-38.92 N    LONG: 116-25.01 W


                   TEMPERATURE (°F), RAIN (in), WIND SPEED (mph)

                                         HEAT   COOL         AVG
      MEAN                               DEG    DEG          WIND                   DOM
DAY   TEMP   HIGH   TIME    LOW   TIME   DAYS   DAYS   RAIN  SPEED   HIGH   TIME    DIR
---------------------------------------------------------------------------------------
 01   76.8   97.0  17:31   63.0  23:52    0.0   11.8   0.00    3.7   22.0  19:12    332
 02   69.1   88.0  17:36   52.0  06:35    0.0    4.1   0.00    1.4   11.0  13:52    342
 03   70.5   92.0  17:07   51.0  06:30    0.0    5.5   0.00    1.9   10.0  16:37    325
 04   74.9   99.0  17:50   53.0  06:05    0.0    9.9   0.00    1.2    9.0  13:25    311
 05   77.3  100.0  17:16   55.0  06:31    0.0   12.3   0.00    1.2   10.0  17:36    355
 06   78.8   98.0  17:47   58.0  07:10    0.0   13.8   0.00    1.2   10.0  16:13    317
 07   77.4   99.0  15:27   57.0  06:36    0.0   12.4   0.00    2.0   17.0  23:50    299
 08   81.2   99.0  17:02   66.0  06:51    0.0   16.2   0.00    1.9   13.0  00:20    289
 09   78.8  104.0  17:58   63.0  06:07    0.0   13.8   0.00    1.8   11.0  14:28    170
 10   76.6   96.0  17:22   58.0  06:56    0.0   11.6   0.00    0.9    9.0  16:02    329
 11   71.4   94.3  19:56   66.0  07:14    0.0    6.4   0.00    1.8   12.0  09:14    300
 12   79.9   90.0  14:47   61.2  07:56    0.0   14.9   0.00    1.3   10.0  18:12    313
 13   79.0   96.0  19:02   63.0  07:47    0.0   14.0   0.00    0.9    8.0  02:17    322
 14   79.2  104.0  18:33   58.0  06:32    0.0   14.2   0.00    0.7    9.0  16:52     35
 15   78.3  102.0  18:01   55.0  07:21    0.0   13.3   0.00    0.4    6.5  19:56    309
 16   78.7  101.0  18:17   58.0  06:36    0.0   13.7   0.00    1.3   11.0  17:07    345
 17   77.2   99.0  17:27   57.0  06:58    0.0   12.2   0.00    0.8   11.0  23:17    313
 18   78.6  100.0  17:42   60.0  07:02    0.0   13.6   0.00    1.4   10.0  14:12    317
 19   78.2  102.0  18:27   59.0  06:43    0.0   13.2   0.00    0.6    6.0  01:53    320
 20   76.5   97.0  16:54   57.0  07:05    0.0   11.5   0.00    1.6   11.0  13:11    299
 21   74.6   95.0  16:04   57.0  06:33    0.0    9.6   0.00    0.3    8.0  00:53    246
 22   76.8   97.0  14:48   63.0  06:35    0.0   11.8   0.00    1.3   14.0  22:39    202
 23   74.3   91.0  16:09   60.0  06:49    0.0    9.3   0.00    1.5   10.0  16:19    337
 24   74.9   95.0  15:35   56.0  06:29    0.0    9.9   0.00    0.8   12.0  16:15    328
 25   76.6   96.0  15:22   61.0  06:51    0.0   11.6   0.00    1.3   11.0  17:22    191
 26   74.8   93.0  15:49   58.0  06:50    0.0    9.8   0.00    0.6    9.0  17:29      2
 27   74.9   95.0  16:58   57.0  07:09    0.0    9.9   0.00    0.7    9.0  15:18    295
 28   82.7   99.0  16:22   70.0  01:52    0.0   17.7   0.00    1.5   12.0  05:42    121
 29   82.2  101.0  16:25   68.0  03:23    0.0   17.2   0.00    1.6   10.0  11:24    106
 30   74.1   94.0  17:21   57.0  07:06    0.0    9.1   0.00    1.3   11.0  17:21    341
 31   74.3   99.0  17:10   54.0  07:19    0.0    9.3   0.00    0.3    6.0  14:40    300
---------------------------------------------------------------------------------------
      76.8  104.0     09   51.0     03    0.0  363.4   0.00    1.2   22.0     01    322
    
Updated: 12/05/2017 02:40:00 AM