Northwest Meridian, Idaho

43° 38.92' N | 116° 25.01' W | 2569 feet | Show on map

Climate Summary for July 2013

Last Updated 04/07/2018

Station:LaCrosse WS-2316
Software:WeeWX
Weewx uptime:NA
Server uptime:NA

                   MONTHLY CLIMATOLOGICAL SUMMARY FOR Jul 2013


NAME: Northwest Meridian, Idaho                  
ELEV: 2569 feet    LAT: 43-38.92 N    LONG: 116-25.01 W


                   TEMPERATURE (°F), RAIN (in), WIND SPEED (mph)

                                         HEAT   COOL         AVG
      MEAN                               DEG    DEG          WIND                   DOM
DAY   TEMP   HIGH   TIME    LOW   TIME   DAYS   DAYS   RAIN  SPEED   HIGH   TIME    DIR
---------------------------------------------------------------------------------------
 01   91.2  112.0  16:59   72.0  07:20    0.0   26.2   0.00    2.2   10.0  09:40      6
 02   90.2  107.0  16:04   73.0  07:21    0.0   25.2   0.00    1.3   11.0  01:40    219
 03   86.5  100.0  17:11   76.0  07:01    0.0   21.5   0.00    2.2   14.0  01:55    222
 04   79.6   97.0  16:13   65.0  06:12    0.0   14.6   0.00    2.1   13.0  16:33    318
 05   77.1   96.0  18:16   58.0  06:14    0.0   12.1   0.00    2.0   22.0  16:33    309
 06   73.9   96.0  17:58   55.0  06:05    0.0    8.9   0.00    1.4   11.0  17:18    320
 07   79.3  104.0  18:57   57.0  05:56    0.0   14.3   0.00    0.9    8.0  19:52    346
 08   80.7  102.0  18:14   60.0  06:07    0.0   15.7   0.00    1.3   11.0  14:07    344
 09   81.1  105.0  17:55   57.0  06:01    0.0   16.1   0.00    1.2   22.0  09:05    302
 10   83.8  108.0  18:52   62.0  05:46    0.0   18.8   0.00    0.7    7.0  13:44    347
 11   77.4   96.0  17:30   67.0  07:20    0.0   12.4   0.00    2.0   19.0  21:00    122
 12   78.0  103.0  18:53   57.0  06:08    0.0   13.0   0.00    1.3   12.0  22:54    340
 13   73.8   91.0  17:06   56.0  05:45    0.0    8.8   0.00    2.3   15.0  18:26    322
 14   76.7  101.0  18:34   53.0  06:11    0.0   11.7   0.00    0.8   10.0  16:34    333
 15   80.7  104.0  18:22   58.0  06:03    0.0   15.7   0.00    1.0   10.0  18:22    295
 16   81.4  105.0  17:04   62.0  05:13    0.0   16.4   0.00    1.5   21.0  20:56    149
 17   84.4  102.0  18:29   68.0  06:34    0.0   19.4   0.00    2.0   11.0  16:00    339
 18   81.4  104.0  16:59   58.0  06:04    0.0   16.4   0.00    1.0   10.0  13:15    292
 19   81.8  108.0  17:20   57.0  06:17    0.0   16.8   0.00    1.0   11.0  18:01    267
 20   82.9  104.0  18:01   61.0  06:29    0.0   17.9   0.00    1.5   11.0  16:11    308
 21   80.9  104.0  20:11   57.0  06:41    0.0   15.9   0.00    1.2   11.0  16:02      1
 22   79.4  101.0  17:52   55.0  06:43    0.0   14.4   0.00    1.6   12.0  16:19    347
 23   78.5  102.0  17:11   55.0  06:45    0.0   13.5   0.00    0.8    8.0  16:31    321
 24   80.3  101.0  18:07   63.0  05:40    0.0   15.3   0.00    0.4   10.0  18:17    253
 25   82.9  103.0  16:46   63.0  06:05    0.0   17.9   0.00    1.3   11.0  15:56    318
 26   81.5  104.0  15:59   61.0  06:27    0.0   16.5   0.00    0.8   14.0  11:59    312
 27   83.6  100.0  17:57   70.0  06:24    0.0   18.6   0.00    1.5   11.0  13:47    334
 28   76.2   97.0  17:39   56.0  06:50    0.0   11.2   0.00    1.1   11.0  16:29    344
 29   74.4   94.0  16:11   53.0  06:56    0.0    9.4   0.00    1.5   11.0  17:11    347
 30   78.0   98.0  16:44   58.0  05:59    0.0   13.0   0.00    1.3   11.0  16:14    352
 31   77.3   97.0  17:13   57.0  06:15    0.0   12.3   0.00    1.4   11.0  18:34    318
---------------------------------------------------------------------------------------
      80.5  112.0     01   53.0     14    0.0  480.0   0.00    1.4   22.0     05    325
    
Updated: 12/05/2017 02:40:00 AM