Northwest Meridian, Idaho

43° 38.92' N | 116° 25.01' W | 2569 feet | Show on map

Climate Summary for June 2013

Last Updated 04/07/2018

Station:LaCrosse WS-2316
Software:WeeWX
Weewx uptime:NA
Server uptime:NA

                   MONTHLY CLIMATOLOGICAL SUMMARY FOR Jun 2013


NAME: Northwest Meridian, Idaho                  
ELEV: 2569 feet    LAT: 43-38.92 N    LONG: 116-25.01 W


                   TEMPERATURE (°F), RAIN (in), WIND SPEED (mph)

                                         HEAT   COOL         AVG
      MEAN                               DEG    DEG          WIND                   DOM
DAY   TEMP   HIGH   TIME    LOW   TIME   DAYS   DAYS   RAIN  SPEED   HIGH   TIME    DIR
---------------------------------------------------------------------------------------
 01   66.4   86.0  17:18   44.0  06:25    0.0    1.4   0.00    0.8    9.0  12:18    136
 02   65.4   78.0  15:06   49.0  06:10    0.0    0.4   0.00    4.5   23.0  17:16    333
 03   70.1   83.0  20:18   47.8  06:56    0.0    5.1   0.00    2.9   15.0  14:50    315
 04   67.5   85.0  17:40   50.0  06:09    0.0    2.5   0.00    1.6   13.0  13:40    289
 05   72.2   92.0  20:01   50.0  05:24    0.0    7.2   0.00    1.3   11.0  17:30    345
 06   78.0   97.0  17:00   55.0  05:38    0.0   13.0   0.00    1.2   10.0  18:20    342
 07   77.4   95.0  16:48   60.0  06:16    0.0   12.4   0.00    3.4   14.0  19:14    331
 08   75.1   92.0  18:16   58.0  05:37    0.0   10.1   0.00    2.8   13.0  10:17    315
 09   77.3   98.0  18:19   55.0  06:09    0.0   12.3   0.00    1.5   11.0  16:29    356
 10   74.9   92.0  15:50   58.0  06:39    0.0    9.9   0.00    3.3   14.0  17:31    305
 11   74.2   93.0  17:48   59.0  05:08    0.0    9.2   0.00    1.5   11.0  14:57    327
 12   65.3   84.0  16:28   50.0  06:11    0.0    0.3   0.00    3.7   22.0  21:23    320
 13   63.7   75.0  16:02   53.0  07:11    1.3    0.0   0.00    4.0   18.0  00:26    300
 14   61.7   78.0  17:25   46.0  06:23    3.3    0.0   0.00    1.2    9.0  18:15    316
 15   67.1   92.0  17:17   44.0  05:16    0.0    2.1   0.00    1.2   10.0  16:02    336
 16   73.1   98.0  17:01   49.0  06:08    0.0    8.1   0.00    0.4    6.0  17:01    311
 17   76.9   99.0  17:17   55.0  05:44    0.0   11.9   0.00    1.2    9.0  12:41      5
 18   73.3   90.0  16:34   57.0  06:14    0.0    8.3   0.00    3.1   22.0  18:51    339
 19   56.6   69.0  00:09   47.0  00:00    8.4    0.0   0.23    3.3   14.0  17:58    310
 20   60.2   80.0  18:55   44.0  04:23    4.8    0.0   0.00    1.0   10.0  20:48    336
 21   60.9   72.0  13:57   50.0  06:57    4.1    0.0   0.00    3.5   18.0  15:07    318
 22   62.4   81.1  19:56   44.4  06:56    2.6    0.0   0.00    0.8    7.4  12:56    319
 23   72.0   88.2  15:56   49.3  06:56    0.0    7.0   0.00    1.4   10.0  23:05    252
 24   66.4   77.0  12:56   56.0  06:26    0.0    1.4   0.10    1.3   10.0  13:27    141
 25   63.9   72.0  11:59   57.0  06:08    1.1    0.0   0.17    1.5   12.0  12:49    145
 26   73.3   96.0  17:24   59.0  05:55    0.0    8.3   0.02    0.7    9.0  18:14    331
 27   78.1  100.0  19:13   58.0  05:49    0.0   13.1   0.00    1.2    9.4  19:56    341
 28   79.3  104.5  19:56   60.0  05:47    0.0   14.3   0.00    1.1    8.1  14:56    280
 29   86.0  107.0  17:53   68.0  05:22    0.0   21.0   0.00    1.9   13.0  08:53    324
 30   83.8  106.5  19:56   67.0  05:58    0.0   18.8   0.00    1.2    8.0  02:27    277
---------------------------------------------------------------------------------------
      70.9  107.0     29   44.0     01   25.6  197.9   0.52    2.0   23.0     02    321
    
Updated: 12/05/2017 02:40:00 AM