Northwest Meridian, Idaho

43° 38.92' N | 116° 25.01' W | 2569 feet | Show on map

Climate Summary for April 2013

Last Updated 04/07/2018

Station:LaCrosse WS-2316
Software:WeeWX
Weewx uptime:NA
Server uptime:NA

                   MONTHLY CLIMATOLOGICAL SUMMARY FOR Apr 2013


NAME: Northwest Meridian, Idaho                  
ELEV: 2569 feet    LAT: 43-38.92 N    LONG: 116-25.01 W


                   TEMPERATURE (°F), RAIN (in), WIND SPEED (mph)

                                         HEAT   COOL         AVG
      MEAN                               DEG    DEG          WIND                   DOM
DAY   TEMP   HIGH   TIME    LOW   TIME   DAYS   DAYS   RAIN  SPEED   HIGH   TIME    DIR
---------------------------------------------------------------------------------------
 01   57.6   71.0  17:10   44.0  07:07    7.4    0.0   0.00    2.2   12.0  12:12    323
 02   57.1   72.0  17:33   43.0  07:52    7.9    0.0   0.00    3.0   20.0  10:52    314
 03   57.8   76.0  17:34   40.0  05:29    7.2    0.0   0.00    1.1   11.0  14:34    338
 04   57.6   72.0  18:17   48.0  03:56    7.4    0.0   0.04    1.7   13.0  13:57     37
 05   57.0   69.0  16:19   48.0  06:57    8.0    0.0   0.06    1.9   16.0  12:59    270
 06   52.8   60.0  16:57   47.0  07:44   12.2    0.0   0.00    2.6   16.0  14:47    154
 07   50.1   61.0  17:04   43.0  23:55   14.9    0.0   0.22    3.8   22.0  11:44    210
 08   44.5   55.0  16:08   34.0  03:46   20.5    0.0   0.00   12.2   36.0  17:18    331
 09   48.6   61.0  16:06   37.0  07:10   16.4    0.0   0.00   12.3   25.0  16:46    323
 10   52.7   71.0  17:37   34.0  07:34   12.3    0.0   0.00    2.7   14.0  22:23    342
 11   48.7   60.0  16:04   37.0  07:24   16.3    0.0   0.00    6.2   19.0  13:34    319
 12   49.3   69.0  16:25   31.0  06:45   15.7    0.0   0.00    1.4   11.0  23:46    136
 13   49.9   57.0  04:35   38.0  23:30   15.1    0.0   0.02    9.0   29.0  13:30    327
 14   40.4   52.0  15:45   27.0  06:24   24.6    0.0   0.00    1.6   11.0  10:24    322
 15   40.6   53.0  15:16   27.0  07:06   24.4    0.0   0.00    4.3   20.0  18:17    327
 16   43.1   54.0  15:25   35.0  08:14   21.9    0.0   0.00    8.0   26.0  16:05    320
 17   42.1   55.0  17:35   29.0  05:16   22.9    0.0   0.00    8.1   22.0  13:37    331
 18   44.5   58.0  16:18   26.0  07:16   20.5    0.0   0.00    3.4   21.0  14:25    334
 19   48.7   58.0  19:20   42.0  03:08   16.3    0.0   0.23    1.1   14.0  20:30    196
 20   52.7   65.0  17:21   44.0  07:30   12.3    0.0   0.00    3.8   20.0  12:21    322
 21   51.3   69.0  17:23   35.0  06:12   13.7    0.0   0.00    2.8   14.0  14:23    344
 22   48.1   57.0  16:18   40.0  04:27   16.9    0.0   0.00    9.9   23.0  12:58    326
 23   44.3   60.0  15:45   26.0  06:44   20.7    0.0   0.00    1.6   10.0  12:45    288
 24   51.1   71.0  17:50   28.0  07:00   13.9    0.0   0.00    0.9    9.0  12:00    242
 25   54.1   72.0  16:22   34.0  05:31   10.9    0.0   0.00    1.7   13.0  17:22    334
 26   59.8   78.0  15:57   38.0  06:37    5.2    0.0   0.00    2.1   16.0  13:47    337
 27   62.6   81.0  18:29   43.0  06:33    2.4    0.0   0.00    1.0   11.0  15:59    344
 28   61.1   73.0  17:04   51.0  06:43    3.9    0.0   0.00    3.6   16.0  11:43    327
 29   55.9   71.0  15:15   43.0  05:34    9.1    0.0   0.00    5.2   24.0  15:15    327
 30   45.3   55.0  15:04   35.0  06:06   19.7    0.0   0.00    7.6   22.0  17:04    320
---------------------------------------------------------------------------------------
      50.8   81.0     27   26.0     18  420.6    0.0   0.57    4.2   36.0     08    325
    
Updated: 12/05/2017 02:40:00 AM