Northwest Meridian, Idaho

43° 38.92' N | 116° 25.01' W | 2569 feet | Show on map

Climate Summary for March 2013

Last Updated 04/07/2018

Station:LaCrosse WS-2316
Software:WeeWX
Weewx uptime:NA
Server uptime:NA

                   MONTHLY CLIMATOLOGICAL SUMMARY FOR Mar 2013


NAME: Northwest Meridian, Idaho                  
ELEV: 2569 feet    LAT: 43-38.92 N    LONG: 116-25.01 W


                   TEMPERATURE (°F), RAIN (in), WIND SPEED (mph)

                                         HEAT   COOL         AVG
      MEAN                               DEG    DEG          WIND                   DOM
DAY   TEMP   HIGH   TIME    LOW   TIME   DAYS   DAYS   RAIN  SPEED   HIGH   TIME    DIR
---------------------------------------------------------------------------------------
 01   40.7   55.0  16:24   35.0  23:06   24.3    0.0   0.00    0.6    7.0  16:35    290
 02   44.3   63.0  15:30   31.0  07:10   20.7    0.0   0.00    1.3   22.0  12:20     58
 03   41.2   48.0  14:04   29.0  23:18   23.8    0.0   0.02    5.0   20.0  15:35    334
 04   35.2   53.0  16:09   20.0  07:08   29.8    0.0   0.00    2.3   22.0  23:41    145
 05   41.2   56.0  16:02   29.0  05:41   23.8    0.0   0.00    9.6   23.0  14:02    143
 06   45.1   59.0  11:55   35.0  23:42   19.9    0.0   0.02    4.6   24.0  16:17    204
 07   39.7   56.0  14:37   24.0  06:43   25.3    0.0   0.00    0.7    8.0  13:47    274
 08   39.2   54.0  16:11   26.0  04:00   25.8    0.0   0.00    3.2   15.0  16:21    319
 09   42.0   56.0  14:42   30.0  06:48   23.0    0.0   0.00    8.2   28.0  13:42    318
 10   44.5   61.0  16:54   25.0  08:32   20.5    0.0   0.00    2.1   11.0  14:43    334
 11   48.0   61.0  15:31   37.0  07:03   17.0    0.0   0.00    3.3   19.0  12:02    331
 12   50.3   74.0  17:07   33.0  05:56   14.7    0.0   0.00    0.9   11.0  13:07    134
 13   53.8   73.0  14:53   42.0  03:17   11.2    0.0   0.00    0.7   10.0  16:43    327
 14   50.9   67.0  14:40   37.0  06:40   14.1    0.0   0.00    1.2    9.0  11:54      1
 15   51.3   66.0  15:49   41.0  06:25   13.7    0.0   0.00    2.6   15.0  14:18    321
 16   46.4   62.0  16:08   31.0  06:37   18.6    0.0   0.00    1.2   18.0  20:09    304
 17   41.1   48.0  15:52   34.0  08:30   23.9    0.0   0.00    7.3   23.0  02:58    322
 18   40.4   56.0  17:50   28.0  07:00   24.6    0.0   0.00    1.4   16.0  13:33    316
 19   43.1   63.0  17:32   24.0  06:57   21.9    0.0   0.00    3.6   15.0  16:12    141
 20   51.5   62.0  14:14   42.0  23:51   13.5    0.0   0.16    7.5   24.0  18:47    140
 21   39.8   47.0  17:07   33.0  08:14   25.2    0.0   0.00    4.8   17.0  10:45    313
 22   35.1   44.0  17:37   29.0  07:33   29.9    0.0   0.00    5.2   21.0  12:56    328
 23   32.5   45.0  17:00   20.0  07:52   32.5    0.0   0.00    2.2   13.0  13:09    309
 24   35.7   56.0  17:21   18.0  07:39   29.3    0.0   0.00    0.9    8.0  13:20    139
 25   44.1   59.0  18:04   31.0  03:59   20.9    0.0   0.00    5.5   17.0  12:52    142
 26   48.6   65.0  18:10   41.0  03:38   16.4    0.0   0.00    0.7    9.0  15:58     73
 27   50.9   69.0  16:43   35.0  03:02   14.1    0.0   0.00    1.6   12.0  13:13    158
 28   53.5   69.0  15:01   39.0  06:44   11.5    0.0   0.00    0.8    8.0  12:41     85
 29   56.6   70.0  16:10   44.0  07:27    8.4    0.0   0.00    1.8   13.0  14:50    345
 30   51.9   69.0  15:38   36.0  06:42   13.1    0.0   0.00    1.4   11.0  14:27    317
 31   53.6   75.0  17:06   33.0  07:29   11.4    0.0   0.00    1.0   11.0  18:16    328
---------------------------------------------------------------------------------------
      44.6   75.0     31   18.0     24  622.8    0.0   0.20    3.1   28.0     09    317
    
Updated: 12/05/2017 02:40:00 AM