Northwest Meridian, Idaho

43° 38.92' N | 116° 25.01' W | 2569 feet | Show on map

Climate Summary for February 2013

Last Updated 04/07/2018

Station:LaCrosse WS-2316
Software:WeeWX
Weewx uptime:NA
Server uptime:NA

                   MONTHLY CLIMATOLOGICAL SUMMARY FOR Feb 2013


NAME: Northwest Meridian, Idaho                  
ELEV: 2569 feet    LAT: 43-38.92 N    LONG: 116-25.01 W


                   TEMPERATURE (°F), RAIN (in), WIND SPEED (mph)

                                         HEAT   COOL         AVG
      MEAN                               DEG    DEG          WIND                   DOM
DAY   TEMP   HIGH   TIME    LOW   TIME   DAYS   DAYS   RAIN  SPEED   HIGH   TIME    DIR
---------------------------------------------------------------------------------------
 01   32.2   42.0  16:02   26.0  07:36   32.8    0.0   0.00    0.1    4.0  14:31    286
 02   31.1   40.0  15:41   25.0  08:14   33.9    0.0   0.00    0.7    7.0  17:35    301
 03   32.0   37.0  12:18   28.0  08:13   33.0    0.0   0.00    0.2    5.1  12:57    305
 04   32.6   37.0  14:25   31.0  03:18   32.4    0.0   0.00    0.2    4.0  14:36    337
 05   33.8   39.0  16:36   31.0  07:48   31.2    0.0   0.00    0.6    8.0  13:33    317
 06   34.6   47.0  15:36   28.0  22:02   30.4    0.0   0.00    0.4    7.0  00:14    334
 07   37.3   49.0  16:58   29.0  00:01   27.7    0.0   0.00    1.6   11.0  07:29    161
 08   35.5   44.0  14:06   29.0  07:40   29.5    0.0   0.08    7.2   28.0  15:56    326
 09   36.3   43.0  14:21   31.0  03:55   28.7    0.0   0.00   12.5   31.0  09:41    317
 10   36.0   46.0  15:25   29.0  23:19   29.0    0.0   0.00    6.5   20.0  15:25    325
 11   31.1   44.0  16:22   19.0  07:15   33.9    0.0   0.00    1.2   12.0  14:30    329
 12   34.4   47.0  15:36   24.0  02:18   30.6    0.0   0.00    0.9   10.0  14:25    345
 13   40.3   53.0  14:37   30.0  04:23   24.7    0.0   0.00    1.8   14.0  15:28    324
 14   38.2   49.0  14:35   28.0  07:53   26.8    0.0   0.00    1.9   13.0  15:15    322
 15   40.1   57.0  17:10   26.0  07:26   24.9    0.0   0.00    0.3    9.0  12:22    295
 16   40.8   61.0  15:32   24.0  07:21   24.2    0.0   0.00    2.2   20.0  22:22    115
 17   36.2   46.0  14:56   26.0  23:53   28.8    0.0   0.00    2.7   19.0  16:16    319
 18   35.1   49.0  13:47   22.0  03:05   29.9    0.0   0.00    3.8   21.0  12:57    138
 19   37.0   42.0  11:37   31.0  23:00   28.0    0.0   0.00    4.0   16.0  02:54    182
 20   34.0   45.0  15:02   26.0  07:32   31.0    0.0   0.00    5.9   21.0  11:36    316
 21   33.4   43.0  13:23   22.0  07:37   31.6    0.0   0.00    1.9   13.0  12:32    325
 22   37.9   49.0  14:00   30.0  01:12   27.1    0.0   0.19    2.2   12.0  20:34    135
 23   35.8   42.0  15:15   31.0  06:58   29.2    0.0   0.19    5.9   21.0  15:55    318
 24   34.0   47.0  16:52   25.0  08:01   31.0    0.0   0.02    2.1   14.0  11:12    321
 25   31.8   42.1  14:57   26.0  01:19   33.2    0.0   0.00    2.9   11.0  07:29    141
 26   33.4   44.0  16:58   21.7  07:57   31.6    0.0   0.04    0.8    7.6  13:57    355
 27   36.1   52.0  15:12   23.0  07:51   28.9    0.0   0.00    1.3   11.0  15:22    135
 28   39.5   50.0  12:34   31.0  02:33   25.5    0.0   0.06    1.0    8.0  12:54    132
---------------------------------------------------------------------------------------
      35.4   61.0     16   19.0     11  829.7    0.0   0.58    2.7   31.0     09    320
    
Updated: 12/05/2017 02:40:00 AM